{"id":6896,"date":"2019-11-26T11:29:24","date_gmt":"2019-11-26T10:29:24","guid":{"rendered":"http:\/\/www.salon-zenetbio.com\/angers\/?page_id=6896"},"modified":"2019-11-26T11:29:24","modified_gmt":"2019-11-26T10:29:24","slug":"conferences-experts-2019","status":"publish","type":"page","link":"http:\/\/www.salon-zenetbio.com\/angers\/conferences-experts-2019\/","title":{"rendered":"Conf\u00e9rences experts 2019"},"content":{"rendered":"<h2>Vendredi 1er Mars 2019 : Sant\u00e9<\/h2>\n<h3>12:00 Stress, inflammations et maladies chroniques\u00a0: de nouvelles solutions avec le nerf vague &#8211; Jean-Marie Defossez<\/h3>\n<p><span style=\"color: #000000;\">Le nerf vague assure la connexion entre votre cerveau et l\u2019ensemble de vos organes vitaux. Les recherches r\u00e9centes r\u00e9v\u00e8lent que ce nerf est essentiel dans le\u00a0contr\u00f4le de capacit\u00e9s de r\u00e9paration et de gu\u00e9rison du corps. Prendre soin de votre nerf vague revient donc \u00e0 prendre soin de votre corps entier. D\u00e9couvrez une approche nouvelle, naturelle et compl\u00e8te pour recouvrer et conserver la sant\u00e9.<\/span><\/p>\n<p><img decoding=\"async\" class=\"size-thumbnail wp-image-6305 alignleft\" src=\"https:\/\/www.salon-zenetbio.com\/angers\/wp-content\/uploads\/sites\/8\/2019\/01\/Jean-Marie-Defossez-150x150.jpeg\" alt=\"\" width=\"150\" height=\"150\" srcset=\"http:\/\/www.salon-zenetbio.com\/angers\/wp-content\/uploads\/sites\/8\/2019\/01\/Jean-Marie-Defossez-150x150.jpeg 150w, http:\/\/www.salon-zenetbio.com\/angers\/wp-content\/uploads\/sites\/8\/2019\/01\/Jean-Marie-Defossez-45x45.jpeg 45w\" sizes=\"(max-width: 150px) 100vw, 150px\" \/><span style=\"color: #808080; font-size: 12pt;\"><strong><em><br \/>\nJean-Marie Defossez<\/em><\/strong><em> est physiologiste, docteur en biologie animale, sp\u00e9cialis\u00e9 dans la gestion des stress. Conf\u00e9rencier, auteur et formateur, il est l\u2019initiateur de la coach-respiration, une technique de gestion des stress bas\u00e9e sur l\u2019approche scientifique des liens entre respiration et sant\u00e9.<\/em><\/span><\/p>\n<p>&nbsp;<\/p>\n<h3><\/h3>\n<h3>15:30 Comment \u00e9liminer l\u2019\u00e9tat inflammatoire chronique bas, responsable des maladies d\u00e9g\u00e9n\u00e9ratives\u00a0? France Guillain<\/h3>\n<p><span style=\"color: #000000;\">Depuis 2008 la Recherche internationale s\u2019inqui\u00e8te de la multiplication de l\u2019ensemble des maladies d\u00e9g\u00e9n\u00e9ratives li\u00e9es \u00e0 l\u2019\u00e9tat inflammatoire qui se d\u00e9tecte \u00e0 la temp\u00e9rature interne moyenne qui doit \u00eatre de 36\u00b06, alors qu\u2019elle est pass\u00e9e \u00e0 37\u00b02 chez tous les occidentalis\u00e9s de tous pays. Les causes en sont diverses : alimentation, mode vestimentaire, s\u00e9dentarit\u00e9, stress, etc. Il existe pourtant des moyens simples, ancestraux et naturels pour l\u2019\u00e9liminer.<\/span><\/p>\n<p><img decoding=\"async\" class=\"size-thumbnail wp-image-6306 alignleft\" src=\"https:\/\/www.salon-zenetbio.com\/angers\/wp-content\/uploads\/sites\/8\/2019\/01\/France-Guillain-150x150.jpeg\" alt=\"\" width=\"150\" height=\"150\" srcset=\"http:\/\/www.salon-zenetbio.com\/angers\/wp-content\/uploads\/sites\/8\/2019\/01\/France-Guillain-150x150.jpeg 150w, http:\/\/www.salon-zenetbio.com\/angers\/wp-content\/uploads\/sites\/8\/2019\/01\/France-Guillain-45x45.jpeg 45w\" sizes=\"(max-width: 150px) 100vw, 150px\" \/><br \/>\n<span style=\"color: #808080; font-size: 12pt;\"><strong><em>France Guillain<\/em><\/strong><em> travaille sur la sant\u00e9 depuis plus de trente ans. Ancienne navigatrice autour du monde, auteure de nombreux long-sellers, de \u00ab\u00a0Bonheur sur la Mer\u00a0\u00bb aux \u00e9ditions R. Laffont, et de nombreux ouvrages, articles de presse et conf\u00e9rences sur le Bain d\u00e9rivatif et sur l\u2019alimentation, titulaire entre autres d\u2019un D.E. de di\u00e9t\u00e9tique, elle participe r\u00e9guli\u00e8rement \u00e0 de nombreuses \u00e9missions t\u00e9l\u00e9 et radio, sans oublier son billet d\u2019humeur sur l\u2019\u00c9colomag. <a href=\"http:\/\/www.bainsderivatifs.fr\"><strong>www.bainsderivatifs.fr<\/strong><\/a><\/em><\/span><\/p>\n<h2><\/h2>\n<h2>Samedi 2 Mars 2019 : D\u00e9veloppement personnel<\/h2>\n<h3>12:00 C\u2019est d\u00e9cid\u00e9, je m\u2019\u00e9pouse\u00a0! Nathalie Lef\u00e8vre<\/h3>\n<p>Nous passons une grande partie de notre existence \u00e0 nous faire des reproches et \u00e0 chercher dans le regard de l\u2019autre une reconnaissance que nous sommes seuls capables de nous donner. Et si nous cessions enfin de nous g\u00e2cher la vie avec nos critiques int\u00e9rieures et faisions d\u00e9finitivement la paix avec nous-m\u00eame en acceptant pleinement ce que nous sommes, sans concession ?\u2028Sur le mod\u00e8le de l\u2019engagement amoureux, nous engager aupr\u00e8s de nous. Comment nous apprivoiser, nous accepter et nous aimer\u2026 pour le meilleur et pour le pire !<\/p>\n<p><img decoding=\"async\" class=\"size-thumbnail wp-image-6307 alignleft\" src=\"https:\/\/www.salon-zenetbio.com\/angers\/wp-content\/uploads\/sites\/8\/2019\/01\/Nathalie-Lefe\u0300vre-150x150.jpg\" alt=\"\" width=\"150\" height=\"150\" srcset=\"http:\/\/www.salon-zenetbio.com\/angers\/wp-content\/uploads\/sites\/8\/2019\/01\/Nathalie-Lefe\u0300vre-150x150.jpg 150w, http:\/\/www.salon-zenetbio.com\/angers\/wp-content\/uploads\/sites\/8\/2019\/01\/Nathalie-Lefe\u0300vre-45x45.jpg 45w\" sizes=\"(max-width: 150px) 100vw, 150px\" \/><span style=\"color: #808080; font-size: 12pt;\"><strong><em><br \/>\nNathalie Lef\u00e8vre<\/em><\/strong><em> est journaliste. Elle dirige l\u2019antenne de Radio M\u00e9decine Douce depuis 8 ans.\u00a0 Elle est la cr\u00e9atrice des soir\u00e9es \u00ab\u00a0Sens et Exp\u00e9rience\u00a0\u00bb o\u00f9 le public est invit\u00e9 \u00e0 exp\u00e9rimenter des outils th\u00e9rapeutiques dans la cadre d\u2019un spectacle vivant. Elle anime des conf\u00e9rences autour du th\u00e8me \u00ab\u00a0C\u2019est d\u00e9cid\u00e9 je m\u2019\u00e9pouse\u00a0\u00bb (marque d\u00e9pos\u00e9e depuis 1 an), dans lesquelles elle transmet des outils concrets pour commencer \u00e0 faire vivre une relation harmonieuse avec soi-m\u00eame.<\/em><\/span><\/p>\n<h3><\/h3>\n<h3>15h30 Lib\u00e9rer son potentiel avec les constellations familiales et syst\u00e9miques &#8211; Muriel Gay<\/h3>\n<p><span style=\"color: #000000;\">Quelle est l\u2019origine des constellations\u00a0? Comment les mettre en place\u00a0? Nombre de nos comportements sont li\u00e9s \u00e0 des deuils, des ruptures et des exclusions survenus dans nos lign\u00e9es et qui r\u00e9sonnent encore. Muriel Gay nous fera aussi faire le lien entre un \u00e9v\u00e9nement familial non dig\u00e9r\u00e9 et le sympt\u00f4me ou la maladie d\u2019un descendant. Nous avons tous besoin d\u2019int\u00e9grer nos racines pour prendre notre place et d\u00e9plier nos ailes. Le monde actuel en a tant besoin.<\/span><\/p>\n<p><img loading=\"lazy\" decoding=\"async\" class=\"size-thumbnail wp-image-6308 alignleft\" src=\"https:\/\/www.salon-zenetbio.com\/angers\/wp-content\/uploads\/sites\/8\/2019\/01\/Muriel-Gay-150x150.jpg\" alt=\"\" width=\"150\" height=\"150\" srcset=\"http:\/\/www.salon-zenetbio.com\/angers\/wp-content\/uploads\/sites\/8\/2019\/01\/Muriel-Gay-150x150.jpg 150w, http:\/\/www.salon-zenetbio.com\/angers\/wp-content\/uploads\/sites\/8\/2019\/01\/Muriel-Gay-45x45.jpg 45w\" sizes=\"(max-width: 150px) 100vw, 150px\" \/><\/p>\n<p><strong style=\"font-size: 12pt; color: #808080;\"><em><br \/>\nMuriel Gay<\/em><\/strong><em style=\"font-size: 12pt; color: #808080;\"> est sophro-analyste, conf\u00e9renci\u00e8re, elle propose des ateliers et consultations pour reprendre confiance en soi. Elle est sp\u00e9cialis\u00e9e en constellations familiales et form\u00e9e aux mandalas th\u00e9rapeutiques. <a href=\"http:\/\/www.famille-cle.com\"><strong>www.famille-cle.com<\/strong><\/a><\/em><\/p>\n<h2><\/h2>\n<h2><\/h2>\n<h2><\/h2>\n<h2>Dimanche 3 Mars 2019 : Alimentation &#8211; Une alimentation consciente<\/h2>\n<h3>12:00 Individualiser l\u2019alimentation\u00a0: une n\u00e9cessit\u00e9 &#8211; Gabriella Tamas<\/h3>\n<p><span style=\"color: #000000;\">Nous sommes uniques. L\u2019alimentation, pour un bien-\u00eatre optimal, doit l&rsquo;\u00eatre tout autant. L&rsquo;individualisation reconnue depuis toujours dans les m\u00e9decines orientales peine \u00e0 trouver sa place dans la culture alimentaire occidentale r\u00e9gie par la science et le nutritionnisme, l&rsquo;id\u00e9ologie o\u00f9 l&rsquo;aliment est r\u00e9duit \u00e0 la valeur de ses seuls composants. Une vision holistique de l&rsquo;alimentation prend en compte le profil, l&rsquo;histoire, et l&rsquo;\u00e9tat organique du moment de l&rsquo;individu. Une vision large, sans \u0153ill\u00e8res, pour aider \u00e0 mieux s&rsquo;\u00e9couter, \u00eatre proche de ses sensations qui guident clairement vers l&rsquo;alimentation qui apportera \u00e9nergie, bonne humeur et satisfaction.\u00a0<\/span><\/p>\n<p><em><img loading=\"lazy\" decoding=\"async\" class=\"wp-image-6309 alignleft\" src=\"https:\/\/www.salon-zenetbio.com\/angers\/wp-content\/uploads\/sites\/8\/2019\/01\/Gabriella-Tamas-150x150.jpg\" alt=\"\" width=\"197\" height=\"229\" srcset=\"http:\/\/www.salon-zenetbio.com\/angers\/wp-content\/uploads\/sites\/8\/2019\/01\/Gabriella-Tamas-259x300.jpg 259w, http:\/\/www.salon-zenetbio.com\/angers\/wp-content\/uploads\/sites\/8\/2019\/01\/Gabriella-Tamas-768x891.jpg 768w, http:\/\/www.salon-zenetbio.com\/angers\/wp-content\/uploads\/sites\/8\/2019\/01\/Gabriella-Tamas-883x1024.jpg 883w, http:\/\/www.salon-zenetbio.com\/angers\/wp-content\/uploads\/sites\/8\/2019\/01\/Gabriella-Tamas.jpg 1600w\" sizes=\"(max-width: 197px) 100vw, 197px\" \/><\/em><\/p>\n<p><span style=\"color: #808080; font-size: 12pt;\"><strong><em><br \/>\nGabriella Tamas<\/em><\/strong><em>\u00a0est th\u00e9rapeute alimentaire et formatrice. Motiv\u00e9e par un parcours professionnel dans l&rsquo;alimentation sant\u00e9 et la naturopathie et par ses recherches pour trouver l&rsquo;alimentation \u00ab\u00a0id\u00e9ale\u00a0\u00bb,\u00a0elle a \u00e9labor\u00e9 une approche singuli\u00e8re de l&rsquo;alimentation alliant le profilage alimentaire selon Taty Lauwers \u00e0 la gestion des \u00e9motions et la pleine conscience pour aider \u00e0 trouver la fa\u00e7on unique de se nourrir.\u00a0 Elle transmet son approche de l&rsquo;Alimentation Int\u00e9grative avec passion et enthousiasme tant lors de consultations individuelles que de s\u00e9minaires pour les professionnels. <a href=\"http:\/\/www.alimentation-integrative.fr\"><strong>www.alimentation-integrative.fr<\/strong><\/a><\/em><\/span><\/p>\n<h3><\/h3>\n<p>&nbsp;<\/p>\n<h3>15:30 Moins de viande: vers une transition au profit de notre sant\u00e9, du monde vivant et de l\u2019environnement &#8211; Dr Jean-Paul Curtay<\/h3>\n<p><span style=\"color: #000000;\">La viande low-cost, banalis\u00e9e au quotidien, a fait son temps. Les \u00e9tudes sont formelles\u00a0: notre consommation actuelle de viande est intenable sur la dur\u00e9e, dommageable pour notre sant\u00e9, pour l\u2019environnement et pour le bien-\u00eatre animal. La consommation de viande, l\u2019aliment le plus inflammatoire de notre assiette, augmente les risques de surpoids, de diab\u00e8te, de maladies cardiovasculaires, de cancers et de maladie d\u2019Alzheimer\u2026 Une viande de qualit\u00e9, d&rsquo;animaux \u00e9lev\u00e9s en plein air, peut, si on le\u00a0veut, garder une place festive dans le cadre d&rsquo;un r\u00e9gime \u00ab\u00a0flexitarien\u00a0\u00bb et elle reste int\u00e9ressante pour les personnes qui ont\u00a0besoin de fer : enfants et adolescents en forte croissance, femmes enceintes.<\/span><\/p>\n<p><img loading=\"lazy\" decoding=\"async\" class=\"size-thumbnail wp-image-6310 alignleft\" src=\"https:\/\/www.salon-zenetbio.com\/angers\/wp-content\/uploads\/sites\/8\/2019\/01\/Dr-Jean-Paul-Curtay-150x150.jpg\" alt=\"\" width=\"150\" height=\"150\" srcset=\"http:\/\/www.salon-zenetbio.com\/angers\/wp-content\/uploads\/sites\/8\/2019\/01\/Dr-Jean-Paul-Curtay-150x150.jpg 150w, http:\/\/www.salon-zenetbio.com\/angers\/wp-content\/uploads\/sites\/8\/2019\/01\/Dr-Jean-Paul-Curtay-45x45.jpg 45w\" sizes=\"(max-width: 150px) 100vw, 150px\" \/><\/p>\n<p><span style=\"font-size: 12pt; color: #808080;\"><em><br \/>\nPionnier de la nutrith\u00e9rapie, le Dr\u00a0<strong>Jean-Paul Curtay<\/strong>\u00a0a termin\u00e9 ses \u00e9tudes de m\u00e9decine \u00e0 l&rsquo;universit\u00e9 de Californie, o\u00f9 il a d\u00e9couvert l&rsquo;importance des relations entre alimentation et sant\u00e9. Il a cr\u00e9\u00e9 la premi\u00e8re consultation de nutrith\u00e9rapie en France et \u00ab\u00a0Le Parcours Okinawa\u00a0\u00bb, synth\u00e8se de ses recherches, sous forme d\u2019un programme vid\u00e9o global pour mieux vivre. Il est membre de l\u2019Acad\u00e9mie des Sciences de New York. <strong>wwwparcours-okinawa.fr<\/strong><\/em><\/span><\/p>\n","protected":false},"excerpt":{"rendered":"<p>Vendredi 1er Mars 2019 : Sant\u00e9 12:00 Stress, inflammations et maladies chroniques\u00a0: de nouvelles solutions avec le nerf vague &#8211; Jean-Marie Defossez Le nerf vague assure la connexion entre votre cerveau et l\u2019ensemble de vos organes vitaux. Les recherches r\u00e9centes r\u00e9v\u00e8lent que ce nerf est essentiel dans le\u00a0contr\u00f4le de capacit\u00e9s de r\u00e9paration et de gu\u00e9rison&hellip; <\/p>\n","protected":false},"author":1,"featured_media":0,"parent":0,"menu_order":0,"comment_status":"closed","ping_status":"closed","template":"","meta":{"_monsterinsights_skip_tracking":false,"_monsterinsights_sitenote_active":false,"_monsterinsights_sitenote_note":"","_monsterinsights_sitenote_category":0,"footnotes":""},"class_list":["post-6896","page","type-page","status-publish","hentry"],"yoast_head":"<!-- This site is optimized with the Yoast SEO plugin v27.5 - https:\/\/yoast.com\/product\/yoast-seo-wordpress\/ -->\n<title>Conf\u00e9rences experts 2019 - Z&amp;B Angers<\/title>\n<meta name=\"robots\" content=\"index, follow, max-snippet:-1, max-image-preview:large, max-video-preview:-1\" \/>\n<link rel=\"canonical\" href=\"https:\/\/www.salon-zenetbio.com\/angers\/conferences-experts-2019\/\" \/>\n<meta property=\"og:locale\" content=\"fr_FR\" \/>\n<meta property=\"og:type\" content=\"article\" \/>\n<meta property=\"og:title\" content=\"Conf\u00e9rences experts 2019 - Z&amp;B Angers\" \/>\n<meta property=\"og:description\" content=\"Vendredi 1er Mars 2019 : Sant\u00e9 12:00 Stress, inflammations et maladies chroniques\u00a0: de nouvelles solutions avec le nerf vague &#8211; Jean-Marie Defossez Le nerf vague assure la connexion entre votre cerveau et l\u2019ensemble de vos organes vitaux. Les recherches r\u00e9centes r\u00e9v\u00e8lent que ce nerf est essentiel dans le\u00a0contr\u00f4le de capacit\u00e9s de r\u00e9paration et de gu\u00e9rison&hellip;\" \/>\n<meta property=\"og:url\" content=\"https:\/\/www.salon-zenetbio.com\/angers\/conferences-experts-2019\/\" \/>\n<meta property=\"og:site_name\" content=\"Z&amp;B Angers\" \/>\n<meta property=\"og:image\" content=\"https:\/\/www.salon-zenetbio.com\/angers\/wp-content\/uploads\/sites\/8\/2019\/01\/Jean-Marie-Defossez-150x150.jpeg\" \/>\n<meta name=\"twitter:card\" content=\"summary_large_image\" \/>\n<meta name=\"twitter:label1\" content=\"Dur\u00e9e de lecture estim\u00e9e\" \/>\n\t<meta name=\"twitter:data1\" content=\"5 minutes\" \/>\n<script type=\"application\/ld+json\" class=\"yoast-schema-graph\">{\"@context\":\"https:\\\/\\\/schema.org\",\"@graph\":[{\"@type\":\"WebPage\",\"@id\":\"https:\\\/\\\/www.salon-zenetbio.com\\\/angers\\\/conferences-experts-2019\\\/\",\"url\":\"https:\\\/\\\/www.salon-zenetbio.com\\\/angers\\\/conferences-experts-2019\\\/\",\"name\":\"Conf\u00e9rences experts 2019 - Z&amp;B Angers\",\"isPartOf\":{\"@id\":\"https:\\\/\\\/www.salon-zenetbio.com\\\/angers\\\/#website\"},\"primaryImageOfPage\":{\"@id\":\"https:\\\/\\\/www.salon-zenetbio.com\\\/angers\\\/conferences-experts-2019\\\/#primaryimage\"},\"image\":{\"@id\":\"https:\\\/\\\/www.salon-zenetbio.com\\\/angers\\\/conferences-experts-2019\\\/#primaryimage\"},\"thumbnailUrl\":\"https:\\\/\\\/www.salon-zenetbio.com\\\/angers\\\/wp-content\\\/uploads\\\/sites\\\/8\\\/2019\\\/01\\\/Jean-Marie-Defossez-150x150.jpeg\",\"datePublished\":\"2019-11-26T10:29:24+00:00\",\"breadcrumb\":{\"@id\":\"https:\\\/\\\/www.salon-zenetbio.com\\\/angers\\\/conferences-experts-2019\\\/#breadcrumb\"},\"inLanguage\":\"fr-FR\",\"potentialAction\":[{\"@type\":\"ReadAction\",\"target\":[\"https:\\\/\\\/www.salon-zenetbio.com\\\/angers\\\/conferences-experts-2019\\\/\"]}]},{\"@type\":\"ImageObject\",\"inLanguage\":\"fr-FR\",\"@id\":\"https:\\\/\\\/www.salon-zenetbio.com\\\/angers\\\/conferences-experts-2019\\\/#primaryimage\",\"url\":\"http:\\\/\\\/www.salon-zenetbio.com\\\/angers\\\/wp-content\\\/uploads\\\/sites\\\/8\\\/2019\\\/01\\\/Jean-Marie-Defossez.jpeg\",\"contentUrl\":\"http:\\\/\\\/www.salon-zenetbio.com\\\/angers\\\/wp-content\\\/uploads\\\/sites\\\/8\\\/2019\\\/01\\\/Jean-Marie-Defossez.jpeg\",\"width\":664,\"height\":873},{\"@type\":\"BreadcrumbList\",\"@id\":\"https:\\\/\\\/www.salon-zenetbio.com\\\/angers\\\/conferences-experts-2019\\\/#breadcrumb\",\"itemListElement\":[{\"@type\":\"ListItem\",\"position\":1,\"name\":\"Accueil\",\"item\":\"https:\\\/\\\/www.salon-zenetbio.com\\\/angers\\\/\"},{\"@type\":\"ListItem\",\"position\":2,\"name\":\"Conf\u00e9rences experts 2019\"}]},{\"@type\":\"WebSite\",\"@id\":\"https:\\\/\\\/www.salon-zenetbio.com\\\/angers\\\/#website\",\"url\":\"https:\\\/\\\/www.salon-zenetbio.com\\\/angers\\\/\",\"name\":\"Z&amp;B Angers\",\"description\":\"Zen&amp;Bio Angers : votre salon \u00e9colo, bio, bien-\u00eatre et habitat sain\",\"publisher\":{\"@id\":\"https:\\\/\\\/www.salon-zenetbio.com\\\/angers\\\/#organization\"},\"potentialAction\":[{\"@type\":\"SearchAction\",\"target\":{\"@type\":\"EntryPoint\",\"urlTemplate\":\"https:\\\/\\\/www.salon-zenetbio.com\\\/angers\\\/?s={search_term_string}\"},\"query-input\":{\"@type\":\"PropertyValueSpecification\",\"valueRequired\":true,\"valueName\":\"search_term_string\"}}],\"inLanguage\":\"fr-FR\"},{\"@type\":\"Organization\",\"@id\":\"https:\\\/\\\/www.salon-zenetbio.com\\\/angers\\\/#organization\",\"name\":\"Z&amp;B Angers\",\"url\":\"https:\\\/\\\/www.salon-zenetbio.com\\\/angers\\\/\",\"logo\":{\"@type\":\"ImageObject\",\"inLanguage\":\"fr-FR\",\"@id\":\"https:\\\/\\\/www.salon-zenetbio.com\\\/angers\\\/#\\\/schema\\\/logo\\\/image\\\/\",\"url\":\"http:\\\/\\\/www.salon-zenetbio.com\\\/angers\\\/wp-content\\\/uploads\\\/sites\\\/8\\\/2025\\\/11\\\/cropped-Logo-ZEN-et-BIO-angers-2026.png\",\"contentUrl\":\"http:\\\/\\\/www.salon-zenetbio.com\\\/angers\\\/wp-content\\\/uploads\\\/sites\\\/8\\\/2025\\\/11\\\/cropped-Logo-ZEN-et-BIO-angers-2026.png\",\"width\":921,\"height\":255,\"caption\":\"Z&amp;B Angers\"},\"image\":{\"@id\":\"https:\\\/\\\/www.salon-zenetbio.com\\\/angers\\\/#\\\/schema\\\/logo\\\/image\\\/\"}}]}<\/script>\n<!-- \/ Yoast SEO plugin. -->","yoast_head_json":{"title":"Conf\u00e9rences experts 2019 - Z&amp;B Angers","robots":{"index":"index","follow":"follow","max-snippet":"max-snippet:-1","max-image-preview":"max-image-preview:large","max-video-preview":"max-video-preview:-1"},"canonical":"https:\/\/www.salon-zenetbio.com\/angers\/conferences-experts-2019\/","og_locale":"fr_FR","og_type":"article","og_title":"Conf\u00e9rences experts 2019 - Z&amp;B Angers","og_description":"Vendredi 1er Mars 2019 : Sant\u00e9 12:00 Stress, inflammations et maladies chroniques\u00a0: de nouvelles solutions avec le nerf vague &#8211; Jean-Marie Defossez Le nerf vague assure la connexion entre votre cerveau et l\u2019ensemble de vos organes vitaux. Les recherches r\u00e9centes r\u00e9v\u00e8lent que ce nerf est essentiel dans le\u00a0contr\u00f4le de capacit\u00e9s de r\u00e9paration et de gu\u00e9rison&hellip;","og_url":"https:\/\/www.salon-zenetbio.com\/angers\/conferences-experts-2019\/","og_site_name":"Z&amp;B Angers","og_image":[{"url":"https:\/\/www.salon-zenetbio.com\/angers\/wp-content\/uploads\/sites\/8\/2019\/01\/Jean-Marie-Defossez-150x150.jpeg","type":"","width":"","height":""}],"twitter_card":"summary_large_image","twitter_misc":{"Dur\u00e9e de lecture estim\u00e9e":"5 minutes"},"schema":{"@context":"https:\/\/schema.org","@graph":[{"@type":"WebPage","@id":"https:\/\/www.salon-zenetbio.com\/angers\/conferences-experts-2019\/","url":"https:\/\/www.salon-zenetbio.com\/angers\/conferences-experts-2019\/","name":"Conf\u00e9rences experts 2019 - Z&amp;B Angers","isPartOf":{"@id":"https:\/\/www.salon-zenetbio.com\/angers\/#website"},"primaryImageOfPage":{"@id":"https:\/\/www.salon-zenetbio.com\/angers\/conferences-experts-2019\/#primaryimage"},"image":{"@id":"https:\/\/www.salon-zenetbio.com\/angers\/conferences-experts-2019\/#primaryimage"},"thumbnailUrl":"https:\/\/www.salon-zenetbio.com\/angers\/wp-content\/uploads\/sites\/8\/2019\/01\/Jean-Marie-Defossez-150x150.jpeg","datePublished":"2019-11-26T10:29:24+00:00","breadcrumb":{"@id":"https:\/\/www.salon-zenetbio.com\/angers\/conferences-experts-2019\/#breadcrumb"},"inLanguage":"fr-FR","potentialAction":[{"@type":"ReadAction","target":["https:\/\/www.salon-zenetbio.com\/angers\/conferences-experts-2019\/"]}]},{"@type":"ImageObject","inLanguage":"fr-FR","@id":"https:\/\/www.salon-zenetbio.com\/angers\/conferences-experts-2019\/#primaryimage","url":"http:\/\/www.salon-zenetbio.com\/angers\/wp-content\/uploads\/sites\/8\/2019\/01\/Jean-Marie-Defossez.jpeg","contentUrl":"http:\/\/www.salon-zenetbio.com\/angers\/wp-content\/uploads\/sites\/8\/2019\/01\/Jean-Marie-Defossez.jpeg","width":664,"height":873},{"@type":"BreadcrumbList","@id":"https:\/\/www.salon-zenetbio.com\/angers\/conferences-experts-2019\/#breadcrumb","itemListElement":[{"@type":"ListItem","position":1,"name":"Accueil","item":"https:\/\/www.salon-zenetbio.com\/angers\/"},{"@type":"ListItem","position":2,"name":"Conf\u00e9rences experts 2019"}]},{"@type":"WebSite","@id":"https:\/\/www.salon-zenetbio.com\/angers\/#website","url":"https:\/\/www.salon-zenetbio.com\/angers\/","name":"Z&amp;B Angers","description":"Zen&amp;Bio Angers : votre salon \u00e9colo, bio, bien-\u00eatre et habitat sain","publisher":{"@id":"https:\/\/www.salon-zenetbio.com\/angers\/#organization"},"potentialAction":[{"@type":"SearchAction","target":{"@type":"EntryPoint","urlTemplate":"https:\/\/www.salon-zenetbio.com\/angers\/?s={search_term_string}"},"query-input":{"@type":"PropertyValueSpecification","valueRequired":true,"valueName":"search_term_string"}}],"inLanguage":"fr-FR"},{"@type":"Organization","@id":"https:\/\/www.salon-zenetbio.com\/angers\/#organization","name":"Z&amp;B Angers","url":"https:\/\/www.salon-zenetbio.com\/angers\/","logo":{"@type":"ImageObject","inLanguage":"fr-FR","@id":"https:\/\/www.salon-zenetbio.com\/angers\/#\/schema\/logo\/image\/","url":"http:\/\/www.salon-zenetbio.com\/angers\/wp-content\/uploads\/sites\/8\/2025\/11\/cropped-Logo-ZEN-et-BIO-angers-2026.png","contentUrl":"http:\/\/www.salon-zenetbio.com\/angers\/wp-content\/uploads\/sites\/8\/2025\/11\/cropped-Logo-ZEN-et-BIO-angers-2026.png","width":921,"height":255,"caption":"Z&amp;B Angers"},"image":{"@id":"https:\/\/www.salon-zenetbio.com\/angers\/#\/schema\/logo\/image\/"}}]}},"_links":{"self":[{"href":"http:\/\/www.salon-zenetbio.com\/angers\/wp-json\/wp\/v2\/pages\/6896","targetHints":{"allow":["GET"]}}],"collection":[{"href":"http:\/\/www.salon-zenetbio.com\/angers\/wp-json\/wp\/v2\/pages"}],"about":[{"href":"http:\/\/www.salon-zenetbio.com\/angers\/wp-json\/wp\/v2\/types\/page"}],"author":[{"embeddable":true,"href":"http:\/\/www.salon-zenetbio.com\/angers\/wp-json\/wp\/v2\/users\/1"}],"replies":[{"embeddable":true,"href":"http:\/\/www.salon-zenetbio.com\/angers\/wp-json\/wp\/v2\/comments?post=6896"}],"version-history":[{"count":0,"href":"http:\/\/www.salon-zenetbio.com\/angers\/wp-json\/wp\/v2\/pages\/6896\/revisions"}],"wp:attachment":[{"href":"http:\/\/www.salon-zenetbio.com\/angers\/wp-json\/wp\/v2\/media?parent=6896"}],"curies":[{"name":"wp","href":"https:\/\/api.w.org\/{rel}","templated":true}]}}