{"id":6907,"date":"2019-11-26T11:42:13","date_gmt":"2019-11-26T10:42:13","guid":{"rendered":"http:\/\/www.salon-zenetbio.com\/angers\/?page_id=6907"},"modified":"2019-11-26T11:42:13","modified_gmt":"2019-11-26T10:42:13","slug":"animations-creatives-2019","status":"publish","type":"page","link":"http:\/\/www.salon-zenetbio.com\/angers\/animations-creatives-2019\/","title":{"rendered":"Animations cr\u00e9atives 2019"},"content":{"rendered":"<h2>Vendredi 1er mars 2019<\/h2>\n<p><span style=\"color: #800080;\"><strong>11:00 <\/strong><\/span>Cuisson basse temp\u00e9rature : de l&rsquo;entr\u00e9e au dessert en une seule cuisson &#8211;\u00a0<span style=\"color: #808080;\"><em>L&rsquo;Omnicuiseur Vitalit\u00e9<\/em><\/span><strong><br \/>\n<\/strong><span style=\"color: #800080;\"><strong>12:15 <\/strong><\/span>Pr\u00e9paration d&rsquo;un savon maison par saponification \u00e0 froid &#8211; <span style=\"color: #808080;\"><em>Jeff Renault<\/em><\/span><strong><br \/>\n<\/strong><span style=\"color: #800080;\"><strong>13:30 <\/strong><\/span>D\u00e9couvrez les vertus du bicarbonate et de la grenade concentr\u00e9 <span style=\"color: #808080;\"><em><span style=\"color: #333333;\">&#8211;<\/span> Gagik Saakian <\/em><\/span><strong><br \/>\n<\/strong><span style=\"color: #800080;\"><strong>14:45 <\/strong><\/span>Bomo\u00ef \u00ab\u00a0cosmethiques\u00a0\u00bb vous invite \u00e0 devenir consomm&rsquo;Acteur pour votre peau &#8211;\u00a0<span style=\"color: #808080;\"><em>Julien Brault<\/em><\/span><strong><br \/>\n<\/strong><span style=\"color: #800080;\"><strong>16:00 <\/strong><\/span>Cuisson basse temp\u00e9rature : de l&rsquo;entr\u00e9e au dessert en une seule cuisson &#8211;\u00a0<span style=\"color: #808080;\"><em>L&rsquo;Omnicuiseur Vitalit\u00e9<br \/>\n<\/em><span style=\"color: #800080;\"><strong>17:15\u00a0<\/strong><\/span><span style=\"color: #333333;\">Cosmetisy : Fabriquez facilement vos cosm\u00e9tiques personnalis\u00e9s !\u00a0<\/span><em>Eric Guiton<\/em><\/span><\/p>\n<h2>Samedi 2 mars 2019<\/h2>\n<p><span style=\"color: #800080;\"><strong>11:00 <\/strong><\/span>Cuisson basse temp\u00e9rature : de l&rsquo;entr\u00e9e au dessert en une seule cuisson &#8211;<strong>\u00a0<\/strong><span style=\"color: #808080;\"><em>L&rsquo;Omnicuiseur Vitalit\u00e9<br \/>\n<\/em><span style=\"color: #800080;\"><strong>12:15\u00a0<\/strong><\/span><span style=\"color: #333333;\">Cosmetisy : Fabriquez facilement vos cosm\u00e9tiques personnalis\u00e9s !\u00a0<\/span><em>Eric Guiton<\/em><\/span><strong><br \/>\n<\/strong><span style=\"color: #800080;\"><strong>13:30 <\/strong><\/span>D\u00e9couvrez les vertus du bicarbonate et de la grenade concentr\u00e9 &#8211; <span style=\"color: #808080;\"><em>Gagik Saakian <\/em><\/span><strong><br \/>\n<\/strong><span style=\"color: #800080;\"><strong>14:45 <\/strong><\/span>Planter un arbre ou un arbuste \u2013 <span style=\"color: #808080;\"><em>Michel Provost<\/em><\/span><strong><br \/>\n<\/strong><span style=\"color: #800080;\"><strong>16:00 <\/strong><\/span>Cuisson basse temp\u00e9rature : de l&rsquo;entr\u00e9e au dessert en une seule cuisson &#8211;\u00a0<span style=\"color: #808080;\"><em>L&rsquo;Omnicuiseur Vitalit\u00e9<\/em><\/span><strong><br \/>\n<\/strong><span style=\"color: #800080;\"><strong>17:15 <\/strong><\/span>Bomo\u00ef \u00ab\u00a0cosmethiques\u00a0\u00bb vous invite \u00e0 devenir consomm&rsquo;Acteur pour votre peau &#8211;\u00a0<span style=\"color: #808080;\"><em>Julien Brault<\/em><\/span><\/p>\n<h2>Dimanche 3 mars 2019<\/h2>\n<p><span style=\"color: #800080;\"><strong>11:00 <\/strong><\/span>Cuisson basse temp\u00e9rature : de l&rsquo;entr\u00e9e au dessert en une seule cuisson &#8211;\u00a0<span style=\"color: #808080;\"><em>L&rsquo;Omnicuiseur Vitalit\u00e9<br \/>\n<\/em><span style=\"color: #800080;\"><strong>12:15\u00a0<\/strong><\/span><span style=\"color: #333333;\">Cosmetisy : Fabriquez facilement vos cosm\u00e9tiques personnalis\u00e9s !<\/span><em>\u00a0Eric Guiton<\/em><\/span><strong><br \/>\n<\/strong><span style=\"color: #800080;\"><strong>13:30 <\/strong><\/span>Bomo\u00ef \u00ab\u00a0cosmethiques\u00a0\u00bb vous invite \u00e0 devenir consomm&rsquo;Acteur pour votre peau &#8211;\u00a0<span style=\"color: #808080;\"><em>Julien Brault<\/em><\/span><strong><br \/>\n<\/strong><strong><span style=\"color: #800080;\">14:45<\/span> <\/strong>D\u00e9couvrez les vertus du bicarbonate et de la grenade concentr\u00e9 &#8211; <span style=\"color: #808080;\"><em>Gagik Saakian<\/em><\/span><strong><br \/>\n<\/strong><strong><span style=\"color: #800080;\">16:00<\/span> <\/strong>Cuisson basse temp\u00e9rature : de l&rsquo;entr\u00e9e au dessert en une seule cuisson &#8211;<strong>\u00a0<\/strong><span style=\"color: #808080;\"><em>L&rsquo;Omnicuiseur Vitalit\u00e9<br \/>\n<\/em><span style=\"color: #800080;\"><strong>17:15\u00a0<\/strong><\/span><span style=\"color: #333333;\">Cosmetisy : Fabriquez facilement vos cosm\u00e9tiques personnalis\u00e9s !\u00a0<\/span><em>Eric Guiton<\/em><\/span><\/p>\n","protected":false},"excerpt":{"rendered":"<p>Vendredi 1er mars 2019 11:00 Cuisson basse temp\u00e9rature : de l&rsquo;entr\u00e9e au dessert en une seule cuisson &#8211;\u00a0L&rsquo;Omnicuiseur Vitalit\u00e9 12:15 Pr\u00e9paration d&rsquo;un savon maison par saponification \u00e0 froid &#8211; Jeff Renault 13:30 D\u00e9couvrez les vertus du bicarbonate et de la grenade concentr\u00e9 &#8211; Gagik Saakian 14:45 Bomo\u00ef \u00ab\u00a0cosmethiques\u00a0\u00bb vous invite \u00e0 devenir consomm&rsquo;Acteur pour votre&hellip; <\/p>\n","protected":false},"author":1,"featured_media":0,"parent":0,"menu_order":0,"comment_status":"closed","ping_status":"closed","template":"","meta":{"_monsterinsights_skip_tracking":false,"_monsterinsights_sitenote_active":false,"_monsterinsights_sitenote_note":"","_monsterinsights_sitenote_category":0,"footnotes":""},"class_list":["post-6907","page","type-page","status-publish","hentry"],"yoast_head":"<!-- This site is optimized with the Yoast SEO plugin v27.3 - https:\/\/yoast.com\/product\/yoast-seo-wordpress\/ -->\n<title>Animations cr\u00e9atives 2019 - Z&amp;B Angers<\/title>\n<meta name=\"robots\" content=\"index, follow, max-snippet:-1, max-image-preview:large, max-video-preview:-1\" \/>\n<link rel=\"canonical\" href=\"http:\/\/www.salon-zenetbio.com\/angers\/animations-creatives-2019\/\" \/>\n<meta property=\"og:locale\" content=\"fr_FR\" \/>\n<meta property=\"og:type\" content=\"article\" \/>\n<meta property=\"og:title\" content=\"Animations cr\u00e9atives 2019 - Z&amp;B Angers\" \/>\n<meta property=\"og:description\" content=\"Vendredi 1er mars 2019 11:00 Cuisson basse temp\u00e9rature : de l&rsquo;entr\u00e9e au dessert en une seule cuisson &#8211;\u00a0L&rsquo;Omnicuiseur Vitalit\u00e9 12:15 Pr\u00e9paration d&rsquo;un savon maison par saponification \u00e0 froid &#8211; Jeff Renault 13:30 D\u00e9couvrez les vertus du bicarbonate et de la grenade concentr\u00e9 &#8211; Gagik Saakian 14:45 Bomo\u00ef \u00ab\u00a0cosmethiques\u00a0\u00bb vous invite \u00e0 devenir consomm&rsquo;Acteur pour votre&hellip;\" \/>\n<meta property=\"og:url\" content=\"http:\/\/www.salon-zenetbio.com\/angers\/animations-creatives-2019\/\" \/>\n<meta property=\"og:site_name\" content=\"Z&amp;B Angers\" \/>\n<meta name=\"twitter:card\" content=\"summary_large_image\" \/>\n<meta name=\"twitter:label1\" content=\"Dur\u00e9e de lecture estim\u00e9e\" \/>\n\t<meta name=\"twitter:data1\" content=\"1 minute\" \/>\n<script type=\"application\/ld+json\" class=\"yoast-schema-graph\">{\"@context\":\"https:\\\/\\\/schema.org\",\"@graph\":[{\"@type\":\"WebPage\",\"@id\":\"http:\\\/\\\/www.salon-zenetbio.com\\\/angers\\\/animations-creatives-2019\\\/\",\"url\":\"http:\\\/\\\/www.salon-zenetbio.com\\\/angers\\\/animations-creatives-2019\\\/\",\"name\":\"Animations cr\u00e9atives 2019 - Z&amp;B Angers\",\"isPartOf\":{\"@id\":\"https:\\\/\\\/www.salon-zenetbio.com\\\/angers\\\/#website\"},\"datePublished\":\"2019-11-26T10:42:13+00:00\",\"breadcrumb\":{\"@id\":\"http:\\\/\\\/www.salon-zenetbio.com\\\/angers\\\/animations-creatives-2019\\\/#breadcrumb\"},\"inLanguage\":\"fr-FR\",\"potentialAction\":[{\"@type\":\"ReadAction\",\"target\":[\"http:\\\/\\\/www.salon-zenetbio.com\\\/angers\\\/animations-creatives-2019\\\/\"]}]},{\"@type\":\"BreadcrumbList\",\"@id\":\"http:\\\/\\\/www.salon-zenetbio.com\\\/angers\\\/animations-creatives-2019\\\/#breadcrumb\",\"itemListElement\":[{\"@type\":\"ListItem\",\"position\":1,\"name\":\"Accueil\",\"item\":\"https:\\\/\\\/www.salon-zenetbio.com\\\/angers\\\/\"},{\"@type\":\"ListItem\",\"position\":2,\"name\":\"Animations cr\u00e9atives 2019\"}]},{\"@type\":\"WebSite\",\"@id\":\"https:\\\/\\\/www.salon-zenetbio.com\\\/angers\\\/#website\",\"url\":\"https:\\\/\\\/www.salon-zenetbio.com\\\/angers\\\/\",\"name\":\"Z&amp;B Angers\",\"description\":\"Zen&amp;Bio Angers : votre salon \u00e9colo, bio, bien-\u00eatre et habitat sain\",\"publisher\":{\"@id\":\"https:\\\/\\\/www.salon-zenetbio.com\\\/angers\\\/#organization\"},\"potentialAction\":[{\"@type\":\"SearchAction\",\"target\":{\"@type\":\"EntryPoint\",\"urlTemplate\":\"https:\\\/\\\/www.salon-zenetbio.com\\\/angers\\\/?s={search_term_string}\"},\"query-input\":{\"@type\":\"PropertyValueSpecification\",\"valueRequired\":true,\"valueName\":\"search_term_string\"}}],\"inLanguage\":\"fr-FR\"},{\"@type\":\"Organization\",\"@id\":\"https:\\\/\\\/www.salon-zenetbio.com\\\/angers\\\/#organization\",\"name\":\"Z&amp;B Angers\",\"url\":\"https:\\\/\\\/www.salon-zenetbio.com\\\/angers\\\/\",\"logo\":{\"@type\":\"ImageObject\",\"inLanguage\":\"fr-FR\",\"@id\":\"https:\\\/\\\/www.salon-zenetbio.com\\\/angers\\\/#\\\/schema\\\/logo\\\/image\\\/\",\"url\":\"http:\\\/\\\/www.salon-zenetbio.com\\\/angers\\\/wp-content\\\/uploads\\\/sites\\\/8\\\/2025\\\/11\\\/cropped-Logo-ZEN-et-BIO-angers-2026.png\",\"contentUrl\":\"http:\\\/\\\/www.salon-zenetbio.com\\\/angers\\\/wp-content\\\/uploads\\\/sites\\\/8\\\/2025\\\/11\\\/cropped-Logo-ZEN-et-BIO-angers-2026.png\",\"width\":921,\"height\":255,\"caption\":\"Z&amp;B Angers\"},\"image\":{\"@id\":\"https:\\\/\\\/www.salon-zenetbio.com\\\/angers\\\/#\\\/schema\\\/logo\\\/image\\\/\"}}]}<\/script>\n<!-- \/ Yoast SEO plugin. -->","yoast_head_json":{"title":"Animations cr\u00e9atives 2019 - Z&amp;B Angers","robots":{"index":"index","follow":"follow","max-snippet":"max-snippet:-1","max-image-preview":"max-image-preview:large","max-video-preview":"max-video-preview:-1"},"canonical":"http:\/\/www.salon-zenetbio.com\/angers\/animations-creatives-2019\/","og_locale":"fr_FR","og_type":"article","og_title":"Animations cr\u00e9atives 2019 - Z&amp;B Angers","og_description":"Vendredi 1er mars 2019 11:00 Cuisson basse temp\u00e9rature : de l&rsquo;entr\u00e9e au dessert en une seule cuisson &#8211;\u00a0L&rsquo;Omnicuiseur Vitalit\u00e9 12:15 Pr\u00e9paration d&rsquo;un savon maison par saponification \u00e0 froid &#8211; Jeff Renault 13:30 D\u00e9couvrez les vertus du bicarbonate et de la grenade concentr\u00e9 &#8211; Gagik Saakian 14:45 Bomo\u00ef \u00ab\u00a0cosmethiques\u00a0\u00bb vous invite \u00e0 devenir consomm&rsquo;Acteur pour votre&hellip;","og_url":"http:\/\/www.salon-zenetbio.com\/angers\/animations-creatives-2019\/","og_site_name":"Z&amp;B Angers","twitter_card":"summary_large_image","twitter_misc":{"Dur\u00e9e de lecture estim\u00e9e":"1 minute"},"schema":{"@context":"https:\/\/schema.org","@graph":[{"@type":"WebPage","@id":"http:\/\/www.salon-zenetbio.com\/angers\/animations-creatives-2019\/","url":"http:\/\/www.salon-zenetbio.com\/angers\/animations-creatives-2019\/","name":"Animations cr\u00e9atives 2019 - Z&amp;B Angers","isPartOf":{"@id":"https:\/\/www.salon-zenetbio.com\/angers\/#website"},"datePublished":"2019-11-26T10:42:13+00:00","breadcrumb":{"@id":"http:\/\/www.salon-zenetbio.com\/angers\/animations-creatives-2019\/#breadcrumb"},"inLanguage":"fr-FR","potentialAction":[{"@type":"ReadAction","target":["http:\/\/www.salon-zenetbio.com\/angers\/animations-creatives-2019\/"]}]},{"@type":"BreadcrumbList","@id":"http:\/\/www.salon-zenetbio.com\/angers\/animations-creatives-2019\/#breadcrumb","itemListElement":[{"@type":"ListItem","position":1,"name":"Accueil","item":"https:\/\/www.salon-zenetbio.com\/angers\/"},{"@type":"ListItem","position":2,"name":"Animations cr\u00e9atives 2019"}]},{"@type":"WebSite","@id":"https:\/\/www.salon-zenetbio.com\/angers\/#website","url":"https:\/\/www.salon-zenetbio.com\/angers\/","name":"Z&amp;B Angers","description":"Zen&amp;Bio Angers : votre salon \u00e9colo, bio, bien-\u00eatre et habitat sain","publisher":{"@id":"https:\/\/www.salon-zenetbio.com\/angers\/#organization"},"potentialAction":[{"@type":"SearchAction","target":{"@type":"EntryPoint","urlTemplate":"https:\/\/www.salon-zenetbio.com\/angers\/?s={search_term_string}"},"query-input":{"@type":"PropertyValueSpecification","valueRequired":true,"valueName":"search_term_string"}}],"inLanguage":"fr-FR"},{"@type":"Organization","@id":"https:\/\/www.salon-zenetbio.com\/angers\/#organization","name":"Z&amp;B Angers","url":"https:\/\/www.salon-zenetbio.com\/angers\/","logo":{"@type":"ImageObject","inLanguage":"fr-FR","@id":"https:\/\/www.salon-zenetbio.com\/angers\/#\/schema\/logo\/image\/","url":"http:\/\/www.salon-zenetbio.com\/angers\/wp-content\/uploads\/sites\/8\/2025\/11\/cropped-Logo-ZEN-et-BIO-angers-2026.png","contentUrl":"http:\/\/www.salon-zenetbio.com\/angers\/wp-content\/uploads\/sites\/8\/2025\/11\/cropped-Logo-ZEN-et-BIO-angers-2026.png","width":921,"height":255,"caption":"Z&amp;B Angers"},"image":{"@id":"https:\/\/www.salon-zenetbio.com\/angers\/#\/schema\/logo\/image\/"}}]}},"_links":{"self":[{"href":"http:\/\/www.salon-zenetbio.com\/angers\/wp-json\/wp\/v2\/pages\/6907","targetHints":{"allow":["GET"]}}],"collection":[{"href":"http:\/\/www.salon-zenetbio.com\/angers\/wp-json\/wp\/v2\/pages"}],"about":[{"href":"http:\/\/www.salon-zenetbio.com\/angers\/wp-json\/wp\/v2\/types\/page"}],"author":[{"embeddable":true,"href":"http:\/\/www.salon-zenetbio.com\/angers\/wp-json\/wp\/v2\/users\/1"}],"replies":[{"embeddable":true,"href":"http:\/\/www.salon-zenetbio.com\/angers\/wp-json\/wp\/v2\/comments?post=6907"}],"version-history":[{"count":0,"href":"http:\/\/www.salon-zenetbio.com\/angers\/wp-json\/wp\/v2\/pages\/6907\/revisions"}],"wp:attachment":[{"href":"http:\/\/www.salon-zenetbio.com\/angers\/wp-json\/wp\/v2\/media?parent=6907"}],"curies":[{"name":"wp","href":"https:\/\/api.w.org\/{rel}","templated":true}]}}