{"id":6913,"date":"2019-11-26T11:50:39","date_gmt":"2019-11-26T10:50:39","guid":{"rendered":"http:\/\/www.salon-zenetbio.com\/angers\/?page_id=6913"},"modified":"2019-11-26T11:54:24","modified_gmt":"2019-11-26T10:54:24","slug":"animations-2019","status":"publish","type":"page","link":"http:\/\/www.salon-zenetbio.com\/angers\/animations-2019\/","title":{"rendered":"Animations 2019"},"content":{"rendered":"<h3><strong>ESPACE JEUX<\/strong><\/h3>\n<p style=\"text-align: justify;\"><img fetchpriority=\"high\" decoding=\"async\" class=\"wp-image-6378 alignleft\" src=\"https:\/\/www.salon-zenetbio.com\/angers\/wp-content\/uploads\/sites\/8\/2019\/01\/Sans-titre.png\" alt=\"\" width=\"415\" height=\"209\" \/><\/p>\n<p style=\"text-align: justify;\">Pour un moment convivial et ludique en famille<br \/>\nFabricant et cr\u00e9ateur de Jeux en bois. Nous utilisons diff\u00e9rentes essences de bois du Loiret et de L&rsquo;Yonne.<br \/>\nRevente de jouets pour tout \u00e2ge et tout prix.<\/p>\n<p>&nbsp;<\/p>\n<p style=\"text-align: justify;\">Retrouvez-nous sur notre\u00a0<a href=\"http:\/\/www.acbjeux.fr\" target=\"_blank\" rel=\"noopener noreferrer\">site internet<\/a><\/p>\n<h3><\/h3>\n<h3><\/h3>\n<h3><strong>ESPACE JARDIN &amp; NATURE<\/strong><\/h3>\n<p style=\"text-align: justify;\">Un espace pour d\u00e9couvrir le jardinage \u00e9cologique, l\u2019agriculture urbaine, la permaculture, pour favoriser la biodiversit\u00e9 et valoriser nos d\u00e9chets. Un espace pour \u00e9changer, apprendre, s\u2019informer\u2026<br \/>\nDes animations sont aussi pr\u00e9vues tout au long de la journ\u00e9e.<\/p>\n<p style=\"text-align: justify;\"><strong>La For\u00eat Nourrici\u00e8re<\/strong><\/p>\n<p style=\"text-align: justify;\"><strong><img decoding=\"async\" class=\" wp-image-6387 alignleft\" src=\"https:\/\/www.salon-zenetbio.com\/angers\/wp-content\/uploads\/sites\/8\/2019\/01\/1.png\" sizes=\"(max-width: 329px) 100vw, 329px\" srcset=\"https:\/\/www.salon-zenetbio.com\/angers\/wp-content\/uploads\/sites\/8\/2019\/01\/1.png 318w, https:\/\/www.salon-zenetbio.com\/angers\/wp-content\/uploads\/sites\/8\/2019\/01\/1-300x167.png 300w, https:\/\/www.salon-zenetbio.com\/angers\/wp-content\/uploads\/sites\/8\/2019\/01\/1-150x83.png 150w\" alt=\"\" width=\"310\" height=\"174\" \/><\/strong>Association de Recherches pionni\u00e8res en permaculture, La For\u00eat Nourrici\u00e8re d\u00e9veloppe les ressources francophones pour la r\u00e9alisation de jardins-for\u00eats dans tous les contextes du climat temp\u00e9r\u00e9 avec deux axes de recherche : la synergie v\u00e9g\u00e9tale et la synergie humaine.<\/p>\n<p>&nbsp;<\/p>\n<h3><\/h3>\n<h3><strong>ESPACE ART &amp; CREATION<\/strong><\/h3>\n<p><img decoding=\"async\" class=\"alignnone size-full wp-image-6392\" src=\"https:\/\/www.salon-zenetbio.com\/angers\/wp-content\/uploads\/sites\/8\/2019\/01\/2.png\" alt=\"\" width=\"233\" height=\"185\" srcset=\"http:\/\/www.salon-zenetbio.com\/angers\/wp-content\/uploads\/sites\/8\/2019\/01\/2.png 233w, http:\/\/www.salon-zenetbio.com\/angers\/wp-content\/uploads\/sites\/8\/2019\/01\/2-150x119.png 150w\" sizes=\"(max-width: 233px) 100vw, 233px\" \/> <img loading=\"lazy\" decoding=\"async\" class=\"alignnone size-full wp-image-6393\" src=\"https:\/\/www.salon-zenetbio.com\/angers\/wp-content\/uploads\/sites\/8\/2019\/01\/3.png\" alt=\"\" width=\"127\" height=\"200\" \/><\/p>\n<p style=\"text-align: justify;\">Une activit\u00e9 de cr\u00e9ativit\u00e9 libre, pour se reconnecter \u00e0 soi en pleine conscience le temps d\u2019une peinture. Pour se connecter \u00e0 sa joie de vivre, \u00e0 ses ressources et \u00e0 ses r\u00eaves afin de les incarner au quotidien avec toujours plus de bonheur.<\/p>\n<p style=\"text-align: justify;\"><em>Espace anim\u00e9 par Emilie Petiteau<\/em><\/p>\n<p style=\"text-align: justify;\">Parce que nous avons tous en nous un potentiel cr\u00e9ateur\u00a0: l\u2019Art-th\u00e9rapie \u00e9volutive \u00ae pour se d\u00e9couvrir, se r\u00e9aliser et se sublimer.<br \/>\nL\u2019Art-th\u00e9rapie \u00e9volutive \u00ae est un accompagnement ludique et th\u00e9rapeutique. L\u2019art comme moyen d\u2019expression quand la parole et les mots ne sont plus en phase avec notre ressenti, nos \u00e9motions et notre corps.<\/p>\n<p style=\"text-align: justify;\">Dessiner, peindre, coller, sculpter\u2026 cela permet d\u2019activer, de r\u00e9organiser le processus d\u2019expression, de communication, de relation.<\/p>\n<p style=\"text-align: justify;\">Aucun talent artistique ni habilit\u00e9 particuli\u00e8re ne sont requis. L\u2019essentiel est de s\u2019exprimer librement, d\u2019utiliser son potentiel de cr\u00e9ativit\u00e9. La cr\u00e9ation d\u00e9veloppe l\u2019imagination, l\u2019intuition, la confiance en soi et l\u2019\u00e9coute de ses \u00e9motions.<br \/>\n\u00catre \u00e0 l\u2019\u00e9coute de notre rythme et de nos besoins, dans l\u2019instant pr\u00e9sent, dans le mouvement de la vie, est indispensable pour notre accompagnement. Cette d\u00e9marche nous aidera \u00e0 nous d\u00e9passer car nous sommes tous acteurs de notre vie.<\/p>\n<p style=\"text-align: justify;\"><em><a href=\"http:\/\/www.emiliearttherapie.com\" target=\"_blank\" rel=\"noopener noreferrer\">Pour en savoir plus !<\/a><\/em><\/p>\n<h3><\/h3>\n<h3><strong>VISITE DE LA TINY HOUSE<\/strong><\/h3>\n<p style=\"text-align: justify;\">Je suis une petite maison en bois qui voyage. On peut me tracter derri\u00e8re une voiture et m\u2019installer au bord de la mer ou \u00e0 la montagne, voire m\u00eame dans le jardin\u2026 Sans permis de construire. Je suis un g\u00eete ou un logement d\u2019appoint, je peux m\u00eame \u00eatre un habitat principal. \u00c9cologique et autonome,<br \/>\n<strong>Je suis\u2026La Tiny House !<\/strong><\/p>\n<p><img loading=\"lazy\" decoding=\"async\" class=\"alignnone wp-image-6525 \" src=\"https:\/\/www.salon-zenetbio.com\/angers\/wp-content\/uploads\/sites\/8\/2019\/02\/20170921_15302121-813x1024.jpg\" sizes=\"(max-width: 292px) 100vw, 292px\" srcset=\"https:\/\/www.salon-zenetbio.com\/angers\/wp-content\/uploads\/sites\/8\/2019\/02\/20170921_15302121-813x1024.jpg 813w, https:\/\/www.salon-zenetbio.com\/angers\/wp-content\/uploads\/sites\/8\/2019\/02\/20170921_15302121-238x300.jpg 238w, https:\/\/www.salon-zenetbio.com\/angers\/wp-content\/uploads\/sites\/8\/2019\/02\/20170921_15302121-768x967.jpg 768w, https:\/\/www.salon-zenetbio.com\/angers\/wp-content\/uploads\/sites\/8\/2019\/02\/20170921_15302121-150x189.jpg 150w, https:\/\/www.salon-zenetbio.com\/angers\/wp-content\/uploads\/sites\/8\/2019\/02\/20170921_15302121-397x500.jpg 397w\" alt=\"\" width=\"292\" height=\"368\" \/>\u00a0<img loading=\"lazy\" decoding=\"async\" class=\"alignnone wp-image-6527\" src=\"https:\/\/www.salon-zenetbio.com\/angers\/wp-content\/uploads\/sites\/8\/2019\/02\/20170330_16220711-768x1024.jpg\" sizes=\"(max-width: 274px) 100vw, 274px\" srcset=\"https:\/\/www.salon-zenetbio.com\/angers\/wp-content\/uploads\/sites\/8\/2019\/02\/20170330_16220711-768x1024.jpg 768w, https:\/\/www.salon-zenetbio.com\/angers\/wp-content\/uploads\/sites\/8\/2019\/02\/20170330_16220711-225x300.jpg 225w, https:\/\/www.salon-zenetbio.com\/angers\/wp-content\/uploads\/sites\/8\/2019\/02\/20170330_16220711-150x200.jpg 150w, https:\/\/www.salon-zenetbio.com\/angers\/wp-content\/uploads\/sites\/8\/2019\/02\/20170330_16220711-375x500.jpg 375w\" alt=\"\" width=\"274\" height=\"365\" \/><\/p>\n<p style=\"text-align: justify;\">Cette ann\u00e9e, la Tiny \u00ab\u00a0L\u2019Aventure\u00a0\u00bb revient \u00e0 Zen et Bio et pr\u00e9sente une autre possibilit\u00e9 des tiny house : devenir un local professionnel. Bureau, salle de soin,\u2026 cette construction bois l\u00e9g\u00e8re et inspirante offre d\u00e9cid\u00e9ment de multiples possibilit\u00e9s.<\/p>\n<p style=\"text-align: justify;\">Venez d\u00e9couvrir la salle de soin de Marie-Laure Demaegdt\u00a0: \u00ab\u00a0Je travaille dans l\u2019accompagnement et la pr\u00e9vention de l\u2019\u00e9puisement. Au milieu de la campagne, pr\u00e8s de la ville, j\u2019avais besoin d\u2019un local sain, facile \u00e0 vivre, lumineux et bien isol\u00e9 pour travailler toute l\u2019ann\u00e9e. J\u2019ai eu le coup de foudre pour la tiny house cr\u00e9\u00e9e par R\u00eavez bois.\u00a0Et j\u2019ai choisi de me lancer dans l\u2019Aventure. \u00bb<\/p>\n<p style=\"text-align: justify;\">L\u2019\u00ab\u00a0Aventure\u00a0\u00bb est construite sur un ch\u00e2ssis de 5,50m de long par 2,40m de large, avec une terrasse suppl\u00e9mentaire pliante. Elle dispose d\u2019un coin cuisine \u00e9quip\u00e9e, un espace salon, une salle d\u2019eau avec douche, lavabo et toilette s\u00e8che, et d\u2019une chambre de 5m2 \u00e0 l\u2019\u00e9tage. Compacte et pourtant spacieuse, son int\u00e9rieur en bois naturel invite au cocooning.<\/p>\n<p style=\"text-align: justify;\">Plus d\u2019informations sur <a href=\"http:\/\/www.revez-bois.fr\/\" target=\"_blank\" rel=\"noopener noreferrer\">www.revez-bois.fr<\/a><\/p>\n<h3><\/h3>\n<h3><strong>LA FERME D&rsquo;ELIZEA<\/strong><\/h3>\n<p style=\"text-align: justify;\"><strong>La Ferme d\u2019Eliz\u00e9a<\/strong>\u00a0est une ferme p\u00e9dagogique du Maine et Loire qui s\u2019adapte aux visiteurs. Vous y trouverez de nombreux animaux : b\u0153ufs, moutons, ch\u00e8vres, poules, lapins, cochons d\u2019inde, cochons \u2026et d\u00e9couvrirez la m\u00e9diation animal (zooth\u00e9rapie).<\/p>\n<p style=\"text-align: justify;\">La ferme propose des\u00a0ateliers de m\u00e9diation animale. Appel\u00e9e \u00e9galement \u00ab\u00a0zooth\u00e9rapie\u00a0\u00bb, elle consiste \u00e0 mettre en relation un animal et une personne, ce qui permet de travailler en harmonie sur des th\u00e8mes pr\u00e9cis : la motricit\u00e9 fine, les moyens de locomotion, la socialit\u00e9\u2026<br \/>\nLes atelier se font dans la structure ou \u00e0 la ferme .<\/p>\n<p style=\"text-align: justify;\">En \u00e9t\u00e9, la ferme accueille des enfants pour la journ\u00e9e ou la semaine : une occasion pour eux de d\u00e9couvrir les animaux, de partager des activit\u00e9s et d\u2019apprendre \u00e0 en prendre soin.<\/p>\n<p><img loading=\"lazy\" decoding=\"async\" class=\"alignnone size-full wp-image-5484\" src=\"https:\/\/www.salon-zenetbio.com\/angers\/wp-content\/uploads\/2018\/01\/Sans-titre-2.png\" sizes=\"(max-width: 1063px) 100vw, 1063px\" srcset=\"https:\/\/www.salon-zenetbio.com\/angers\/wp-content\/uploads\/sites\/8\/2018\/01\/Sans-titre-2.png 1063w, https:\/\/www.salon-zenetbio.com\/angers\/wp-content\/uploads\/sites\/8\/2018\/01\/Sans-titre-2-300x225.png 300w, https:\/\/www.salon-zenetbio.com\/angers\/wp-content\/uploads\/sites\/8\/2018\/01\/Sans-titre-2-768x577.png 768w, https:\/\/www.salon-zenetbio.com\/angers\/wp-content\/uploads\/sites\/8\/2018\/01\/Sans-titre-2-1024x769.png 1024w, https:\/\/www.salon-zenetbio.com\/angers\/wp-content\/uploads\/sites\/8\/2018\/01\/Sans-titre-2-150x113.png 150w, https:\/\/www.salon-zenetbio.com\/angers\/wp-content\/uploads\/sites\/8\/2018\/01\/Sans-titre-2-500x375.png 500w\" alt=\"\" width=\"1063\" height=\"798\" \/><\/p>\n<h3><\/h3>\n<h3><strong>LE COIN DES ENFANTS<\/strong><\/h3>\n<p style=\"text-align: justify;\">\u2013 Espace enfants\u00a0: Animations cr\u00e9atives et bricolages nature \u00e0 base de mat\u00e9riaux de r\u00e9cup\u00e9ration. Samedi et dimanche, \u00e0 partir de 3 ans<\/p>\n<p style=\"text-align: justify;\">\u2013 Espace b\u00e9b\u00e9s\u00a0: Espace am\u00e9nag\u00e9 et d\u00e9di\u00e9 aux b\u00e9b\u00e9s et \u00e0 leurs parents pour une pause biberon, change et c\u00e2lins \u00e0 l\u2019\u00e9cart de l\u2019agitation<\/p>\n","protected":false},"excerpt":{"rendered":"<p>ESPACE JEUX Pour un moment convivial et ludique en famille Fabricant et cr\u00e9ateur de Jeux en bois. Nous utilisons diff\u00e9rentes essences de bois du Loiret et de L&rsquo;Yonne. Revente de jouets pour tout \u00e2ge et tout prix. &nbsp; Retrouvez-nous sur notre\u00a0site internet ESPACE JARDIN &amp; NATURE Un espace pour d\u00e9couvrir le jardinage \u00e9cologique, l\u2019agriculture urbaine,&hellip; <\/p>\n","protected":false},"author":1,"featured_media":0,"parent":0,"menu_order":0,"comment_status":"closed","ping_status":"closed","template":"","meta":{"_monsterinsights_skip_tracking":false,"_monsterinsights_sitenote_active":false,"_monsterinsights_sitenote_note":"","_monsterinsights_sitenote_category":0,"footnotes":""},"class_list":["post-6913","page","type-page","status-publish","hentry"],"yoast_head":"<!-- This site is optimized with the Yoast SEO plugin v27.3 - https:\/\/yoast.com\/product\/yoast-seo-wordpress\/ -->\n<title>Animations 2019 - Z&amp;B Angers<\/title>\n<meta name=\"robots\" content=\"index, follow, max-snippet:-1, max-image-preview:large, max-video-preview:-1\" \/>\n<link rel=\"canonical\" href=\"http:\/\/www.salon-zenetbio.com\/angers\/animations-2019\/\" \/>\n<meta property=\"og:locale\" content=\"fr_FR\" \/>\n<meta property=\"og:type\" content=\"article\" \/>\n<meta property=\"og:title\" content=\"Animations 2019 - Z&amp;B Angers\" \/>\n<meta property=\"og:description\" content=\"ESPACE JEUX Pour un moment convivial et ludique en famille Fabricant et cr\u00e9ateur de Jeux en bois. Nous utilisons diff\u00e9rentes essences de bois du Loiret et de L&rsquo;Yonne. Revente de jouets pour tout \u00e2ge et tout prix. &nbsp; Retrouvez-nous sur notre\u00a0site internet ESPACE JARDIN &amp; NATURE Un espace pour d\u00e9couvrir le jardinage \u00e9cologique, l\u2019agriculture urbaine,&hellip;\" \/>\n<meta property=\"og:url\" content=\"http:\/\/www.salon-zenetbio.com\/angers\/animations-2019\/\" \/>\n<meta property=\"og:site_name\" content=\"Z&amp;B Angers\" \/>\n<meta property=\"article:modified_time\" content=\"2019-11-26T10:54:24+00:00\" \/>\n<meta property=\"og:image\" content=\"https:\/\/www.salon-zenetbio.com\/angers\/wp-content\/uploads\/sites\/8\/2019\/01\/Sans-titre.png\" \/>\n<meta name=\"twitter:card\" content=\"summary_large_image\" \/>\n<meta name=\"twitter:label1\" content=\"Dur\u00e9e de lecture estim\u00e9e\" \/>\n\t<meta name=\"twitter:data1\" content=\"4 minutes\" \/>\n<script type=\"application\/ld+json\" class=\"yoast-schema-graph\">{\"@context\":\"https:\\\/\\\/schema.org\",\"@graph\":[{\"@type\":\"WebPage\",\"@id\":\"http:\\\/\\\/www.salon-zenetbio.com\\\/angers\\\/animations-2019\\\/\",\"url\":\"http:\\\/\\\/www.salon-zenetbio.com\\\/angers\\\/animations-2019\\\/\",\"name\":\"Animations 2019 - Z&amp;B Angers\",\"isPartOf\":{\"@id\":\"https:\\\/\\\/www.salon-zenetbio.com\\\/angers\\\/#website\"},\"primaryImageOfPage\":{\"@id\":\"http:\\\/\\\/www.salon-zenetbio.com\\\/angers\\\/animations-2019\\\/#primaryimage\"},\"image\":{\"@id\":\"http:\\\/\\\/www.salon-zenetbio.com\\\/angers\\\/animations-2019\\\/#primaryimage\"},\"thumbnailUrl\":\"https:\\\/\\\/www.salon-zenetbio.com\\\/angers\\\/wp-content\\\/uploads\\\/sites\\\/8\\\/2019\\\/01\\\/Sans-titre.png\",\"datePublished\":\"2019-11-26T10:50:39+00:00\",\"dateModified\":\"2019-11-26T10:54:24+00:00\",\"breadcrumb\":{\"@id\":\"http:\\\/\\\/www.salon-zenetbio.com\\\/angers\\\/animations-2019\\\/#breadcrumb\"},\"inLanguage\":\"fr-FR\",\"potentialAction\":[{\"@type\":\"ReadAction\",\"target\":[\"http:\\\/\\\/www.salon-zenetbio.com\\\/angers\\\/animations-2019\\\/\"]}]},{\"@type\":\"ImageObject\",\"inLanguage\":\"fr-FR\",\"@id\":\"http:\\\/\\\/www.salon-zenetbio.com\\\/angers\\\/animations-2019\\\/#primaryimage\",\"url\":\"http:\\\/\\\/www.salon-zenetbio.com\\\/angers\\\/wp-content\\\/uploads\\\/sites\\\/8\\\/2019\\\/01\\\/Sans-titre.png\",\"contentUrl\":\"http:\\\/\\\/www.salon-zenetbio.com\\\/angers\\\/wp-content\\\/uploads\\\/sites\\\/8\\\/2019\\\/01\\\/Sans-titre.png\",\"width\":729,\"height\":410},{\"@type\":\"BreadcrumbList\",\"@id\":\"http:\\\/\\\/www.salon-zenetbio.com\\\/angers\\\/animations-2019\\\/#breadcrumb\",\"itemListElement\":[{\"@type\":\"ListItem\",\"position\":1,\"name\":\"Accueil\",\"item\":\"https:\\\/\\\/www.salon-zenetbio.com\\\/angers\\\/\"},{\"@type\":\"ListItem\",\"position\":2,\"name\":\"Animations 2019\"}]},{\"@type\":\"WebSite\",\"@id\":\"https:\\\/\\\/www.salon-zenetbio.com\\\/angers\\\/#website\",\"url\":\"https:\\\/\\\/www.salon-zenetbio.com\\\/angers\\\/\",\"name\":\"Z&amp;B Angers\",\"description\":\"Zen&amp;Bio Angers : votre salon \u00e9colo, bio, bien-\u00eatre et habitat sain\",\"publisher\":{\"@id\":\"https:\\\/\\\/www.salon-zenetbio.com\\\/angers\\\/#organization\"},\"potentialAction\":[{\"@type\":\"SearchAction\",\"target\":{\"@type\":\"EntryPoint\",\"urlTemplate\":\"https:\\\/\\\/www.salon-zenetbio.com\\\/angers\\\/?s={search_term_string}\"},\"query-input\":{\"@type\":\"PropertyValueSpecification\",\"valueRequired\":true,\"valueName\":\"search_term_string\"}}],\"inLanguage\":\"fr-FR\"},{\"@type\":\"Organization\",\"@id\":\"https:\\\/\\\/www.salon-zenetbio.com\\\/angers\\\/#organization\",\"name\":\"Z&amp;B Angers\",\"url\":\"https:\\\/\\\/www.salon-zenetbio.com\\\/angers\\\/\",\"logo\":{\"@type\":\"ImageObject\",\"inLanguage\":\"fr-FR\",\"@id\":\"https:\\\/\\\/www.salon-zenetbio.com\\\/angers\\\/#\\\/schema\\\/logo\\\/image\\\/\",\"url\":\"http:\\\/\\\/www.salon-zenetbio.com\\\/angers\\\/wp-content\\\/uploads\\\/sites\\\/8\\\/2025\\\/11\\\/cropped-Logo-ZEN-et-BIO-angers-2026.png\",\"contentUrl\":\"http:\\\/\\\/www.salon-zenetbio.com\\\/angers\\\/wp-content\\\/uploads\\\/sites\\\/8\\\/2025\\\/11\\\/cropped-Logo-ZEN-et-BIO-angers-2026.png\",\"width\":921,\"height\":255,\"caption\":\"Z&amp;B Angers\"},\"image\":{\"@id\":\"https:\\\/\\\/www.salon-zenetbio.com\\\/angers\\\/#\\\/schema\\\/logo\\\/image\\\/\"}}]}<\/script>\n<!-- \/ Yoast SEO plugin. -->","yoast_head_json":{"title":"Animations 2019 - Z&amp;B Angers","robots":{"index":"index","follow":"follow","max-snippet":"max-snippet:-1","max-image-preview":"max-image-preview:large","max-video-preview":"max-video-preview:-1"},"canonical":"http:\/\/www.salon-zenetbio.com\/angers\/animations-2019\/","og_locale":"fr_FR","og_type":"article","og_title":"Animations 2019 - Z&amp;B Angers","og_description":"ESPACE JEUX Pour un moment convivial et ludique en famille Fabricant et cr\u00e9ateur de Jeux en bois. Nous utilisons diff\u00e9rentes essences de bois du Loiret et de L&rsquo;Yonne. Revente de jouets pour tout \u00e2ge et tout prix. &nbsp; Retrouvez-nous sur notre\u00a0site internet ESPACE JARDIN &amp; NATURE Un espace pour d\u00e9couvrir le jardinage \u00e9cologique, l\u2019agriculture urbaine,&hellip;","og_url":"http:\/\/www.salon-zenetbio.com\/angers\/animations-2019\/","og_site_name":"Z&amp;B Angers","article_modified_time":"2019-11-26T10:54:24+00:00","og_image":[{"url":"https:\/\/www.salon-zenetbio.com\/angers\/wp-content\/uploads\/sites\/8\/2019\/01\/Sans-titre.png","type":"","width":"","height":""}],"twitter_card":"summary_large_image","twitter_misc":{"Dur\u00e9e de lecture estim\u00e9e":"4 minutes"},"schema":{"@context":"https:\/\/schema.org","@graph":[{"@type":"WebPage","@id":"http:\/\/www.salon-zenetbio.com\/angers\/animations-2019\/","url":"http:\/\/www.salon-zenetbio.com\/angers\/animations-2019\/","name":"Animations 2019 - Z&amp;B Angers","isPartOf":{"@id":"https:\/\/www.salon-zenetbio.com\/angers\/#website"},"primaryImageOfPage":{"@id":"http:\/\/www.salon-zenetbio.com\/angers\/animations-2019\/#primaryimage"},"image":{"@id":"http:\/\/www.salon-zenetbio.com\/angers\/animations-2019\/#primaryimage"},"thumbnailUrl":"https:\/\/www.salon-zenetbio.com\/angers\/wp-content\/uploads\/sites\/8\/2019\/01\/Sans-titre.png","datePublished":"2019-11-26T10:50:39+00:00","dateModified":"2019-11-26T10:54:24+00:00","breadcrumb":{"@id":"http:\/\/www.salon-zenetbio.com\/angers\/animations-2019\/#breadcrumb"},"inLanguage":"fr-FR","potentialAction":[{"@type":"ReadAction","target":["http:\/\/www.salon-zenetbio.com\/angers\/animations-2019\/"]}]},{"@type":"ImageObject","inLanguage":"fr-FR","@id":"http:\/\/www.salon-zenetbio.com\/angers\/animations-2019\/#primaryimage","url":"http:\/\/www.salon-zenetbio.com\/angers\/wp-content\/uploads\/sites\/8\/2019\/01\/Sans-titre.png","contentUrl":"http:\/\/www.salon-zenetbio.com\/angers\/wp-content\/uploads\/sites\/8\/2019\/01\/Sans-titre.png","width":729,"height":410},{"@type":"BreadcrumbList","@id":"http:\/\/www.salon-zenetbio.com\/angers\/animations-2019\/#breadcrumb","itemListElement":[{"@type":"ListItem","position":1,"name":"Accueil","item":"https:\/\/www.salon-zenetbio.com\/angers\/"},{"@type":"ListItem","position":2,"name":"Animations 2019"}]},{"@type":"WebSite","@id":"https:\/\/www.salon-zenetbio.com\/angers\/#website","url":"https:\/\/www.salon-zenetbio.com\/angers\/","name":"Z&amp;B Angers","description":"Zen&amp;Bio Angers : votre salon \u00e9colo, bio, bien-\u00eatre et habitat sain","publisher":{"@id":"https:\/\/www.salon-zenetbio.com\/angers\/#organization"},"potentialAction":[{"@type":"SearchAction","target":{"@type":"EntryPoint","urlTemplate":"https:\/\/www.salon-zenetbio.com\/angers\/?s={search_term_string}"},"query-input":{"@type":"PropertyValueSpecification","valueRequired":true,"valueName":"search_term_string"}}],"inLanguage":"fr-FR"},{"@type":"Organization","@id":"https:\/\/www.salon-zenetbio.com\/angers\/#organization","name":"Z&amp;B Angers","url":"https:\/\/www.salon-zenetbio.com\/angers\/","logo":{"@type":"ImageObject","inLanguage":"fr-FR","@id":"https:\/\/www.salon-zenetbio.com\/angers\/#\/schema\/logo\/image\/","url":"http:\/\/www.salon-zenetbio.com\/angers\/wp-content\/uploads\/sites\/8\/2025\/11\/cropped-Logo-ZEN-et-BIO-angers-2026.png","contentUrl":"http:\/\/www.salon-zenetbio.com\/angers\/wp-content\/uploads\/sites\/8\/2025\/11\/cropped-Logo-ZEN-et-BIO-angers-2026.png","width":921,"height":255,"caption":"Z&amp;B Angers"},"image":{"@id":"https:\/\/www.salon-zenetbio.com\/angers\/#\/schema\/logo\/image\/"}}]}},"_links":{"self":[{"href":"http:\/\/www.salon-zenetbio.com\/angers\/wp-json\/wp\/v2\/pages\/6913","targetHints":{"allow":["GET"]}}],"collection":[{"href":"http:\/\/www.salon-zenetbio.com\/angers\/wp-json\/wp\/v2\/pages"}],"about":[{"href":"http:\/\/www.salon-zenetbio.com\/angers\/wp-json\/wp\/v2\/types\/page"}],"author":[{"embeddable":true,"href":"http:\/\/www.salon-zenetbio.com\/angers\/wp-json\/wp\/v2\/users\/1"}],"replies":[{"embeddable":true,"href":"http:\/\/www.salon-zenetbio.com\/angers\/wp-json\/wp\/v2\/comments?post=6913"}],"version-history":[{"count":0,"href":"http:\/\/www.salon-zenetbio.com\/angers\/wp-json\/wp\/v2\/pages\/6913\/revisions"}],"wp:attachment":[{"href":"http:\/\/www.salon-zenetbio.com\/angers\/wp-json\/wp\/v2\/media?parent=6913"}],"curies":[{"name":"wp","href":"https:\/\/api.w.org\/{rel}","templated":true}]}}