{"id":7809,"date":"2020-05-15T11:19:51","date_gmt":"2020-05-15T09:19:51","guid":{"rendered":"http:\/\/www.salon-zenetbio.com\/angers\/?page_id=7809"},"modified":"2025-11-28T16:03:23","modified_gmt":"2025-11-28T15:03:23","slug":"contacts","status":"publish","type":"page","link":"http:\/\/www.salon-zenetbio.com\/angers\/informations-pratiques\/contacts\/","title":{"rendered":"Contacts"},"content":{"rendered":"<p>Pour nous joindre au t\u00e9l\u00e9phone, un seul num\u00e9ro : +33 (1) 45 56 09 09<\/p>\n<hr \/>\n<h3><strong>CONTACT VISITEUR<\/strong><\/h3>\n<p><a href=\"mailto:visiteur@salon-zenetbio.com\">visiteur@salon-zenetbio.com<\/a><\/p>\n<h3><strong>CONTACTS EXPOSANTS \/ CONF\u00c9RENCES<\/strong><\/h3>\n<p><a href=\"mailto:exposant@salon-zenetbio.com\"><em>exposant@salon-zenetbio.com<\/em><\/a><\/p>\n<p><strong>Directeur des salons<\/strong><br \/>\nBenjamin COSTIOU<br \/>\n<em>01.77.37.63.38<\/em><br \/>\n<em><a href=\"mailto:bcostiou@spas-expo.com\" target=\"_blank\" rel=\"noopener\">bcostiou@spas-expo.com<\/a><\/em><\/p>\n<p><strong>Attach\u00e9 commerciale<br \/>\n<\/strong>Ke\u0301vin SCHWEITZER<br \/>\n<em>01.77.37.63.51<\/em><br \/>\n<em><a href=\"mailto:kschweitze@spas-expo.com\" target=\"_blank\" rel=\"noopener\">kschweitze@spas-expo.com<\/a><\/em><\/p>\n<p><strong>Attach\u00e9 commercial<br \/>\n<\/strong>Antoine Roulin<br \/>\n<em>01.77.37.66.04<\/em><br \/>\n<em><a href=\"aroulin@spas-expo.com\" target=\"_blank\" rel=\"noopener\">aroulin@spas-expo.com<\/a><\/em><\/p>\n<h3><span style=\"font-size: 18pt; font-weight: bold;\">CONTACT COMMUNICATION<\/span><\/h3>\n<p><strong>Charg\u00e9e de communication<\/strong><br \/>\nH\u00e9lo\u00efse SALGUES<br \/>\n01.77.37.63.55<br \/>\n<a href=\"mailto:hsalgues@spas-expo.com\">hsalgues@spas-expo.com<\/a><\/p>\n","protected":false},"excerpt":{"rendered":"<p>Pour nous joindre au t\u00e9l\u00e9phone, un seul num\u00e9ro : +33 (1) 45 56 09 09 CONTACT VISITEUR visiteur@salon-zenetbio.com CONTACTS EXPOSANTS \/ CONF\u00c9RENCES exposant@salon-zenetbio.com Directeur des salons Benjamin COSTIOU 01.77.37.63.38 bcostiou@spas-expo.com Attach\u00e9 commerciale Ke\u0301vin SCHWEITZER 01.77.37.63.51 kschweitze@spas-expo.com Attach\u00e9 commercial Antoine Roulin 01.77.37.66.04 aroulin@spas-expo.com CONTACT COMMUNICATION Charg\u00e9e de communication H\u00e9lo\u00efse SALGUES 01.77.37.63.55 hsalgues@spas-expo.com<\/p>\n","protected":false},"author":1,"featured_media":0,"parent":3598,"menu_order":3,"comment_status":"closed","ping_status":"closed","template":"","meta":{"_monsterinsights_skip_tracking":false,"_monsterinsights_sitenote_active":false,"_monsterinsights_sitenote_note":"","_monsterinsights_sitenote_category":0,"footnotes":""},"class_list":["post-7809","page","type-page","status-publish","hentry"],"yoast_head":"<!-- This site is optimized with the Yoast SEO plugin v27.3 - https:\/\/yoast.com\/product\/yoast-seo-wordpress\/ -->\n<title>Contacts - Z&amp;B Angers<\/title>\n<meta name=\"robots\" content=\"index, follow, max-snippet:-1, max-image-preview:large, max-video-preview:-1\" \/>\n<link rel=\"canonical\" href=\"https:\/\/www.salon-zenetbio.com\/angers\/informations-pratiques\/contacts\/\" \/>\n<meta property=\"og:locale\" content=\"fr_FR\" \/>\n<meta property=\"og:type\" content=\"article\" \/>\n<meta property=\"og:title\" content=\"Contacts - Z&amp;B Angers\" \/>\n<meta property=\"og:description\" content=\"Pour nous joindre au t\u00e9l\u00e9phone, un seul num\u00e9ro : +33 (1) 45 56 09 09 CONTACT VISITEUR visiteur@salon-zenetbio.com CONTACTS EXPOSANTS \/ CONF\u00c9RENCES exposant@salon-zenetbio.com Directeur des salons Benjamin COSTIOU 01.77.37.63.38 bcostiou@spas-expo.com Attach\u00e9 commerciale Ke\u0301vin SCHWEITZER 01.77.37.63.51 kschweitze@spas-expo.com Attach\u00e9 commercial Antoine Roulin 01.77.37.66.04 aroulin@spas-expo.com CONTACT COMMUNICATION Charg\u00e9e de communication H\u00e9lo\u00efse SALGUES 01.77.37.63.55 hsalgues@spas-expo.com\" \/>\n<meta property=\"og:url\" content=\"https:\/\/www.salon-zenetbio.com\/angers\/informations-pratiques\/contacts\/\" \/>\n<meta property=\"og:site_name\" content=\"Z&amp;B Angers\" \/>\n<meta property=\"article:modified_time\" content=\"2025-11-28T15:03:23+00:00\" \/>\n<meta name=\"twitter:card\" content=\"summary_large_image\" \/>\n<meta name=\"twitter:label1\" content=\"Dur\u00e9e de lecture estim\u00e9e\" \/>\n\t<meta name=\"twitter:data1\" content=\"1 minute\" \/>\n<script type=\"application\/ld+json\" class=\"yoast-schema-graph\">{\"@context\":\"https:\\\/\\\/schema.org\",\"@graph\":[{\"@type\":\"WebPage\",\"@id\":\"https:\\\/\\\/www.salon-zenetbio.com\\\/angers\\\/informations-pratiques\\\/contacts\\\/\",\"url\":\"https:\\\/\\\/www.salon-zenetbio.com\\\/angers\\\/informations-pratiques\\\/contacts\\\/\",\"name\":\"Contacts - Z&amp;B Angers\",\"isPartOf\":{\"@id\":\"https:\\\/\\\/www.salon-zenetbio.com\\\/angers\\\/#website\"},\"datePublished\":\"2020-05-15T09:19:51+00:00\",\"dateModified\":\"2025-11-28T15:03:23+00:00\",\"breadcrumb\":{\"@id\":\"https:\\\/\\\/www.salon-zenetbio.com\\\/angers\\\/informations-pratiques\\\/contacts\\\/#breadcrumb\"},\"inLanguage\":\"fr-FR\",\"potentialAction\":[{\"@type\":\"ReadAction\",\"target\":[\"https:\\\/\\\/www.salon-zenetbio.com\\\/angers\\\/informations-pratiques\\\/contacts\\\/\"]}]},{\"@type\":\"BreadcrumbList\",\"@id\":\"https:\\\/\\\/www.salon-zenetbio.com\\\/angers\\\/informations-pratiques\\\/contacts\\\/#breadcrumb\",\"itemListElement\":[{\"@type\":\"ListItem\",\"position\":1,\"name\":\"Accueil\",\"item\":\"https:\\\/\\\/www.salon-zenetbio.com\\\/angers\\\/\"},{\"@type\":\"ListItem\",\"position\":2,\"name\":\"Informations pratiques\",\"item\":\"http:\\\/\\\/www.salon-zenetbio.com\\\/angers\\\/informations-pratiques\\\/\"},{\"@type\":\"ListItem\",\"position\":3,\"name\":\"Contacts\"}]},{\"@type\":\"WebSite\",\"@id\":\"https:\\\/\\\/www.salon-zenetbio.com\\\/angers\\\/#website\",\"url\":\"https:\\\/\\\/www.salon-zenetbio.com\\\/angers\\\/\",\"name\":\"Z&amp;B Angers\",\"description\":\"Zen&amp;Bio Angers : votre salon \u00e9colo, bio, bien-\u00eatre et habitat sain\",\"publisher\":{\"@id\":\"https:\\\/\\\/www.salon-zenetbio.com\\\/angers\\\/#organization\"},\"potentialAction\":[{\"@type\":\"SearchAction\",\"target\":{\"@type\":\"EntryPoint\",\"urlTemplate\":\"https:\\\/\\\/www.salon-zenetbio.com\\\/angers\\\/?s={search_term_string}\"},\"query-input\":{\"@type\":\"PropertyValueSpecification\",\"valueRequired\":true,\"valueName\":\"search_term_string\"}}],\"inLanguage\":\"fr-FR\"},{\"@type\":\"Organization\",\"@id\":\"https:\\\/\\\/www.salon-zenetbio.com\\\/angers\\\/#organization\",\"name\":\"Z&amp;B Angers\",\"url\":\"https:\\\/\\\/www.salon-zenetbio.com\\\/angers\\\/\",\"logo\":{\"@type\":\"ImageObject\",\"inLanguage\":\"fr-FR\",\"@id\":\"https:\\\/\\\/www.salon-zenetbio.com\\\/angers\\\/#\\\/schema\\\/logo\\\/image\\\/\",\"url\":\"http:\\\/\\\/www.salon-zenetbio.com\\\/angers\\\/wp-content\\\/uploads\\\/sites\\\/8\\\/2025\\\/11\\\/cropped-Logo-ZEN-et-BIO-angers-2026.png\",\"contentUrl\":\"http:\\\/\\\/www.salon-zenetbio.com\\\/angers\\\/wp-content\\\/uploads\\\/sites\\\/8\\\/2025\\\/11\\\/cropped-Logo-ZEN-et-BIO-angers-2026.png\",\"width\":921,\"height\":255,\"caption\":\"Z&amp;B Angers\"},\"image\":{\"@id\":\"https:\\\/\\\/www.salon-zenetbio.com\\\/angers\\\/#\\\/schema\\\/logo\\\/image\\\/\"}}]}<\/script>\n<!-- \/ Yoast SEO plugin. -->","yoast_head_json":{"title":"Contacts - Z&amp;B Angers","robots":{"index":"index","follow":"follow","max-snippet":"max-snippet:-1","max-image-preview":"max-image-preview:large","max-video-preview":"max-video-preview:-1"},"canonical":"https:\/\/www.salon-zenetbio.com\/angers\/informations-pratiques\/contacts\/","og_locale":"fr_FR","og_type":"article","og_title":"Contacts - Z&amp;B Angers","og_description":"Pour nous joindre au t\u00e9l\u00e9phone, un seul num\u00e9ro : +33 (1) 45 56 09 09 CONTACT VISITEUR visiteur@salon-zenetbio.com CONTACTS EXPOSANTS \/ CONF\u00c9RENCES exposant@salon-zenetbio.com Directeur des salons Benjamin COSTIOU 01.77.37.63.38 bcostiou@spas-expo.com Attach\u00e9 commerciale Ke\u0301vin SCHWEITZER 01.77.37.63.51 kschweitze@spas-expo.com Attach\u00e9 commercial Antoine Roulin 01.77.37.66.04 aroulin@spas-expo.com CONTACT COMMUNICATION Charg\u00e9e de communication H\u00e9lo\u00efse SALGUES 01.77.37.63.55 hsalgues@spas-expo.com","og_url":"https:\/\/www.salon-zenetbio.com\/angers\/informations-pratiques\/contacts\/","og_site_name":"Z&amp;B Angers","article_modified_time":"2025-11-28T15:03:23+00:00","twitter_card":"summary_large_image","twitter_misc":{"Dur\u00e9e de lecture estim\u00e9e":"1 minute"},"schema":{"@context":"https:\/\/schema.org","@graph":[{"@type":"WebPage","@id":"https:\/\/www.salon-zenetbio.com\/angers\/informations-pratiques\/contacts\/","url":"https:\/\/www.salon-zenetbio.com\/angers\/informations-pratiques\/contacts\/","name":"Contacts - Z&amp;B Angers","isPartOf":{"@id":"https:\/\/www.salon-zenetbio.com\/angers\/#website"},"datePublished":"2020-05-15T09:19:51+00:00","dateModified":"2025-11-28T15:03:23+00:00","breadcrumb":{"@id":"https:\/\/www.salon-zenetbio.com\/angers\/informations-pratiques\/contacts\/#breadcrumb"},"inLanguage":"fr-FR","potentialAction":[{"@type":"ReadAction","target":["https:\/\/www.salon-zenetbio.com\/angers\/informations-pratiques\/contacts\/"]}]},{"@type":"BreadcrumbList","@id":"https:\/\/www.salon-zenetbio.com\/angers\/informations-pratiques\/contacts\/#breadcrumb","itemListElement":[{"@type":"ListItem","position":1,"name":"Accueil","item":"https:\/\/www.salon-zenetbio.com\/angers\/"},{"@type":"ListItem","position":2,"name":"Informations pratiques","item":"http:\/\/www.salon-zenetbio.com\/angers\/informations-pratiques\/"},{"@type":"ListItem","position":3,"name":"Contacts"}]},{"@type":"WebSite","@id":"https:\/\/www.salon-zenetbio.com\/angers\/#website","url":"https:\/\/www.salon-zenetbio.com\/angers\/","name":"Z&amp;B Angers","description":"Zen&amp;Bio Angers : votre salon \u00e9colo, bio, bien-\u00eatre et habitat sain","publisher":{"@id":"https:\/\/www.salon-zenetbio.com\/angers\/#organization"},"potentialAction":[{"@type":"SearchAction","target":{"@type":"EntryPoint","urlTemplate":"https:\/\/www.salon-zenetbio.com\/angers\/?s={search_term_string}"},"query-input":{"@type":"PropertyValueSpecification","valueRequired":true,"valueName":"search_term_string"}}],"inLanguage":"fr-FR"},{"@type":"Organization","@id":"https:\/\/www.salon-zenetbio.com\/angers\/#organization","name":"Z&amp;B Angers","url":"https:\/\/www.salon-zenetbio.com\/angers\/","logo":{"@type":"ImageObject","inLanguage":"fr-FR","@id":"https:\/\/www.salon-zenetbio.com\/angers\/#\/schema\/logo\/image\/","url":"http:\/\/www.salon-zenetbio.com\/angers\/wp-content\/uploads\/sites\/8\/2025\/11\/cropped-Logo-ZEN-et-BIO-angers-2026.png","contentUrl":"http:\/\/www.salon-zenetbio.com\/angers\/wp-content\/uploads\/sites\/8\/2025\/11\/cropped-Logo-ZEN-et-BIO-angers-2026.png","width":921,"height":255,"caption":"Z&amp;B Angers"},"image":{"@id":"https:\/\/www.salon-zenetbio.com\/angers\/#\/schema\/logo\/image\/"}}]}},"_links":{"self":[{"href":"http:\/\/www.salon-zenetbio.com\/angers\/wp-json\/wp\/v2\/pages\/7809","targetHints":{"allow":["GET"]}}],"collection":[{"href":"http:\/\/www.salon-zenetbio.com\/angers\/wp-json\/wp\/v2\/pages"}],"about":[{"href":"http:\/\/www.salon-zenetbio.com\/angers\/wp-json\/wp\/v2\/types\/page"}],"author":[{"embeddable":true,"href":"http:\/\/www.salon-zenetbio.com\/angers\/wp-json\/wp\/v2\/users\/1"}],"replies":[{"embeddable":true,"href":"http:\/\/www.salon-zenetbio.com\/angers\/wp-json\/wp\/v2\/comments?post=7809"}],"version-history":[{"count":2,"href":"http:\/\/www.salon-zenetbio.com\/angers\/wp-json\/wp\/v2\/pages\/7809\/revisions"}],"predecessor-version":[{"id":12067,"href":"http:\/\/www.salon-zenetbio.com\/angers\/wp-json\/wp\/v2\/pages\/7809\/revisions\/12067"}],"up":[{"embeddable":true,"href":"http:\/\/www.salon-zenetbio.com\/angers\/wp-json\/wp\/v2\/pages\/3598"}],"wp:attachment":[{"href":"http:\/\/www.salon-zenetbio.com\/angers\/wp-json\/wp\/v2\/media?parent=7809"}],"curies":[{"name":"wp","href":"https:\/\/api.w.org\/{rel}","templated":true}]}}