{"id":4094,"date":"2018-06-28T11:51:11","date_gmt":"2018-06-28T09:51:11","guid":{"rendered":"http:\/\/www.salon-zenetbio.com\/le-reseau\/?page_id=4094"},"modified":"2026-02-17T16:30:29","modified_gmt":"2026-02-17T15:30:29","slug":"vos-outils-de-communication","status":"publish","type":"page","link":"http:\/\/www.salon-zenetbio.com\/le-reseau\/vos-outils-de-communication\/","title":{"rendered":"Vos outils de communication"},"content":{"rendered":"<p>Vous \u00eates exposant aux salons du R\u00e9seau Zen &amp; Bio, d\u00e9couvrez toutes les opportunit\u00e9s pour optimiser votre participation au salon.<\/p>\n<h2>Annoncez votre participation\u00a0<\/h2>\n<h3>Publiez un article d\u00e9di\u00e9 \u00e0 l\u2019annonce de votre pr\u00e9sence au salon, sur votre site web :<\/h3>\n<ul>\n<li>Indiquez les infos pratiques (dates, horaires, N\u00b0 de stand), les produits et les nouveaut\u00e9s pr\u00e9sentes sur votre stand<\/li>\n<li>Int\u00e9grez un lien vers <a href=\"https:\/\/www.salon-zenetbio.com\/\" target=\"_blank\" rel=\"noopener\">www.salon-zenetbio.com<\/a>,\u00a0<a href=\"https:\/\/www.respirelavie.fr\/\" target=\"_blank\" rel=\"noopener\">www.respirelavie.fr<\/a>,\u00a0<a href=\"https:\/\/www.salon-artemisia.com\/\" target=\"_blank\" rel=\"noopener\">www.salon-artemisia.com<\/a> ou\u00a0<a href=\"https:\/\/www.salon-naturabio.com\/\" target=\"_blank\" rel=\"noopener\">www.salon-naturabio.com<\/a><\/li>\n<li><b>Illustrez votre article<\/b> avec des visuels attractifs (des visuels du salon sont \u00e0 votre disposition ci-dessous).<\/li>\n<li>Donnez de la\u00a0<b>visibilit\u00e9<\/b>\u00a0\u00e0 cet article\u00a0:\u00a0<b>homepage<\/b>\u00a0de votre site,<b>\u00a0partage<\/b>\u00a0sur les r\u00e9seaux sociaux&#8230;<\/li>\n<\/ul>\n<p>Proposez aux<b>\u00a0internautes<\/b>\u00a0de vous donner\u00a0<b>leurs coordonn\u00e9es<\/b>\u00a0pour recevoir une<b> invitation aux salons du R\u00e9seau Zen &amp; Bio !<\/b><\/p>\n<h3>Portraits : votre activit\u00e9 int\u00e9resse les visiteurs et journalistes !<\/h3>\n<p>Profitez de cette opportunit\u00e9 pour mettre en avant votre entreprise, vos nouveaut\u00e9s&#8230; Vos informations seront pr\u00e9sent\u00e9es aux visiteurs via le site internet du salon, sur les r\u00e9seaux sociaux et via des affiches pr\u00e9sent\u00e9es lors 3 jours du salon.<\/p>\n<p><a href=\"https:\/\/www.salon-zenetbio.com\/le-reseau\/portrait-exposant\/\" target=\"_blank\" rel=\"noopener\">Remplissez le formulaire \u00ab\u00a0portraits\u00a0\u00bb\u00a0<\/a><\/p>\n<h3 style=\"text-align: justify;\">Vos outils de communication<\/h3>\n<p style=\"text-align: justify;\">Retrouvez ici vos outils de communication pour l&rsquo;ensemble des salons du R\u00e9seau Zen &amp; Bio : banni\u00e8res, affiches, logos, comptes r\u00e9seaux sociaux.\u00a0<\/p>\n<ul>\n<li><a href=\"https:\/\/www.salon-artemisia.com\/presse\/presse\/\" target=\"_blank\" rel=\"noopener noreferrer\">ARTEMISIA MARSEILLE<\/a><\/li>\n<li><a href=\"https:\/\/www.salon-naturabio.com\/presse\/presse\/\" target=\"_blank\" rel=\"noopener noreferrer\">NATURABIO LILLE<\/a><\/li>\n<li><a href=\"https:\/\/www.respirelavie.fr\/rennes\/presse\/presse\/\" target=\"_blank\" rel=\"noopener noreferrer\">RESPIRE LA VIE RENNES<\/a><\/li>\n<li><a href=\"https:\/\/www.salon-zenetbio.com\/angers\/presse\/presse\/\" target=\"_blank\" rel=\"noopener noreferrer\">ZEN &amp; BIO ANGERS<\/a><\/li>\n<li><a href=\"https:\/\/www.salon-zenetbio.com\/lyon\/presse\/presse\/\" target=\"_blank\" rel=\"noopener noreferrer\">ZEN &amp; BIO LYON<\/a><\/li>\n<li><a href=\"https:\/\/www.salon-zenetbio.com\/nantes\/presse\/presse\/\" target=\"_blank\" rel=\"noopener noreferrer\">ZEN &amp; BIO NANTES<\/a><\/li>\n<\/ul>\n<p><a href=\"https:\/\/www.salon-zenetbio.com\/le-reseau\/comment-inserer-le-visuel-et-le-lien-sur-vos-supports\/\" target=\"_blank\" rel=\"noopener\">Cliquez ici<\/a> pour savoir comment ajouter le lien de l&rsquo;entr\u00e9e gratuite du salon<\/p>\n<h2>Avant le salon<\/h2>\n<p>Soyez actif sur les r\u00e9seaux sociaux avant le salon !<\/p>\n<h3>Suivez les salons du r\u00e9seau Zen&amp;Bio et Respire La Vie<\/h3>\n<p>Pour vous tenir au courant de l\u2019actualit\u00e9 des salons et la partager :<\/p>\n<ul>\n<li><a href=\"https:\/\/www.facebook.com\/zenetbio\/\" target=\"_blank\" rel=\"noopener\">Facebook Zen &amp; Bio<\/a><\/li>\n<li><a href=\"https:\/\/www.facebook.com\/SalonsRespire\/\" target=\"_blank\" rel=\"noopener\">Facebook Respire La Vie<\/a><\/li>\n<li><a href=\"https:\/\/www.facebook.com\/artemisiazenetbio\/\" target=\"_blank\" rel=\"noopener\">Facebook Artemisia<\/a><\/li>\n<li><a href=\"https:\/\/www.facebook.com\/salonnaturabio\/\" target=\"_blank\" rel=\"noopener\">Facebook Naturabio<\/a><\/li>\n<li><a href=\"https:\/\/www.instagram.com\/reseauzenetbio\/\" target=\"_blank\" rel=\"noopener\">Instagram<\/a><\/li>\n<li><a href=\"https:\/\/www.linkedin.com\/showcase\/73175324\/admin\/\" target=\"_blank\" rel=\"noopener\">Linkedin<\/a><\/li>\n<\/ul>\n<h3>Postez sur les r\u00e9seaux sociaux<\/h3>\n<p>Pour annoncer votre pr\u00e9sence sur les salons et valoriser vos produits :<\/p>\n<ul>\n<li>Soyez clairs et concis\u00a0<\/li>\n<li>Utilisez les hashtags : <strong>#ZenEtBio #ZenEtBio+nomdusalon #RespireLaVie\u00a0 #RespireLaVie+nomdusalon<\/strong><\/li>\n<li>Pensez \u00e0 identifier le Salon dans vos posts :\n<ul>\n<li><a href=\"https:\/\/www.facebook.com\/zenetbio\/\" target=\"_blank\" rel=\"noopener\">Facebook Zen &amp; Bio<\/a> : <strong>@zenetbio<\/strong><\/li>\n<li><a href=\"https:\/\/www.facebook.com\/SalonsRespire\/\" target=\"_blank\" rel=\"noopener\">Facebook Respire la Vie<\/a> : <strong>@SalonsRespire<\/strong><\/li>\n<li><a href=\"https:\/\/www.facebook.com\/artemisiazenetbio\/\" target=\"_blank\" rel=\"noopener\">Facebook Artemisia<\/a> :\u00a0<strong>@artemisiazenetbio<\/strong><\/li>\n<li><a href=\"https:\/\/www.facebook.com\/salonnaturabio\/\" target=\"_blank\" rel=\"noopener\">Facebook Naturabio<\/a> : <strong>@salonnaturabio<\/strong><\/li>\n<li><a href=\"https:\/\/www.instagram.com\/reseauzenetbio\/\" target=\"_blank\" rel=\"noopener\">Instagram<\/a> : <strong>@reseauzenetbio<\/strong><\/li>\n<li><a href=\"https:\/\/www.linkedin.com\/showcase\/73175324\/admin\/\" target=\"_blank\" rel=\"noopener\">LinkedIn<\/a> : <strong>@R\u00e9seau des salons Zen &amp; Bio<\/strong><\/li>\n<\/ul>\n<\/li>\n<li>Redirigez les internautes vers votre site (article d\u00e9di\u00e9) ou vers le site du salon pour plus d\u2019infos.<\/li>\n<\/ul>\n<h3>Cr\u00e9ez un \u00e9v\u00e9nement sur vos r\u00e9seaux sociaux<\/h3>\n<p>Afin d\u2019augmenter votre visibilit\u00e9 avant le salon. Vos abonn\u00e9s et clients pourront ainsi savoir o\u00f9 vous trouver. Les \u00e9v\u00e8nements ont une meilleure port\u00e9e que les publications.<\/p>\n<ul>\n<li>Le nom de l\u2019\u00e9v\u00e8nement pourra prendre la forme\u00a0: [Nom de l\u2019exposant] au salon [Nom du salon].<\/li>\n<li>N\u2019h\u00e9sitez pas \u00e0 nous ajouter en co-organisateur de votre \u00e9v\u00e8nement lors de sa cr\u00e9ation pour que l\u2019\u00e9v\u00e8nement soit aussi visible sur notre page Facebook.<\/li>\n<li>N\u2019oubliez pas d\u2019ajouter une description, le lieu du salon, ainsi que le lien pour que les personnes puissent demander leur entr\u00e9e.<\/li>\n<li>Pour cr\u00e9er un \u00e9v\u00e8nement rendez-vous sur la gauche de votre page Facebook dans la section \u00c9v\u00e8nements et cliquez simplement sur le bouton Cr\u00e9er un \u00e9v\u00e8nement.\u00a0<\/li>\n<\/ul>\n<h2>&#8230;et pendant le salon<\/h2>\n<ul>\n<li><b>Valorisez votre pr\u00e9sence<\/b>\u00a0sur le salon et\u00a0<b>donnez envie<\/b>\u00a0aux internautes de venir visiter votre stand\u00a0!<\/li>\n<li><b>Annoncez r\u00e9guli\u00e8rement<\/b>\u00a0votre\u00a0<b>emplacement<\/b>\u00a0sur le salon (N\u00b0 de Hall, N\u00b0 de Stand, \u00e9v\u00e9nements organis\u00e9s)<\/li>\n<li>Vous pouvez \u00e9galement\u00a0<b>encourager vos clients \u00e0 parler de vous<\/b>\u00a0sur leurs r\u00e9seaux s\u2019ils sont satisfaits\u00a0!<\/li>\n<li><b>Interagissez avec les followers<\/b>\u00a0qui annoncent leur pr\u00e9sence sur le salon.<\/li>\n<\/ul>\n<p>&nbsp;<\/p>\n<p><em>Pour plus de pr\u00e9cisions, n\u2019h\u00e9sitez pas \u00e0 nous contacter !<\/em><\/p>\n<hr \/>\n<h2>VOS CONTACTS<\/h2>\n<p><strong>H\u00e9lo\u00efse SALGUES<\/strong><br \/>\nResponsable communication<br \/>\n<a href=\"mailto:hsalgues@spas-expo.com\">hsalgues@spas-expo.com<\/a><\/p>\n","protected":false},"excerpt":{"rendered":"<p>Vous \u00eates exposant aux salons du R\u00e9seau Zen &amp; Bio, d\u00e9couvrez toutes les opportunit\u00e9s pour optimiser votre participation au salon. Annoncez votre participation\u00a0 Publiez un article d\u00e9di\u00e9 \u00e0 l\u2019annonce de votre pr\u00e9sence au salon, sur votre site web : Indiquez les infos pratiques (dates, horaires, N\u00b0 de stand), les produits et les nouveaut\u00e9s pr\u00e9sentes sur&hellip; <\/p>\n","protected":false},"author":1,"featured_media":0,"parent":0,"menu_order":0,"comment_status":"closed","ping_status":"closed","template":"","meta":{"_monsterinsights_skip_tracking":false,"_monsterinsights_sitenote_active":false,"_monsterinsights_sitenote_note":"","_monsterinsights_sitenote_category":0,"jetpack_post_was_ever_published":false,"footnotes":""},"class_list":["post-4094","page","type-page","status-publish","hentry"],"yoast_head":"<!-- This site is optimized with the Yoast SEO plugin v27.3 - https:\/\/yoast.com\/product\/yoast-seo-wordpress\/ -->\n<title>Vos outils de communication - Le r\u00e9seau ZEN&amp;BIO<\/title>\n<meta name=\"robots\" content=\"index, follow, max-snippet:-1, max-image-preview:large, max-video-preview:-1\" \/>\n<link rel=\"canonical\" href=\"http:\/\/www.salon-zenetbio.com\/le-reseau\/vos-outils-de-communication\/\" \/>\n<meta property=\"og:locale\" content=\"fr_FR\" \/>\n<meta property=\"og:type\" content=\"article\" \/>\n<meta property=\"og:title\" content=\"Vos outils de communication - Le r\u00e9seau ZEN&amp;BIO\" \/>\n<meta property=\"og:description\" content=\"Vous \u00eates exposant aux salons du R\u00e9seau Zen &amp; Bio, d\u00e9couvrez toutes les opportunit\u00e9s pour optimiser votre participation au salon. Annoncez votre participation\u00a0 Publiez un article d\u00e9di\u00e9 \u00e0 l\u2019annonce de votre pr\u00e9sence au salon, sur votre site web : Indiquez les infos pratiques (dates, horaires, N\u00b0 de stand), les produits et les nouveaut\u00e9s pr\u00e9sentes sur&hellip;\" \/>\n<meta property=\"og:url\" content=\"http:\/\/www.salon-zenetbio.com\/le-reseau\/vos-outils-de-communication\/\" \/>\n<meta property=\"og:site_name\" content=\"Le r\u00e9seau ZEN&amp;BIO\" \/>\n<meta property=\"article:modified_time\" content=\"2026-02-17T15:30:29+00:00\" \/>\n<meta name=\"twitter:card\" content=\"summary_large_image\" \/>\n<meta name=\"twitter:label1\" content=\"Dur\u00e9e de lecture estim\u00e9e\" \/>\n\t<meta name=\"twitter:data1\" content=\"3 minutes\" \/>\n<script type=\"application\/ld+json\" class=\"yoast-schema-graph\">{\"@context\":\"https:\\\/\\\/schema.org\",\"@graph\":[{\"@type\":\"WebPage\",\"@id\":\"http:\\\/\\\/www.salon-zenetbio.com\\\/le-reseau\\\/vos-outils-de-communication\\\/\",\"url\":\"http:\\\/\\\/www.salon-zenetbio.com\\\/le-reseau\\\/vos-outils-de-communication\\\/\",\"name\":\"Vos outils de communication - Le r\u00e9seau ZEN&amp;BIO\",\"isPartOf\":{\"@id\":\"https:\\\/\\\/www.salon-zenetbio.com\\\/le-reseau\\\/#website\"},\"datePublished\":\"2018-06-28T09:51:11+00:00\",\"dateModified\":\"2026-02-17T15:30:29+00:00\",\"breadcrumb\":{\"@id\":\"http:\\\/\\\/www.salon-zenetbio.com\\\/le-reseau\\\/vos-outils-de-communication\\\/#breadcrumb\"},\"inLanguage\":\"fr-FR\",\"potentialAction\":[{\"@type\":\"ReadAction\",\"target\":[\"http:\\\/\\\/www.salon-zenetbio.com\\\/le-reseau\\\/vos-outils-de-communication\\\/\"]}]},{\"@type\":\"BreadcrumbList\",\"@id\":\"http:\\\/\\\/www.salon-zenetbio.com\\\/le-reseau\\\/vos-outils-de-communication\\\/#breadcrumb\",\"itemListElement\":[{\"@type\":\"ListItem\",\"position\":1,\"name\":\"Accueil\",\"item\":\"https:\\\/\\\/www.salon-zenetbio.com\\\/le-reseau\\\/\"},{\"@type\":\"ListItem\",\"position\":2,\"name\":\"Vos outils de communication\"}]},{\"@type\":\"WebSite\",\"@id\":\"https:\\\/\\\/www.salon-zenetbio.com\\\/le-reseau\\\/#website\",\"url\":\"https:\\\/\\\/www.salon-zenetbio.com\\\/le-reseau\\\/\",\"name\":\"Le r\u00e9seau ZEN&amp;BIO\",\"description\":\"Profitez du savoir-faire des salons ZEN&amp;BIO\",\"publisher\":{\"@id\":\"https:\\\/\\\/www.salon-zenetbio.com\\\/le-reseau\\\/#organization\"},\"potentialAction\":[{\"@type\":\"SearchAction\",\"target\":{\"@type\":\"EntryPoint\",\"urlTemplate\":\"https:\\\/\\\/www.salon-zenetbio.com\\\/le-reseau\\\/?s={search_term_string}\"},\"query-input\":{\"@type\":\"PropertyValueSpecification\",\"valueRequired\":true,\"valueName\":\"search_term_string\"}}],\"inLanguage\":\"fr-FR\"},{\"@type\":\"Organization\",\"@id\":\"https:\\\/\\\/www.salon-zenetbio.com\\\/le-reseau\\\/#organization\",\"name\":\"Le r\u00e9seau ZEN&amp;BIO\",\"url\":\"https:\\\/\\\/www.salon-zenetbio.com\\\/le-reseau\\\/\",\"logo\":{\"@type\":\"ImageObject\",\"inLanguage\":\"fr-FR\",\"@id\":\"https:\\\/\\\/www.salon-zenetbio.com\\\/le-reseau\\\/#\\\/schema\\\/logo\\\/image\\\/\",\"url\":\"http:\\\/\\\/www.salon-zenetbio.com\\\/le-reseau\\\/wp-content\\\/uploads\\\/sites\\\/6\\\/2017\\\/05\\\/RESEAU-zen-et-bio-1.jpg\",\"contentUrl\":\"http:\\\/\\\/www.salon-zenetbio.com\\\/le-reseau\\\/wp-content\\\/uploads\\\/sites\\\/6\\\/2017\\\/05\\\/RESEAU-zen-et-bio-1.jpg\",\"width\":210,\"height\":150,\"caption\":\"Le r\u00e9seau ZEN&amp;BIO\"},\"image\":{\"@id\":\"https:\\\/\\\/www.salon-zenetbio.com\\\/le-reseau\\\/#\\\/schema\\\/logo\\\/image\\\/\"}}]}<\/script>\n<!-- \/ Yoast SEO plugin. -->","yoast_head_json":{"title":"Vos outils de communication - Le r\u00e9seau ZEN&amp;BIO","robots":{"index":"index","follow":"follow","max-snippet":"max-snippet:-1","max-image-preview":"max-image-preview:large","max-video-preview":"max-video-preview:-1"},"canonical":"http:\/\/www.salon-zenetbio.com\/le-reseau\/vos-outils-de-communication\/","og_locale":"fr_FR","og_type":"article","og_title":"Vos outils de communication - Le r\u00e9seau ZEN&amp;BIO","og_description":"Vous \u00eates exposant aux salons du R\u00e9seau Zen &amp; Bio, d\u00e9couvrez toutes les opportunit\u00e9s pour optimiser votre participation au salon. Annoncez votre participation\u00a0 Publiez un article d\u00e9di\u00e9 \u00e0 l\u2019annonce de votre pr\u00e9sence au salon, sur votre site web : Indiquez les infos pratiques (dates, horaires, N\u00b0 de stand), les produits et les nouveaut\u00e9s pr\u00e9sentes sur&hellip;","og_url":"http:\/\/www.salon-zenetbio.com\/le-reseau\/vos-outils-de-communication\/","og_site_name":"Le r\u00e9seau ZEN&amp;BIO","article_modified_time":"2026-02-17T15:30:29+00:00","twitter_card":"summary_large_image","twitter_misc":{"Dur\u00e9e de lecture estim\u00e9e":"3 minutes"},"schema":{"@context":"https:\/\/schema.org","@graph":[{"@type":"WebPage","@id":"http:\/\/www.salon-zenetbio.com\/le-reseau\/vos-outils-de-communication\/","url":"http:\/\/www.salon-zenetbio.com\/le-reseau\/vos-outils-de-communication\/","name":"Vos outils de communication - Le r\u00e9seau ZEN&amp;BIO","isPartOf":{"@id":"https:\/\/www.salon-zenetbio.com\/le-reseau\/#website"},"datePublished":"2018-06-28T09:51:11+00:00","dateModified":"2026-02-17T15:30:29+00:00","breadcrumb":{"@id":"http:\/\/www.salon-zenetbio.com\/le-reseau\/vos-outils-de-communication\/#breadcrumb"},"inLanguage":"fr-FR","potentialAction":[{"@type":"ReadAction","target":["http:\/\/www.salon-zenetbio.com\/le-reseau\/vos-outils-de-communication\/"]}]},{"@type":"BreadcrumbList","@id":"http:\/\/www.salon-zenetbio.com\/le-reseau\/vos-outils-de-communication\/#breadcrumb","itemListElement":[{"@type":"ListItem","position":1,"name":"Accueil","item":"https:\/\/www.salon-zenetbio.com\/le-reseau\/"},{"@type":"ListItem","position":2,"name":"Vos outils de communication"}]},{"@type":"WebSite","@id":"https:\/\/www.salon-zenetbio.com\/le-reseau\/#website","url":"https:\/\/www.salon-zenetbio.com\/le-reseau\/","name":"Le r\u00e9seau ZEN&amp;BIO","description":"Profitez du savoir-faire des salons ZEN&amp;BIO","publisher":{"@id":"https:\/\/www.salon-zenetbio.com\/le-reseau\/#organization"},"potentialAction":[{"@type":"SearchAction","target":{"@type":"EntryPoint","urlTemplate":"https:\/\/www.salon-zenetbio.com\/le-reseau\/?s={search_term_string}"},"query-input":{"@type":"PropertyValueSpecification","valueRequired":true,"valueName":"search_term_string"}}],"inLanguage":"fr-FR"},{"@type":"Organization","@id":"https:\/\/www.salon-zenetbio.com\/le-reseau\/#organization","name":"Le r\u00e9seau ZEN&amp;BIO","url":"https:\/\/www.salon-zenetbio.com\/le-reseau\/","logo":{"@type":"ImageObject","inLanguage":"fr-FR","@id":"https:\/\/www.salon-zenetbio.com\/le-reseau\/#\/schema\/logo\/image\/","url":"http:\/\/www.salon-zenetbio.com\/le-reseau\/wp-content\/uploads\/sites\/6\/2017\/05\/RESEAU-zen-et-bio-1.jpg","contentUrl":"http:\/\/www.salon-zenetbio.com\/le-reseau\/wp-content\/uploads\/sites\/6\/2017\/05\/RESEAU-zen-et-bio-1.jpg","width":210,"height":150,"caption":"Le r\u00e9seau ZEN&amp;BIO"},"image":{"@id":"https:\/\/www.salon-zenetbio.com\/le-reseau\/#\/schema\/logo\/image\/"}}]}},"jetpack_sharing_enabled":true,"jetpack_shortlink":"https:\/\/wp.me\/P9aNoA-142","_links":{"self":[{"href":"http:\/\/www.salon-zenetbio.com\/le-reseau\/wp-json\/wp\/v2\/pages\/4094","targetHints":{"allow":["GET"]}}],"collection":[{"href":"http:\/\/www.salon-zenetbio.com\/le-reseau\/wp-json\/wp\/v2\/pages"}],"about":[{"href":"http:\/\/www.salon-zenetbio.com\/le-reseau\/wp-json\/wp\/v2\/types\/page"}],"author":[{"embeddable":true,"href":"http:\/\/www.salon-zenetbio.com\/le-reseau\/wp-json\/wp\/v2\/users\/1"}],"replies":[{"embeddable":true,"href":"http:\/\/www.salon-zenetbio.com\/le-reseau\/wp-json\/wp\/v2\/comments?post=4094"}],"version-history":[{"count":38,"href":"http:\/\/www.salon-zenetbio.com\/le-reseau\/wp-json\/wp\/v2\/pages\/4094\/revisions"}],"predecessor-version":[{"id":5672,"href":"http:\/\/www.salon-zenetbio.com\/le-reseau\/wp-json\/wp\/v2\/pages\/4094\/revisions\/5672"}],"wp:attachment":[{"href":"http:\/\/www.salon-zenetbio.com\/le-reseau\/wp-json\/wp\/v2\/media?parent=4094"}],"curies":[{"name":"wp","href":"https:\/\/api.w.org\/{rel}","templated":true}]}}