{"id":10511,"date":"2020-12-15T15:33:36","date_gmt":"2020-12-15T14:33:36","guid":{"rendered":"http:\/\/www.salon-zenetbio.com\/nantes\/?page_id=10511"},"modified":"2020-12-15T15:33:36","modified_gmt":"2020-12-15T14:33:36","slug":"animations-creatives-et-culinaires-2020","status":"publish","type":"page","link":"http:\/\/www.salon-zenetbio.com\/nantes\/animations-creatives-et-culinaires-2020\/","title":{"rendered":"Animations cr\u00e9atives et culinaires 2020"},"content":{"rendered":"<p><em><strong><span style=\"color: #93268f;\">Salle JULES VERNE<\/span> \/ <span style=\"color: #31537f;\">Salle BERLINGOT<\/span> \/ <span style=\"color: #ff99cc;\">Salle BELEM<\/span><\/strong><\/em><\/p>\n<h2><strong>Vendredi 9 octobre 2020<\/strong><\/h2>\n<p><strong><span style=\"color: #93268f;\">11:00<\/span><\/strong> D\u00e9monstration savon en saponification \u00e0 froid &#8211; Aurelie au Naturel et Savonnerie Douar<br \/>\n<strong><span style=\"color: #31537f;\">11:00<\/span> <\/strong>Brunchons healthy ! (5\u20ac) &#8211; Marie, Seiva<br \/>\n<strong><span style=\"color: #ff99cc;\">11:00<\/span><\/strong> Equilibrer ses repas v\u00e9g\u00e9tariens &#8211; alimentation vivante : lactofermentation, algues,&#8230; &#8211; Rose, Ombelles \u00e0 croquer<br \/>\n<strong><span style=\"color: #93268f;\">12:30<\/span><\/strong> Cuisson basse temp\u00e9rature : de l\u2019entr\u00e9e au dessert en une seule cuisson \u2013 L\u2019Omnicuiseur Vitalit\u00e9<br \/>\n<strong><span style=\"color: #ff99cc;\">12:30<\/span><\/strong> Fabrication d&rsquo;un lait hydratant bio (3\u20ac) &#8211; Marie Fr\u00e9our, Ateliers au naturel<br \/>\n<strong><span style=\"color: #31537f;\">13:00<\/span><\/strong> Cuisinons les l\u00e9gumineuses ! (5\u20ac) &#8211; Marie, Seiva<br \/>\n<strong><span style=\"color: #93268f;\">14:00<\/span><\/strong> D\u00e9couvrir les vertus du bicarbonate, du percarbonate et de la grenade concentr\u00e9e \u2013 Gagik Saakian<br \/>\n<span style=\"color: #ff99cc;\"><strong>14:00<\/strong><\/span> R\u00e9alisation d&rsquo;un baume \u00e0 l\u00e8vres &#8211; Aurelie au Naturel et Chlorophylle<br \/>\n<strong><span style=\"color: #31537f;\">15:00<\/span><\/strong> Cuisinons un go\u00fbter healthy ! (5\u20ac) &#8211; Marie, Seiva<br \/>\n<strong><span style=\"color: #93268f;\">15:30<\/span><\/strong> Atelier \u00e9nerg\u00e9tique, cr\u00e9ation Fleur de Vie (12\u20ac, 10 personnes max, pour adultes et enfants de + 8 ans accompagn\u00e9s) &#8211; Elodie Ball\u00e9, La Cabane d&rsquo;Elo<br \/>\n<strong><span style=\"color: #ff99cc;\">15:30<\/span><\/strong> Fabrication d&rsquo;un d\u00e9odorant (3\u20ac) &#8211; Jos\u00e9phine Dabilly, Ateliers Z\u00e9ro D\u00e9chet<br \/>\n<strong><span style=\"color: #93268f;\">17:00<\/span><\/strong> La lactofermentation v\u00e9g\u00e9tale (2\u20ac) &#8211; Ariane, Les cRAWquantes<br \/>\n<strong><span style=\"color: #31537f;\">17:00<\/span><\/strong> Impression v\u00e9g\u00e9tale sur tissu de r\u00e9cup\u00e9ration (2\u20ac) &#8211; Village Terre et Vie<br \/>\n<strong><span style=\"color: #ff99cc;\">17:00<\/span><\/strong> Fabrication d&rsquo;un dentifrice (3\u20ac) &#8211; Jos\u00e9phine Dabilly, Ateliers Z\u00e9ro D\u00e9chet<\/p>\n<h2><strong>Samedi 10 octobre 2020<\/strong><\/h2>\n<p><span style=\"color: #93268f;\"><strong>11:00<\/strong><\/span> La cuisine vapeur (5\u20ac) &#8211; Magali et Laure Emmanuelle, Miam Nutrition Acad\u00e9mie<br \/>\n<strong><span style=\"color: #31537f;\">11:00<\/span><\/strong> Atelier parent-enfant pour fabriquer sa p\u00e2te \u00e0 modeler (2\u20ac, 10 enfants max) &#8211; Florence Morvant, Cr\u00e9a&rsquo;Naturel<br \/>\n<span style=\"color: #ff99cc;\"><strong>11:00<\/strong><\/span> Equilibrer ses repas v\u00e9g\u00e9tariens &#8211; alimentation vivante : lactofermentation, algues,&#8230; &#8211; Rose, Ombelles \u00e0 croquer<br \/>\n<span style=\"color: #93268f;\"><strong>12:30<\/strong><\/span> Cuisson basse temp\u00e9rature : de l\u2019entr\u00e9e au dessert en une seule cuisson \u2013 L\u2019Omnicuiseur Vitalit\u00e9<br \/>\n<span style=\"color: #31537f;\"><strong>12:30<\/strong><\/span> Faire son fromage v\u00e9g\u00e9tal (2\u20ac) &#8211; Ariane, Les cRAWquantes<br \/>\n<span style=\"color: #ff99cc;\"><strong>12:30<\/strong><\/span> D\u00e9couvrir les vertus du bicarbonate, du percarbonate et de la grenade concentr\u00e9e \u2013 Gagik Saakian<br \/>\n<span style=\"color: #93268f;\"><strong>14:00<\/strong><\/span> R\u00e9alisation d&rsquo;une cr\u00e8me pour le corps solide &#8211; Aurelie au Naturel et Chlorophylle<br \/>\n<span style=\"color: #31537f;\"><strong>14:00<\/strong><\/span> Atelier parent-enfant, Jouets buisonniers : jouer simplement avec la nature (6-10 ans, 10 enfants max) &#8211; Pauline, Marmaille et Pissenlit<br \/>\n<span style=\"color: #93268f;\"><strong>15:30<\/strong><\/span> Le go\u00fbter sant\u00e9 parents\/enfants (5\u20ac) &#8211; Magali et Laure Emmanuelle, Miam Nutrition Acad\u00e9mie<br \/>\n<span style=\"color: #31537f;\"><strong>15:30<\/strong><\/span> Atelier \u00e9nerg\u00e9tique, cr\u00e9ation Fleur de Vie (12\u20ac, 10 personnes max, pour adultes et enfants de + 8 ans accompagn\u00e9s) &#8211; Elodie Ball\u00e9, La Cabane d&rsquo;Elo<br \/>\n<span style=\"color: #93268f;\"><strong>17:00<\/strong><\/span> Initiation \u00e0 la p\u00e2tisserie crue (2\u20ac) &#8211; Ariane, Les cRAWquantes<br \/>\n<span style=\"color: #31537f;\"><strong>17:00<\/strong><\/span> Impression v\u00e9g\u00e9tale sur tissu de r\u00e9cup\u00e9ration (2\u20ac) &#8211; Village Terre et Vie<br \/>\n<span style=\"color: #ff99cc;\"><strong>17:00<\/strong><\/span> Fabrication d&rsquo;un gel hydroalcoolique &#8211; Nadine Bouillon, Jacaranda<\/p>\n<h2><strong>Dimanche 11 octobre 2020<\/strong><\/h2>\n<p><span style=\"color: #93268f;\"><strong>11:00<\/strong><\/span> R\u00e9alisation d&rsquo;un masque exfoliant pour le visage &#8211; Aurelie au Naturel et Chlorophylle<br \/>\n<span style=\"color: #31537f;\"><strong>11:00<\/strong><\/span> Je cuisine mes l\u00e9gumes aux 2 repas (5\u20ac) &#8211; Magali et Laure Emmanuelle, Miam Nutrition Acad\u00e9mie<br \/>\n<span style=\"color: #ff99cc;\"><strong>11:00<\/strong><\/span> Fabrication d&rsquo;un lait hydratant bio (3\u20ac) &#8211; Marie Fr\u00e9our, Ateliers au naturel<br \/>\n<strong><span style=\"color: #93268f;\">12:30<\/span> <\/strong>Cuisson basse temp\u00e9rature : de l\u2019entr\u00e9e au dessert en une seule cuisson \u2013 L\u2019Omnicuiseur Vitalit\u00e9<br \/>\n<strong><span style=\"color: #31537f;\">12:30<\/span><\/strong> Equilibrer ses repas v\u00e9g\u00e9tariens &#8211; alimentation vivante : lactofermentation, algues,&#8230; &#8211; Rose, Ombelles \u00e0 croquer<br \/>\n<span style=\"color: #ff99cc;\"><strong>12:30<\/strong><\/span> D\u00e9couvrir les vertus du bicarbonate, du percarbonate et de la grenade concentr\u00e9e \u2013 Gagik Saakian<br \/>\n<span style=\"color: #93268f;\"><strong>14:00<\/strong><\/span> Atelier parent-enfant, Eveil sensoriel de la nature : mini-jeux, cr\u00e9ations land art, comptines (2-5 ans, 10 enfants max) &#8211; Pauline, Marmaille et Pissenlit<br \/>\n<span style=\"color: #31537f;\"><strong>14:00<\/strong><\/span> Les l\u00e9gumineuses de l&rsquo;entr\u00e9e au dessert (5\u20ac) &#8211; Magali et Laure Emmanuelle, Miam Nutrition Acad\u00e9mie<br \/>\n<span style=\"color: #93268f;\"><strong>15:30<\/strong> <\/span>Atelier produits d&rsquo;entretien : faire sa lessive avec des plantes (2\u20ac, 15 pers. max) &#8211; Florence Morvant, Cr\u00e9a&rsquo;Naturel<br \/>\n<span style=\"color: #31537f;\"><strong>15:30<\/strong> <\/span>Atelier Capteur de r\u00eaves (12\u20ac, 10 personnes max, pour adultes et enfants de + 8 ans accompagn\u00e9s) &#8211; Elodie Ball\u00e9, La Cabane d&rsquo;Elo<br \/>\n<del><span style=\"color: #93268f;\"><strong>17:00<\/strong><\/span> Analyser le sol de son jardin nourricier &#8211; Floriana Pondichie et Jean-Roch Vinet, Les Nourritures Urbaines<\/del> \/\/ <strong>annul\u00e9<\/strong><br \/>\n<span style=\"color: #31537f;\"><strong>17:00<\/strong><\/span> Fabrication d&rsquo;une cr\u00e8me pour les mains &#8211; Nadine Bouillon, Jacaranda<br \/>\n<span style=\"color: #ff99cc;\"><strong>17:00<\/strong><\/span> Atelier culinaire anti-gaspi &#8211; Hanso &amp; Z\u00e9d\u00e9<\/p>\n","protected":false},"excerpt":{"rendered":"<p>Salle JULES VERNE \/ Salle BERLINGOT \/ Salle BELEM Vendredi 9 octobre 2020 11:00 D\u00e9monstration savon en saponification \u00e0 froid &#8211; Aurelie au Naturel et Savonnerie Douar 11:00 Brunchons healthy ! (5\u20ac) &#8211; Marie, Seiva 11:00 Equilibrer ses repas v\u00e9g\u00e9tariens &#8211; alimentation vivante : lactofermentation, algues,&#8230; &#8211; Rose, Ombelles \u00e0 croquer 12:30 Cuisson basse temp\u00e9rature&hellip; <\/p>\n","protected":false},"author":5,"featured_media":0,"parent":0,"menu_order":0,"comment_status":"closed","ping_status":"closed","template":"","meta":{"_monsterinsights_skip_tracking":false,"_monsterinsights_sitenote_active":false,"_monsterinsights_sitenote_note":"","_monsterinsights_sitenote_category":0,"footnotes":""},"class_list":["post-10511","page","type-page","status-publish","hentry"],"yoast_head":"<!-- This site is optimized with the Yoast SEO plugin v27.3 - https:\/\/yoast.com\/product\/yoast-seo-wordpress\/ -->\n<title>Animations cr\u00e9atives et culinaires 2020 - Salon ZEN &amp; BIO Nantes<\/title>\n<meta name=\"robots\" content=\"index, follow, max-snippet:-1, max-image-preview:large, max-video-preview:-1\" \/>\n<link rel=\"canonical\" href=\"http:\/\/www.salon-zenetbio.com\/nantes\/animations-creatives-et-culinaires-2020\/\" \/>\n<meta property=\"og:locale\" content=\"fr_FR\" \/>\n<meta property=\"og:type\" content=\"article\" \/>\n<meta property=\"og:title\" content=\"Animations cr\u00e9atives et culinaires 2020 - Salon ZEN &amp; BIO Nantes\" \/>\n<meta property=\"og:description\" content=\"Salle JULES VERNE \/ Salle BERLINGOT \/ Salle BELEM Vendredi 9 octobre 2020 11:00 D\u00e9monstration savon en saponification \u00e0 froid &#8211; Aurelie au Naturel et Savonnerie Douar 11:00 Brunchons healthy ! (5\u20ac) &#8211; Marie, Seiva 11:00 Equilibrer ses repas v\u00e9g\u00e9tariens &#8211; alimentation vivante : lactofermentation, algues,&#8230; &#8211; Rose, Ombelles \u00e0 croquer 12:30 Cuisson basse temp\u00e9rature&hellip;\" \/>\n<meta property=\"og:url\" content=\"http:\/\/www.salon-zenetbio.com\/nantes\/animations-creatives-et-culinaires-2020\/\" \/>\n<meta property=\"og:site_name\" content=\"Salon ZEN &amp; BIO Nantes\" \/>\n<meta name=\"twitter:card\" content=\"summary_large_image\" \/>\n<meta name=\"twitter:label1\" content=\"Dur\u00e9e de lecture estim\u00e9e\" \/>\n\t<meta name=\"twitter:data1\" content=\"3 minutes\" \/>\n<script type=\"application\/ld+json\" class=\"yoast-schema-graph\">{\"@context\":\"https:\\\/\\\/schema.org\",\"@graph\":[{\"@type\":\"WebPage\",\"@id\":\"http:\\\/\\\/www.salon-zenetbio.com\\\/nantes\\\/animations-creatives-et-culinaires-2020\\\/\",\"url\":\"http:\\\/\\\/www.salon-zenetbio.com\\\/nantes\\\/animations-creatives-et-culinaires-2020\\\/\",\"name\":\"Animations cr\u00e9atives et culinaires 2020 - Salon ZEN &amp; BIO Nantes\",\"isPartOf\":{\"@id\":\"https:\\\/\\\/www.salon-zenetbio.com\\\/nantes\\\/#website\"},\"datePublished\":\"2020-12-15T14:33:36+00:00\",\"breadcrumb\":{\"@id\":\"http:\\\/\\\/www.salon-zenetbio.com\\\/nantes\\\/animations-creatives-et-culinaires-2020\\\/#breadcrumb\"},\"inLanguage\":\"fr-FR\",\"potentialAction\":[{\"@type\":\"ReadAction\",\"target\":[\"http:\\\/\\\/www.salon-zenetbio.com\\\/nantes\\\/animations-creatives-et-culinaires-2020\\\/\"]}]},{\"@type\":\"BreadcrumbList\",\"@id\":\"http:\\\/\\\/www.salon-zenetbio.com\\\/nantes\\\/animations-creatives-et-culinaires-2020\\\/#breadcrumb\",\"itemListElement\":[{\"@type\":\"ListItem\",\"position\":1,\"name\":\"Accueil\",\"item\":\"https:\\\/\\\/www.salon-zenetbio.com\\\/nantes\\\/\"},{\"@type\":\"ListItem\",\"position\":2,\"name\":\"Animations cr\u00e9atives et culinaires 2020\"}]},{\"@type\":\"WebSite\",\"@id\":\"https:\\\/\\\/www.salon-zenetbio.com\\\/nantes\\\/#website\",\"url\":\"https:\\\/\\\/www.salon-zenetbio.com\\\/nantes\\\/\",\"name\":\"Salon ZEN &amp; BIO Nantes\",\"description\":\"salon ZEN &amp; BIO Nantes : votre salon bio, bien-\u00eatre et habitat sain\",\"publisher\":{\"@id\":\"https:\\\/\\\/www.salon-zenetbio.com\\\/nantes\\\/#organization\"},\"potentialAction\":[{\"@type\":\"SearchAction\",\"target\":{\"@type\":\"EntryPoint\",\"urlTemplate\":\"https:\\\/\\\/www.salon-zenetbio.com\\\/nantes\\\/?s={search_term_string}\"},\"query-input\":{\"@type\":\"PropertyValueSpecification\",\"valueRequired\":true,\"valueName\":\"search_term_string\"}}],\"inLanguage\":\"fr-FR\"},{\"@type\":\"Organization\",\"@id\":\"https:\\\/\\\/www.salon-zenetbio.com\\\/nantes\\\/#organization\",\"name\":\"Salon ZEN &amp; BIO Nantes\",\"url\":\"https:\\\/\\\/www.salon-zenetbio.com\\\/nantes\\\/\",\"logo\":{\"@type\":\"ImageObject\",\"inLanguage\":\"fr-FR\",\"@id\":\"https:\\\/\\\/www.salon-zenetbio.com\\\/nantes\\\/#\\\/schema\\\/logo\\\/image\\\/\",\"url\":\"http:\\\/\\\/www.salon-zenetbio.com\\\/nantes\\\/wp-content\\\/uploads\\\/sites\\\/7\\\/2026\\\/03\\\/cropped-Logo-ZEN-et-BIO-nantes-2026.png\",\"contentUrl\":\"http:\\\/\\\/www.salon-zenetbio.com\\\/nantes\\\/wp-content\\\/uploads\\\/sites\\\/7\\\/2026\\\/03\\\/cropped-Logo-ZEN-et-BIO-nantes-2026.png\",\"width\":921,\"height\":255,\"caption\":\"Salon ZEN &amp; BIO Nantes\"},\"image\":{\"@id\":\"https:\\\/\\\/www.salon-zenetbio.com\\\/nantes\\\/#\\\/schema\\\/logo\\\/image\\\/\"}}]}<\/script>\n<!-- \/ Yoast SEO plugin. -->","yoast_head_json":{"title":"Animations cr\u00e9atives et culinaires 2020 - Salon ZEN &amp; BIO Nantes","robots":{"index":"index","follow":"follow","max-snippet":"max-snippet:-1","max-image-preview":"max-image-preview:large","max-video-preview":"max-video-preview:-1"},"canonical":"http:\/\/www.salon-zenetbio.com\/nantes\/animations-creatives-et-culinaires-2020\/","og_locale":"fr_FR","og_type":"article","og_title":"Animations cr\u00e9atives et culinaires 2020 - Salon ZEN &amp; BIO Nantes","og_description":"Salle JULES VERNE \/ Salle BERLINGOT \/ Salle BELEM Vendredi 9 octobre 2020 11:00 D\u00e9monstration savon en saponification \u00e0 froid &#8211; Aurelie au Naturel et Savonnerie Douar 11:00 Brunchons healthy ! (5\u20ac) &#8211; Marie, Seiva 11:00 Equilibrer ses repas v\u00e9g\u00e9tariens &#8211; alimentation vivante : lactofermentation, algues,&#8230; &#8211; Rose, Ombelles \u00e0 croquer 12:30 Cuisson basse temp\u00e9rature&hellip;","og_url":"http:\/\/www.salon-zenetbio.com\/nantes\/animations-creatives-et-culinaires-2020\/","og_site_name":"Salon ZEN &amp; BIO Nantes","twitter_card":"summary_large_image","twitter_misc":{"Dur\u00e9e de lecture estim\u00e9e":"3 minutes"},"schema":{"@context":"https:\/\/schema.org","@graph":[{"@type":"WebPage","@id":"http:\/\/www.salon-zenetbio.com\/nantes\/animations-creatives-et-culinaires-2020\/","url":"http:\/\/www.salon-zenetbio.com\/nantes\/animations-creatives-et-culinaires-2020\/","name":"Animations cr\u00e9atives et culinaires 2020 - Salon ZEN &amp; BIO Nantes","isPartOf":{"@id":"https:\/\/www.salon-zenetbio.com\/nantes\/#website"},"datePublished":"2020-12-15T14:33:36+00:00","breadcrumb":{"@id":"http:\/\/www.salon-zenetbio.com\/nantes\/animations-creatives-et-culinaires-2020\/#breadcrumb"},"inLanguage":"fr-FR","potentialAction":[{"@type":"ReadAction","target":["http:\/\/www.salon-zenetbio.com\/nantes\/animations-creatives-et-culinaires-2020\/"]}]},{"@type":"BreadcrumbList","@id":"http:\/\/www.salon-zenetbio.com\/nantes\/animations-creatives-et-culinaires-2020\/#breadcrumb","itemListElement":[{"@type":"ListItem","position":1,"name":"Accueil","item":"https:\/\/www.salon-zenetbio.com\/nantes\/"},{"@type":"ListItem","position":2,"name":"Animations cr\u00e9atives et culinaires 2020"}]},{"@type":"WebSite","@id":"https:\/\/www.salon-zenetbio.com\/nantes\/#website","url":"https:\/\/www.salon-zenetbio.com\/nantes\/","name":"Salon ZEN &amp; BIO Nantes","description":"salon ZEN &amp; BIO Nantes : votre salon bio, bien-\u00eatre et habitat sain","publisher":{"@id":"https:\/\/www.salon-zenetbio.com\/nantes\/#organization"},"potentialAction":[{"@type":"SearchAction","target":{"@type":"EntryPoint","urlTemplate":"https:\/\/www.salon-zenetbio.com\/nantes\/?s={search_term_string}"},"query-input":{"@type":"PropertyValueSpecification","valueRequired":true,"valueName":"search_term_string"}}],"inLanguage":"fr-FR"},{"@type":"Organization","@id":"https:\/\/www.salon-zenetbio.com\/nantes\/#organization","name":"Salon ZEN &amp; BIO Nantes","url":"https:\/\/www.salon-zenetbio.com\/nantes\/","logo":{"@type":"ImageObject","inLanguage":"fr-FR","@id":"https:\/\/www.salon-zenetbio.com\/nantes\/#\/schema\/logo\/image\/","url":"http:\/\/www.salon-zenetbio.com\/nantes\/wp-content\/uploads\/sites\/7\/2026\/03\/cropped-Logo-ZEN-et-BIO-nantes-2026.png","contentUrl":"http:\/\/www.salon-zenetbio.com\/nantes\/wp-content\/uploads\/sites\/7\/2026\/03\/cropped-Logo-ZEN-et-BIO-nantes-2026.png","width":921,"height":255,"caption":"Salon ZEN &amp; BIO Nantes"},"image":{"@id":"https:\/\/www.salon-zenetbio.com\/nantes\/#\/schema\/logo\/image\/"}}]}},"_links":{"self":[{"href":"http:\/\/www.salon-zenetbio.com\/nantes\/wp-json\/wp\/v2\/pages\/10511","targetHints":{"allow":["GET"]}}],"collection":[{"href":"http:\/\/www.salon-zenetbio.com\/nantes\/wp-json\/wp\/v2\/pages"}],"about":[{"href":"http:\/\/www.salon-zenetbio.com\/nantes\/wp-json\/wp\/v2\/types\/page"}],"author":[{"embeddable":true,"href":"http:\/\/www.salon-zenetbio.com\/nantes\/wp-json\/wp\/v2\/users\/5"}],"replies":[{"embeddable":true,"href":"http:\/\/www.salon-zenetbio.com\/nantes\/wp-json\/wp\/v2\/comments?post=10511"}],"version-history":[{"count":1,"href":"http:\/\/www.salon-zenetbio.com\/nantes\/wp-json\/wp\/v2\/pages\/10511\/revisions"}],"predecessor-version":[{"id":10512,"href":"http:\/\/www.salon-zenetbio.com\/nantes\/wp-json\/wp\/v2\/pages\/10511\/revisions\/10512"}],"wp:attachment":[{"href":"http:\/\/www.salon-zenetbio.com\/nantes\/wp-json\/wp\/v2\/media?parent=10511"}],"curies":[{"name":"wp","href":"https:\/\/api.w.org\/{rel}","templated":true}]}}