{"id":10798,"date":"2024-11-12T11:26:57","date_gmt":"2024-11-12T10:26:57","guid":{"rendered":"https:\/\/www.salon-zenetbio.com\/angers\/?page_id=10798"},"modified":"2024-11-12T11:26:57","modified_gmt":"2024-11-12T10:26:57","slug":"ateliers-bien-etre-2024","status":"publish","type":"page","link":"https:\/\/www.salon-zenetbio.com\/angers\/ateliers-bien-etre-2024\/","title":{"rendered":"Ateliers bien-\u00eatre 2024"},"content":{"rendered":"<p>Tous les jours, exp\u00e9rimentez la m\u00e9ditation, le yoga, la danse cr\u00e9ative, la sophrologie, l\u2019hypnose, etc. Une occasion de tester ces techniques et de dialoguer avec des praticiens de bien-\u00eatre.<\/p>\n<p>&nbsp;<\/p>\n<p>Les ateliers se tiennent dans l&rsquo;espace suivant :<br \/>\n<strong><span style=\"color: #d82f89;\">Espace GARGANTUA<\/span><\/strong><\/p>\n<h2>Vendredi 8 mars<\/h2>\n<p><span style=\"color: #d82f89;\"><strong>11:00<\/strong><\/span> Int\u00e9grer les super-aliments au quotidien <em><strong>&#8211; Monique Pellen\u00a0<\/strong><\/em><br \/>\n<span style=\"color: #d82f89;\"><strong>13:00<\/strong> <\/span>Sant\u00e9 au travers de votre habitat (Feng Shui et G\u00e9obiologie)<em>\u00a0<strong>&#8211; Isabelle Rome<\/strong><\/em><br \/>\n<span style=\"color: #d82f89;\"><strong>14:00<\/strong><\/span> Voyage Zen au c\u0153ur de l&rsquo;hiver<em> <strong>&#8211; Sophie touyon et Ana\u00efs Belier<\/strong><\/em><br \/>\n<span style=\"color: #d82f89;\"><strong>15:00<\/strong><\/span> Se pr\u00e9parer mentalement avec la sophrologie <em><strong>&#8211; Diane Lavoix<\/strong><\/em><br \/>\n<span style=\"color: #d82f89;\"><strong>16:00<\/strong><\/span> Voyage chamanique aux tambours et chant de purification <em><strong>&#8211; Marie-Rose et Pascal Gontier\u00a0<\/strong><\/em><br \/>\n<span style=\"color: #d82f89;\"><strong>17:00<\/strong><\/span> Constellations Familiales Atelier D\u00e9couverte <em><strong>&#8211; Carine Chapin<\/strong><\/em><br \/>\n<span style=\"color: #d82f89;\"><strong>18:00<\/strong><\/span> D\u00e9couverte massage Amma assis <em><strong>&#8211; Laetitia Fournier<\/strong><\/em><\/p>\n<h2>Samedi 9 mars<\/h2>\n<p><span style=\"color: #d82f89;\"><strong>11:00<\/strong><\/span> D\u00e9couverte massage Amma assis <em><strong>&#8211; Laetitia Fournier<\/strong><\/em><br \/>\n<span style=\"color: #d82f89;\"><strong>12:00<\/strong><\/span> M\u00e9ditation chamanique avec le c\u0153ur de la Terre <em><strong>&#8211; Catherine Vall\u00e9e Platel<\/strong><\/em><br \/>\n<span style=\"color: #d82f89;\"><strong>13:00<\/strong><\/span> Soin collectif C\u0153ur Cristal <em><strong>&#8211; Christelle Tafanel<\/strong><\/em><br \/>\n<span style=\"color: #d82f89;\"><strong>14:00<\/strong><\/span> La m\u00e9thode QET, conscientiser les Maux par les mots <em><strong>&#8211; Maryvonne Pomm\u00e9<\/strong><\/em><br \/>\n<span style=\"color: #d82f89;\"><strong>15:00<\/strong><\/span> R\u00e9guler ses \u00e9motions avec la sophrologie et l&rsquo;EFT <em><strong>&#8211; Diane Lavoix<br \/>\n<\/strong><\/em><strong><span style=\"color: #d82f89;\">16:00 <\/span><\/strong>Comment pr\u00e9server son capital jeunesse et vitalit\u00e9 avec l&rsquo;apith\u00e9rapie <em><strong>&#8211; B\u00e9n\u00e9dicte Postic<br \/>\n<\/strong><\/em><span style=\"color: #d82f89;\"><strong>17:00<\/strong><\/span> Soulagez votre corps en parlant avec vos cellules gr\u00e2ce \u00e0 la physique quantique ? <em><strong>&#8211; Jean-Pierre Chamodot<\/strong><\/em><br \/>\n<span style=\"color: #d82f89;\"><strong>18:00<\/strong><\/span> Lib\u00e9rer la charge mentale et gagner en s\u00e9r\u00e9nit\u00e9 par le yoga du souffle <em><strong>&#8211; Pascal Gontier <\/strong><\/em><\/p>\n<h2>Dimanche 10 mars<\/h2>\n<p><span style=\"color: #d82f89;\"><strong>11:00<\/strong><\/span> Int\u00e9grer les super-aliments au quotidien <em><strong>&#8211; Monique Pellen\u00a0<\/strong><\/em><br \/>\n<span style=\"color: #d82f89;\"><strong>12:00<\/strong><\/span> Pr\u00e9senter la pratique d&rsquo;un appareil des points d&rsquo;acupuncture Teraforce pour am\u00e9liorer la sant\u00e9 au quotidien <em><strong>&#8211; Teraforce &#8211; Chang\u00a0<\/strong><\/em><br \/>\n<span style=\"color: #d82f89;\"><strong>13:00<\/strong><\/span> Mieux g\u00e9rer le stress avec la sophrologie <em><strong>&#8211; Diane Lavoix<\/strong><\/em><br \/>\n<span style=\"color: #d82f89;\"><strong>14:00<\/strong><\/span> Atelier Qi-Gong <em><strong>&#8211; Evelyne Boileve et S\u00e9bastien Artaud<\/strong><\/em><br \/>\n<span style=\"color: #d82f89;\"><strong>15:00<\/strong><\/span> Constellations Familiales Atelier D\u00e9couverte <em><strong>&#8211; Carine Chapin\u00a0<\/strong><\/em><br \/>\n<span style=\"color: #d82f89;\"><strong>16:00<\/strong><\/span> M\u00e9ditation canalis\u00e9e <strong><em>&#8211; Pascale Ott<\/em><\/strong><br \/>\n<span style=\"color: #d82f89;\"><strong>17:00<\/strong><\/span> D\u00e9couverte massage Amma assis <em><strong>&#8211; Laetitia Fournier\u00a0<\/strong><\/em><\/p>\n","protected":false},"excerpt":{"rendered":"<p>Tous les jours, exp\u00e9rimentez la m\u00e9ditation, le yoga, la danse cr\u00e9ative, la sophrologie, l\u2019hypnose, etc. Une occasion de tester ces techniques et de dialoguer avec des praticiens de bien-\u00eatre. &nbsp; Les ateliers se tiennent dans l&rsquo;espace suivant : Espace GARGANTUA Vendredi 8 mars 11:00 Int\u00e9grer les super-aliments au quotidien &#8211; Monique Pellen\u00a0 13:00 Sant\u00e9 au&hellip; <\/p>\n","protected":false},"author":6,"featured_media":0,"parent":0,"menu_order":0,"comment_status":"closed","ping_status":"closed","template":"","meta":{"_monsterinsights_skip_tracking":false,"_monsterinsights_sitenote_active":false,"_monsterinsights_sitenote_note":"","_monsterinsights_sitenote_category":0,"footnotes":""},"class_list":["post-10798","page","type-page","status-publish","hentry"],"yoast_head":"<!-- This site is optimized with the Yoast SEO plugin v27.3 - https:\/\/yoast.com\/product\/yoast-seo-wordpress\/ -->\n<title>Ateliers bien-\u00eatre 2024 - Z&amp;B Angers<\/title>\n<meta name=\"robots\" content=\"index, follow, max-snippet:-1, max-image-preview:large, max-video-preview:-1\" \/>\n<link rel=\"canonical\" href=\"https:\/\/www.salon-zenetbio.com\/angers\/ateliers-bien-etre-2024\/\" \/>\n<meta property=\"og:locale\" content=\"fr_FR\" \/>\n<meta property=\"og:type\" content=\"article\" \/>\n<meta property=\"og:title\" content=\"Ateliers bien-\u00eatre 2024 - Z&amp;B Angers\" \/>\n<meta property=\"og:description\" content=\"Tous les jours, exp\u00e9rimentez la m\u00e9ditation, le yoga, la danse cr\u00e9ative, la sophrologie, l\u2019hypnose, etc. Une occasion de tester ces techniques et de dialoguer avec des praticiens de bien-\u00eatre. &nbsp; Les ateliers se tiennent dans l&rsquo;espace suivant : Espace GARGANTUA Vendredi 8 mars 11:00 Int\u00e9grer les super-aliments au quotidien &#8211; Monique Pellen\u00a0 13:00 Sant\u00e9 au&hellip;\" \/>\n<meta property=\"og:url\" content=\"https:\/\/www.salon-zenetbio.com\/angers\/ateliers-bien-etre-2024\/\" \/>\n<meta property=\"og:site_name\" content=\"Z&amp;B Angers\" \/>\n<meta name=\"twitter:card\" content=\"summary_large_image\" \/>\n<meta name=\"twitter:label1\" content=\"Dur\u00e9e de lecture estim\u00e9e\" \/>\n\t<meta name=\"twitter:data1\" content=\"2 minutes\" \/>\n<script type=\"application\/ld+json\" class=\"yoast-schema-graph\">{\"@context\":\"https:\\\/\\\/schema.org\",\"@graph\":[{\"@type\":\"WebPage\",\"@id\":\"https:\\\/\\\/www.salon-zenetbio.com\\\/angers\\\/ateliers-bien-etre-2024\\\/\",\"url\":\"https:\\\/\\\/www.salon-zenetbio.com\\\/angers\\\/ateliers-bien-etre-2024\\\/\",\"name\":\"Ateliers bien-\u00eatre 2024 - Z&amp;B Angers\",\"isPartOf\":{\"@id\":\"https:\\\/\\\/www.salon-zenetbio.com\\\/angers\\\/#website\"},\"datePublished\":\"2024-11-12T10:26:57+00:00\",\"breadcrumb\":{\"@id\":\"https:\\\/\\\/www.salon-zenetbio.com\\\/angers\\\/ateliers-bien-etre-2024\\\/#breadcrumb\"},\"inLanguage\":\"fr-FR\",\"potentialAction\":[{\"@type\":\"ReadAction\",\"target\":[\"https:\\\/\\\/www.salon-zenetbio.com\\\/angers\\\/ateliers-bien-etre-2024\\\/\"]}]},{\"@type\":\"BreadcrumbList\",\"@id\":\"https:\\\/\\\/www.salon-zenetbio.com\\\/angers\\\/ateliers-bien-etre-2024\\\/#breadcrumb\",\"itemListElement\":[{\"@type\":\"ListItem\",\"position\":1,\"name\":\"Accueil\",\"item\":\"https:\\\/\\\/www.salon-zenetbio.com\\\/angers\\\/\"},{\"@type\":\"ListItem\",\"position\":2,\"name\":\"Ateliers bien-\u00eatre 2024\"}]},{\"@type\":\"WebSite\",\"@id\":\"https:\\\/\\\/www.salon-zenetbio.com\\\/angers\\\/#website\",\"url\":\"https:\\\/\\\/www.salon-zenetbio.com\\\/angers\\\/\",\"name\":\"Z&amp;B Angers\",\"description\":\"Zen&amp;Bio Angers : votre salon \u00e9colo, bio, bien-\u00eatre et habitat sain\",\"publisher\":{\"@id\":\"https:\\\/\\\/www.salon-zenetbio.com\\\/angers\\\/#organization\"},\"potentialAction\":[{\"@type\":\"SearchAction\",\"target\":{\"@type\":\"EntryPoint\",\"urlTemplate\":\"https:\\\/\\\/www.salon-zenetbio.com\\\/angers\\\/?s={search_term_string}\"},\"query-input\":{\"@type\":\"PropertyValueSpecification\",\"valueRequired\":true,\"valueName\":\"search_term_string\"}}],\"inLanguage\":\"fr-FR\"},{\"@type\":\"Organization\",\"@id\":\"https:\\\/\\\/www.salon-zenetbio.com\\\/angers\\\/#organization\",\"name\":\"Z&amp;B Angers\",\"url\":\"https:\\\/\\\/www.salon-zenetbio.com\\\/angers\\\/\",\"logo\":{\"@type\":\"ImageObject\",\"inLanguage\":\"fr-FR\",\"@id\":\"https:\\\/\\\/www.salon-zenetbio.com\\\/angers\\\/#\\\/schema\\\/logo\\\/image\\\/\",\"url\":\"https:\\\/\\\/www.salon-zenetbio.com\\\/angers\\\/wp-content\\\/uploads\\\/sites\\\/8\\\/2025\\\/11\\\/cropped-Logo-ZEN-et-BIO-angers-2026.png\",\"contentUrl\":\"https:\\\/\\\/www.salon-zenetbio.com\\\/angers\\\/wp-content\\\/uploads\\\/sites\\\/8\\\/2025\\\/11\\\/cropped-Logo-ZEN-et-BIO-angers-2026.png\",\"width\":921,\"height\":255,\"caption\":\"Z&amp;B Angers\"},\"image\":{\"@id\":\"https:\\\/\\\/www.salon-zenetbio.com\\\/angers\\\/#\\\/schema\\\/logo\\\/image\\\/\"}}]}<\/script>\n<!-- \/ Yoast SEO plugin. -->","yoast_head_json":{"title":"Ateliers bien-\u00eatre 2024 - Z&amp;B Angers","robots":{"index":"index","follow":"follow","max-snippet":"max-snippet:-1","max-image-preview":"max-image-preview:large","max-video-preview":"max-video-preview:-1"},"canonical":"https:\/\/www.salon-zenetbio.com\/angers\/ateliers-bien-etre-2024\/","og_locale":"fr_FR","og_type":"article","og_title":"Ateliers bien-\u00eatre 2024 - Z&amp;B Angers","og_description":"Tous les jours, exp\u00e9rimentez la m\u00e9ditation, le yoga, la danse cr\u00e9ative, la sophrologie, l\u2019hypnose, etc. Une occasion de tester ces techniques et de dialoguer avec des praticiens de bien-\u00eatre. &nbsp; Les ateliers se tiennent dans l&rsquo;espace suivant : Espace GARGANTUA Vendredi 8 mars 11:00 Int\u00e9grer les super-aliments au quotidien &#8211; Monique Pellen\u00a0 13:00 Sant\u00e9 au&hellip;","og_url":"https:\/\/www.salon-zenetbio.com\/angers\/ateliers-bien-etre-2024\/","og_site_name":"Z&amp;B Angers","twitter_card":"summary_large_image","twitter_misc":{"Dur\u00e9e de lecture estim\u00e9e":"2 minutes"},"schema":{"@context":"https:\/\/schema.org","@graph":[{"@type":"WebPage","@id":"https:\/\/www.salon-zenetbio.com\/angers\/ateliers-bien-etre-2024\/","url":"https:\/\/www.salon-zenetbio.com\/angers\/ateliers-bien-etre-2024\/","name":"Ateliers bien-\u00eatre 2024 - Z&amp;B Angers","isPartOf":{"@id":"https:\/\/www.salon-zenetbio.com\/angers\/#website"},"datePublished":"2024-11-12T10:26:57+00:00","breadcrumb":{"@id":"https:\/\/www.salon-zenetbio.com\/angers\/ateliers-bien-etre-2024\/#breadcrumb"},"inLanguage":"fr-FR","potentialAction":[{"@type":"ReadAction","target":["https:\/\/www.salon-zenetbio.com\/angers\/ateliers-bien-etre-2024\/"]}]},{"@type":"BreadcrumbList","@id":"https:\/\/www.salon-zenetbio.com\/angers\/ateliers-bien-etre-2024\/#breadcrumb","itemListElement":[{"@type":"ListItem","position":1,"name":"Accueil","item":"https:\/\/www.salon-zenetbio.com\/angers\/"},{"@type":"ListItem","position":2,"name":"Ateliers bien-\u00eatre 2024"}]},{"@type":"WebSite","@id":"https:\/\/www.salon-zenetbio.com\/angers\/#website","url":"https:\/\/www.salon-zenetbio.com\/angers\/","name":"Z&amp;B Angers","description":"Zen&amp;Bio Angers : votre salon \u00e9colo, bio, bien-\u00eatre et habitat sain","publisher":{"@id":"https:\/\/www.salon-zenetbio.com\/angers\/#organization"},"potentialAction":[{"@type":"SearchAction","target":{"@type":"EntryPoint","urlTemplate":"https:\/\/www.salon-zenetbio.com\/angers\/?s={search_term_string}"},"query-input":{"@type":"PropertyValueSpecification","valueRequired":true,"valueName":"search_term_string"}}],"inLanguage":"fr-FR"},{"@type":"Organization","@id":"https:\/\/www.salon-zenetbio.com\/angers\/#organization","name":"Z&amp;B Angers","url":"https:\/\/www.salon-zenetbio.com\/angers\/","logo":{"@type":"ImageObject","inLanguage":"fr-FR","@id":"https:\/\/www.salon-zenetbio.com\/angers\/#\/schema\/logo\/image\/","url":"https:\/\/www.salon-zenetbio.com\/angers\/wp-content\/uploads\/sites\/8\/2025\/11\/cropped-Logo-ZEN-et-BIO-angers-2026.png","contentUrl":"https:\/\/www.salon-zenetbio.com\/angers\/wp-content\/uploads\/sites\/8\/2025\/11\/cropped-Logo-ZEN-et-BIO-angers-2026.png","width":921,"height":255,"caption":"Z&amp;B Angers"},"image":{"@id":"https:\/\/www.salon-zenetbio.com\/angers\/#\/schema\/logo\/image\/"}}]}},"_links":{"self":[{"href":"https:\/\/www.salon-zenetbio.com\/angers\/wp-json\/wp\/v2\/pages\/10798","targetHints":{"allow":["GET"]}}],"collection":[{"href":"https:\/\/www.salon-zenetbio.com\/angers\/wp-json\/wp\/v2\/pages"}],"about":[{"href":"https:\/\/www.salon-zenetbio.com\/angers\/wp-json\/wp\/v2\/types\/page"}],"author":[{"embeddable":true,"href":"https:\/\/www.salon-zenetbio.com\/angers\/wp-json\/wp\/v2\/users\/6"}],"replies":[{"embeddable":true,"href":"https:\/\/www.salon-zenetbio.com\/angers\/wp-json\/wp\/v2\/comments?post=10798"}],"version-history":[{"count":0,"href":"https:\/\/www.salon-zenetbio.com\/angers\/wp-json\/wp\/v2\/pages\/10798\/revisions"}],"wp:attachment":[{"href":"https:\/\/www.salon-zenetbio.com\/angers\/wp-json\/wp\/v2\/media?parent=10798"}],"curies":[{"name":"wp","href":"https:\/\/api.w.org\/{rel}","templated":true}]}}