{"id":3478,"date":"2017-02-23T16:23:48","date_gmt":"2017-02-23T15:23:48","guid":{"rendered":"http:\/\/localhost:8888\/zen-et-bio\/?page_id=3478"},"modified":"2020-10-30T12:54:10","modified_gmt":"2020-10-30T11:54:10","slug":"boutiques","status":"publish","type":"page","link":"https:\/\/www.salon-zenetbio.com\/angers\/boutiques\/","title":{"rendered":"Boutiques"},"content":{"rendered":"<h2>S\u00e9lection de boutique \u00ab\u00a0Zen &amp; Bio\u00a0\u00bb sur Nantes, Angers &amp; leurs r\u00e9gions<\/h2>\n<p>Si vous souhaitez nous conseiller d&rsquo;autres lieux \u00ab\u00a0Zen &amp; Bio\u00a0\u00bb en r\u00e9gion nantaise et angevine, n&rsquo;h\u00e9sitez pas \u00e0 nous envoyer leurs coordonn\u00e9es par email.<\/p>\n<h2><\/h2>\n<h2>Alimentation<\/h2>\n<p><strong>CHLOROPHYLLE BEAUJOIRE<\/strong><br \/>\n<em>Magasin libre service bio\u00a0<\/em><br \/>\n<em>20, rue Eug\u00e9nie Cotton <\/em><em><br \/>\n44300 NANTES<\/em><br \/>\n02 40 25 11 11<br \/>\n<a href=\"http:\/\/www.chlorophylle-coop.com\" target=\"_blank\" rel=\"noopener noreferrer\">www.chlorophylle-coop.com<\/a><br \/>\nDu lundi au samedi de 9h30 \u00e0 19h30<\/p>\n<p>&nbsp;<\/p>\n<p><strong>CHLOROPHYLLE BEAUS\u00c9JOUR<\/strong><br \/>\n<em>Magasin libre service bio\u00a0<\/em><br \/>\n<em>34 rue des Plantes\u00a0<\/em><br \/>\n<em>44800 SAINT-HERBLAIN<\/em><br \/>\n02 40 40 10 10<br \/>\n<a href=\"http:\/\/www.chlorophylle-coop.com\" target=\"_blank\" rel=\"noopener noreferrer\">www.chlorophylle-coop.com\u00a0<\/a><br \/>\nDu lundi au samedi de 9h30 \u00e0 19h30<\/p>\n<p>&nbsp;<\/p>\n<p><strong>CHLOROPHYLLE BEAUC\u00c9ANE\u00a0<\/strong><br \/>\n<em>Magasin libre service bio<\/em><br \/>\n<em>147 route des Sorini\u00e8res<\/em><br \/>\n<em>ZAC de la Brosse<\/em><br \/>\n<em>44400 REZ\u00c9<\/em><br \/>\n02 40 76 76 00<br \/>\n<a href=\"http:\/\/www.chlorophylle-coop.com\" target=\"_blank\" rel=\"noopener noreferrer\">www.chlorophylle-coop.com\u00a0<\/a><br \/>\nDu lundi au samedi de 9h30 \u00e0 19h30<\/p>\n<p>&nbsp;<\/p>\n<p><strong>CHLOROPHYLLE BEAUSUD<\/strong><br \/>\n<em>Magasin libre service bio<\/em><br \/>\n<em>18 rue Ordronneau<\/em><br \/>\n<em>Zone Atout Sud<\/em><br \/>\n<em>44400 REZ\u00c9<\/em><br \/>\n02 51 82 00 82<br \/>\n<a href=\"http:\/\/www.chlorophylle-coop.com\" target=\"_blank\" rel=\"noopener noreferrer\">www.chlorophylle-coop.com\u00a0<\/a><br \/>\nDu lundi au samedi de 9h30 \u00e0 19h30<\/p>\n<p>&nbsp;<\/p>\n<p><strong>CHLOROPHYLLE BIO GOULAINE<\/strong><br \/>\n<em>Magasin libre service bio<\/em><br \/>\n<em> 5 rue de l\u2019Atlantique<\/em><br \/>\n<em> Zone P\u00f4le Sud<\/em><br \/>\n<em> 44115\u00a0BASSE-GOULAINE<\/em><br \/>\n02 52 20 02 00<br \/>\n<a href=\"http:\/\/www.chlorophylle-coop.com\" target=\"_blank\" rel=\"noopener noreferrer\">www.chlorophylle-coop.com\u00a0<\/a><br \/>\nDu lundi au samedi de 9h30 \u00e0 19h00<\/p>\n<p>&nbsp;<\/p>\n<p><b>BIOCOOP CABA DOYENN\u00c9 ANGERS<\/b><br \/>\n<em><span style=\"line-height: 1.6471;\">Magasin libre service bio<\/span><\/em><br \/>\n<em><span style=\"line-height: 1.6471;\">50 boulevard du Doyenn\u00e9 <\/span><\/em><br \/>\n<em><span style=\"line-height: 1.6471;\">49100 ANGERS<\/span><\/em><br \/>\n02 41 60 01 61<br \/>\n<a href=\"http:\/\/biocoop-caba.fr\">www.biocoop-caba.fr<\/a><br \/>\nDu lundi au samedi de 9h30 \u00e0 19h30<\/p>\n<p>&nbsp;<\/p>\n<p><b>TERRE ET TERROIRS<\/b><br \/>\n<em><span style=\"line-height: 1.6471;\">Magasin libre service bio<\/span><\/em><br \/>\n<em><span style=\"line-height: 1.6471;\">57 avenue Jean Boutton<\/span><\/em><br \/>\n<em>49130\u00a0LES PONTS-DE-C\u00c9<\/em><br \/>\n02 41 93 91 47<br \/>\n<a href=\"http:\/\/s566854516.siteweb-initial.fr\">www.s566854516.siteweb-initial.fr<\/a><br \/>\nLe lundi de 15h00 \u00e0 19h00 et du mardi au samedi de\u00a09h30 \u00e0 19h00<\/p>\n<p>&nbsp;<\/p>\n<p><strong>RAYONS VERTS BEAUCOUZ\u00c9<\/strong><br \/>\n<em>Magasin libre service bio<\/em><br \/>\n<em>7 square de la Ceriseraie<\/em><br \/>\n<em>CA du Landreau<\/em><br \/>\n<em><span style=\"line-height: 1.6471;\">49070\u00a0<\/span>BEAUCOUZ\u00c9<\/em><br \/>\n<span style=\"line-height: 1.6471;\">02 41 39 24 75<\/span><br \/>\n<a href=\"http:\/\/www.rayonsvertsbeaucouze.fr\">www.rayonsvertsbeaucouze.fr<\/a><br \/>\nLe lundi de 14h00 \u00e0 19h30, du mardi au vendredi de 9h00 \u00e0 13h00 et de 14h30 \u00e0 19h30 et le samedi de 9h00 \u00e0 19h30<\/p>\n","protected":false},"excerpt":{"rendered":"<p>S\u00e9lection de boutique \u00ab\u00a0Zen &amp; Bio\u00a0\u00bb sur Nantes, Angers &amp; leurs r\u00e9gions Si vous souhaitez nous conseiller d&rsquo;autres lieux \u00ab\u00a0Zen &amp; Bio\u00a0\u00bb en r\u00e9gion nantaise et angevine, n&rsquo;h\u00e9sitez pas \u00e0 nous envoyer leurs coordonn\u00e9es par email. Alimentation CHLOROPHYLLE BEAUJOIRE Magasin libre service bio\u00a0 20, rue Eug\u00e9nie Cotton 44300 NANTES 02 40 25 11 11 www.chlorophylle-coop.com&hellip; <\/p>\n","protected":false},"author":1,"featured_media":0,"parent":0,"menu_order":0,"comment_status":"closed","ping_status":"closed","template":"","meta":{"_monsterinsights_skip_tracking":false,"_monsterinsights_sitenote_active":false,"_monsterinsights_sitenote_note":"","_monsterinsights_sitenote_category":0,"footnotes":""},"class_list":["post-3478","page","type-page","status-publish","hentry"],"yoast_head":"<!-- This site is optimized with the Yoast SEO plugin v27.3 - https:\/\/yoast.com\/product\/yoast-seo-wordpress\/ -->\n<title>Boutiques - Z&amp;B Angers<\/title>\n<meta name=\"robots\" content=\"index, follow, max-snippet:-1, max-image-preview:large, max-video-preview:-1\" \/>\n<link rel=\"canonical\" href=\"https:\/\/www.salon-zenetbio.com\/angers\/boutiques\/\" \/>\n<meta property=\"og:locale\" content=\"fr_FR\" \/>\n<meta property=\"og:type\" content=\"article\" \/>\n<meta property=\"og:title\" content=\"Boutiques - Z&amp;B Angers\" \/>\n<meta property=\"og:description\" content=\"S\u00e9lection de boutique \u00ab\u00a0Zen &amp; Bio\u00a0\u00bb sur Nantes, Angers &amp; leurs r\u00e9gions Si vous souhaitez nous conseiller d&rsquo;autres lieux \u00ab\u00a0Zen &amp; Bio\u00a0\u00bb en r\u00e9gion nantaise et angevine, n&rsquo;h\u00e9sitez pas \u00e0 nous envoyer leurs coordonn\u00e9es par email. Alimentation CHLOROPHYLLE BEAUJOIRE Magasin libre service bio\u00a0 20, rue Eug\u00e9nie Cotton 44300 NANTES 02 40 25 11 11 www.chlorophylle-coop.com&hellip;\" \/>\n<meta property=\"og:url\" content=\"https:\/\/www.salon-zenetbio.com\/angers\/boutiques\/\" \/>\n<meta property=\"og:site_name\" content=\"Z&amp;B Angers\" \/>\n<meta property=\"article:modified_time\" content=\"2020-10-30T11:54:10+00:00\" \/>\n<meta name=\"twitter:card\" content=\"summary_large_image\" \/>\n<meta name=\"twitter:label1\" content=\"Dur\u00e9e de lecture estim\u00e9e\" \/>\n\t<meta name=\"twitter:data1\" content=\"1 minute\" \/>\n<script type=\"application\/ld+json\" class=\"yoast-schema-graph\">{\"@context\":\"https:\\\/\\\/schema.org\",\"@graph\":[{\"@type\":\"WebPage\",\"@id\":\"https:\\\/\\\/www.salon-zenetbio.com\\\/angers\\\/boutiques\\\/\",\"url\":\"https:\\\/\\\/www.salon-zenetbio.com\\\/angers\\\/boutiques\\\/\",\"name\":\"Boutiques - Z&amp;B Angers\",\"isPartOf\":{\"@id\":\"https:\\\/\\\/www.salon-zenetbio.com\\\/angers\\\/#website\"},\"datePublished\":\"2017-02-23T15:23:48+00:00\",\"dateModified\":\"2020-10-30T11:54:10+00:00\",\"breadcrumb\":{\"@id\":\"https:\\\/\\\/www.salon-zenetbio.com\\\/angers\\\/boutiques\\\/#breadcrumb\"},\"inLanguage\":\"fr-FR\",\"potentialAction\":[{\"@type\":\"ReadAction\",\"target\":[\"https:\\\/\\\/www.salon-zenetbio.com\\\/angers\\\/boutiques\\\/\"]}]},{\"@type\":\"BreadcrumbList\",\"@id\":\"https:\\\/\\\/www.salon-zenetbio.com\\\/angers\\\/boutiques\\\/#breadcrumb\",\"itemListElement\":[{\"@type\":\"ListItem\",\"position\":1,\"name\":\"Accueil\",\"item\":\"https:\\\/\\\/www.salon-zenetbio.com\\\/angers\\\/\"},{\"@type\":\"ListItem\",\"position\":2,\"name\":\"Boutiques\"}]},{\"@type\":\"WebSite\",\"@id\":\"https:\\\/\\\/www.salon-zenetbio.com\\\/angers\\\/#website\",\"url\":\"https:\\\/\\\/www.salon-zenetbio.com\\\/angers\\\/\",\"name\":\"Z&amp;B Angers\",\"description\":\"Zen&amp;Bio Angers : votre salon \u00e9colo, bio, bien-\u00eatre et habitat sain\",\"publisher\":{\"@id\":\"https:\\\/\\\/www.salon-zenetbio.com\\\/angers\\\/#organization\"},\"potentialAction\":[{\"@type\":\"SearchAction\",\"target\":{\"@type\":\"EntryPoint\",\"urlTemplate\":\"https:\\\/\\\/www.salon-zenetbio.com\\\/angers\\\/?s={search_term_string}\"},\"query-input\":{\"@type\":\"PropertyValueSpecification\",\"valueRequired\":true,\"valueName\":\"search_term_string\"}}],\"inLanguage\":\"fr-FR\"},{\"@type\":\"Organization\",\"@id\":\"https:\\\/\\\/www.salon-zenetbio.com\\\/angers\\\/#organization\",\"name\":\"Z&amp;B Angers\",\"url\":\"https:\\\/\\\/www.salon-zenetbio.com\\\/angers\\\/\",\"logo\":{\"@type\":\"ImageObject\",\"inLanguage\":\"fr-FR\",\"@id\":\"https:\\\/\\\/www.salon-zenetbio.com\\\/angers\\\/#\\\/schema\\\/logo\\\/image\\\/\",\"url\":\"https:\\\/\\\/www.salon-zenetbio.com\\\/angers\\\/wp-content\\\/uploads\\\/sites\\\/8\\\/2025\\\/11\\\/cropped-Logo-ZEN-et-BIO-angers-2026.png\",\"contentUrl\":\"https:\\\/\\\/www.salon-zenetbio.com\\\/angers\\\/wp-content\\\/uploads\\\/sites\\\/8\\\/2025\\\/11\\\/cropped-Logo-ZEN-et-BIO-angers-2026.png\",\"width\":921,\"height\":255,\"caption\":\"Z&amp;B Angers\"},\"image\":{\"@id\":\"https:\\\/\\\/www.salon-zenetbio.com\\\/angers\\\/#\\\/schema\\\/logo\\\/image\\\/\"}}]}<\/script>\n<!-- \/ Yoast SEO plugin. -->","yoast_head_json":{"title":"Boutiques - Z&amp;B Angers","robots":{"index":"index","follow":"follow","max-snippet":"max-snippet:-1","max-image-preview":"max-image-preview:large","max-video-preview":"max-video-preview:-1"},"canonical":"https:\/\/www.salon-zenetbio.com\/angers\/boutiques\/","og_locale":"fr_FR","og_type":"article","og_title":"Boutiques - Z&amp;B Angers","og_description":"S\u00e9lection de boutique \u00ab\u00a0Zen &amp; Bio\u00a0\u00bb sur Nantes, Angers &amp; leurs r\u00e9gions Si vous souhaitez nous conseiller d&rsquo;autres lieux \u00ab\u00a0Zen &amp; Bio\u00a0\u00bb en r\u00e9gion nantaise et angevine, n&rsquo;h\u00e9sitez pas \u00e0 nous envoyer leurs coordonn\u00e9es par email. Alimentation CHLOROPHYLLE BEAUJOIRE Magasin libre service bio\u00a0 20, rue Eug\u00e9nie Cotton 44300 NANTES 02 40 25 11 11 www.chlorophylle-coop.com&hellip;","og_url":"https:\/\/www.salon-zenetbio.com\/angers\/boutiques\/","og_site_name":"Z&amp;B Angers","article_modified_time":"2020-10-30T11:54:10+00:00","twitter_card":"summary_large_image","twitter_misc":{"Dur\u00e9e de lecture estim\u00e9e":"1 minute"},"schema":{"@context":"https:\/\/schema.org","@graph":[{"@type":"WebPage","@id":"https:\/\/www.salon-zenetbio.com\/angers\/boutiques\/","url":"https:\/\/www.salon-zenetbio.com\/angers\/boutiques\/","name":"Boutiques - Z&amp;B Angers","isPartOf":{"@id":"https:\/\/www.salon-zenetbio.com\/angers\/#website"},"datePublished":"2017-02-23T15:23:48+00:00","dateModified":"2020-10-30T11:54:10+00:00","breadcrumb":{"@id":"https:\/\/www.salon-zenetbio.com\/angers\/boutiques\/#breadcrumb"},"inLanguage":"fr-FR","potentialAction":[{"@type":"ReadAction","target":["https:\/\/www.salon-zenetbio.com\/angers\/boutiques\/"]}]},{"@type":"BreadcrumbList","@id":"https:\/\/www.salon-zenetbio.com\/angers\/boutiques\/#breadcrumb","itemListElement":[{"@type":"ListItem","position":1,"name":"Accueil","item":"https:\/\/www.salon-zenetbio.com\/angers\/"},{"@type":"ListItem","position":2,"name":"Boutiques"}]},{"@type":"WebSite","@id":"https:\/\/www.salon-zenetbio.com\/angers\/#website","url":"https:\/\/www.salon-zenetbio.com\/angers\/","name":"Z&amp;B Angers","description":"Zen&amp;Bio Angers : votre salon \u00e9colo, bio, bien-\u00eatre et habitat sain","publisher":{"@id":"https:\/\/www.salon-zenetbio.com\/angers\/#organization"},"potentialAction":[{"@type":"SearchAction","target":{"@type":"EntryPoint","urlTemplate":"https:\/\/www.salon-zenetbio.com\/angers\/?s={search_term_string}"},"query-input":{"@type":"PropertyValueSpecification","valueRequired":true,"valueName":"search_term_string"}}],"inLanguage":"fr-FR"},{"@type":"Organization","@id":"https:\/\/www.salon-zenetbio.com\/angers\/#organization","name":"Z&amp;B Angers","url":"https:\/\/www.salon-zenetbio.com\/angers\/","logo":{"@type":"ImageObject","inLanguage":"fr-FR","@id":"https:\/\/www.salon-zenetbio.com\/angers\/#\/schema\/logo\/image\/","url":"https:\/\/www.salon-zenetbio.com\/angers\/wp-content\/uploads\/sites\/8\/2025\/11\/cropped-Logo-ZEN-et-BIO-angers-2026.png","contentUrl":"https:\/\/www.salon-zenetbio.com\/angers\/wp-content\/uploads\/sites\/8\/2025\/11\/cropped-Logo-ZEN-et-BIO-angers-2026.png","width":921,"height":255,"caption":"Z&amp;B Angers"},"image":{"@id":"https:\/\/www.salon-zenetbio.com\/angers\/#\/schema\/logo\/image\/"}}]}},"_links":{"self":[{"href":"https:\/\/www.salon-zenetbio.com\/angers\/wp-json\/wp\/v2\/pages\/3478","targetHints":{"allow":["GET"]}}],"collection":[{"href":"https:\/\/www.salon-zenetbio.com\/angers\/wp-json\/wp\/v2\/pages"}],"about":[{"href":"https:\/\/www.salon-zenetbio.com\/angers\/wp-json\/wp\/v2\/types\/page"}],"author":[{"embeddable":true,"href":"https:\/\/www.salon-zenetbio.com\/angers\/wp-json\/wp\/v2\/users\/1"}],"replies":[{"embeddable":true,"href":"https:\/\/www.salon-zenetbio.com\/angers\/wp-json\/wp\/v2\/comments?post=3478"}],"version-history":[{"count":0,"href":"https:\/\/www.salon-zenetbio.com\/angers\/wp-json\/wp\/v2\/pages\/3478\/revisions"}],"wp:attachment":[{"href":"https:\/\/www.salon-zenetbio.com\/angers\/wp-json\/wp\/v2\/media?parent=3478"}],"curies":[{"name":"wp","href":"https:\/\/api.w.org\/{rel}","templated":true}]}}