{"id":3598,"date":"2017-02-27T14:23:25","date_gmt":"2017-02-27T13:23:25","guid":{"rendered":"http:\/\/localhost:8888\/zen-et-bio\/?page_id=3598"},"modified":"2026-03-12T14:32:28","modified_gmt":"2026-03-12T13:32:28","slug":"informations-pratiques","status":"publish","type":"page","link":"https:\/\/www.salon-zenetbio.com\/angers\/informations-pratiques\/","title":{"rendered":"Informations pratiques"},"content":{"rendered":"<p><img decoding=\"async\" class=\" wp-image-5416 alignleft\" src=\"https:\/\/www.salon-vivreautrement.com\/wp-content\/uploads\/2018\/03\/Service-visiteurs.jpg\" alt=\"\" width=\"106\" height=\"75\" \/><br \/>\nToutes les informations pour pr\u00e9parer au mieux votre visite sur le salon : savoir quand et ou il se d\u00e9roule, comment s\u2019y rendre, quels sont les services qui vont sont propos\u00e9s etc.<\/p>\n<h2><\/h2>\n<h2><a href=\"http:\/\/www.salon-zenetbio.com\/angers\/informations-pratiques\/comment-venir\/\">Comment venir<\/a><\/h2>\n<p>En voiture, en train, \u00e0 v\u00e9lo, \u00e0 v\u00e9lo, \u00e0 pied ou encore en trottinette, tous les chemins vous m\u00e8nent au salon Zen &amp; Bio Angers.<br \/>\n<a href=\"https:\/\/events.destination-angers.com\/parc-des-expositions\/acces\/\" target=\"_blank\" rel=\"noopener noreferrer\"><em>Consultez le site internet du Parc des Expositions d&rsquo;Angers<\/em><\/a><\/p>\n<h2><a href=\"http:\/\/www.salon-zenetbio.com\/angers\/informations-pratiques\/informations-pratiques\/\">Informations pratiques<\/a><\/h2>\n<ul>\n<li>Du 20 au 22 mars 2026<\/li>\n<li>De 10h \u00e0 19h et de 10h \u00e0 18h le dimanche \u2013 Derni\u00e8re entr\u00e9e 30min avant la fermeture<\/li>\n<li>Parc des Expositions d&rsquo;Angers &#8211; Hall Ardesia<\/li>\n<\/ul>\n<h2><a href=\"http:\/\/www.salon-zenetbio.com\/angers\/informations-pratiques\/contacts\/\">Contacts<\/a><\/h2>\n<p>Le salon Zen &amp; Bio Angers est organis\u00e9 par SPAS Organisation.<br \/>\nNous sommes \u00e0 votre \u00e9coute pour toutes vos questions.<\/p>\n<h2><a href=\"https:\/\/www.salon-zenetbio.com\/angers\/informations-pratiques\/se-loger\/\" target=\"_blank\" rel=\"noopener\">Se loger<\/a><\/h2>\n<p>R\u00e9servez votre h\u00e9bergement pour Zen&amp;Bio Angers !<\/p>\n","protected":false},"excerpt":{"rendered":"<p>Toutes les informations pour pr\u00e9parer au mieux votre visite sur le salon : savoir quand et ou il se d\u00e9roule, comment s\u2019y rendre, quels sont les services qui vont sont propos\u00e9s etc. Comment venir En voiture, en train, \u00e0 v\u00e9lo, \u00e0 v\u00e9lo, \u00e0 pied ou encore en trottinette, tous les chemins vous m\u00e8nent au salon&hellip; <\/p>\n","protected":false},"author":1,"featured_media":0,"parent":0,"menu_order":0,"comment_status":"closed","ping_status":"closed","template":"","meta":{"_angie_page":false,"_monsterinsights_skip_tracking":false,"_monsterinsights_sitenote_active":false,"_monsterinsights_sitenote_note":"","_monsterinsights_sitenote_category":0,"footnotes":""},"class_list":["post-3598","page","type-page","status-publish","hentry"],"yoast_head":"<!-- This site is optimized with the Yoast SEO plugin v27.3 - https:\/\/yoast.com\/product\/yoast-seo-wordpress\/ -->\n<title>Informations pratiques - Z&amp;B Angers<\/title>\n<meta name=\"robots\" content=\"index, follow, max-snippet:-1, max-image-preview:large, max-video-preview:-1\" \/>\n<link rel=\"canonical\" href=\"https:\/\/www.salon-zenetbio.com\/angers\/informations-pratiques\/\" \/>\n<meta property=\"og:locale\" content=\"fr_FR\" \/>\n<meta property=\"og:type\" content=\"article\" \/>\n<meta property=\"og:title\" content=\"Informations pratiques - Z&amp;B Angers\" \/>\n<meta property=\"og:description\" content=\"Toutes les informations pour pr\u00e9parer au mieux votre visite sur le salon : savoir quand et ou il se d\u00e9roule, comment s\u2019y rendre, quels sont les services qui vont sont propos\u00e9s etc. Comment venir En voiture, en train, \u00e0 v\u00e9lo, \u00e0 v\u00e9lo, \u00e0 pied ou encore en trottinette, tous les chemins vous m\u00e8nent au salon&hellip;\" \/>\n<meta property=\"og:url\" content=\"https:\/\/www.salon-zenetbio.com\/angers\/informations-pratiques\/\" \/>\n<meta property=\"og:site_name\" content=\"Z&amp;B Angers\" \/>\n<meta property=\"article:modified_time\" content=\"2026-03-12T13:32:28+00:00\" \/>\n<meta property=\"og:image\" content=\"https:\/\/www.salon-vivreautrement.com\/wp-content\/uploads\/2018\/03\/Service-visiteurs.jpg\" \/>\n<meta name=\"twitter:card\" content=\"summary_large_image\" \/>\n<meta name=\"twitter:label1\" content=\"Dur\u00e9e de lecture estim\u00e9e\" \/>\n\t<meta name=\"twitter:data1\" content=\"1 minute\" \/>\n<script type=\"application\/ld+json\" class=\"yoast-schema-graph\">{\"@context\":\"https:\\\/\\\/schema.org\",\"@graph\":[{\"@type\":\"WebPage\",\"@id\":\"https:\\\/\\\/www.salon-zenetbio.com\\\/angers\\\/informations-pratiques\\\/\",\"url\":\"https:\\\/\\\/www.salon-zenetbio.com\\\/angers\\\/informations-pratiques\\\/\",\"name\":\"Informations pratiques - Z&amp;B Angers\",\"isPartOf\":{\"@id\":\"https:\\\/\\\/www.salon-zenetbio.com\\\/angers\\\/#website\"},\"primaryImageOfPage\":{\"@id\":\"https:\\\/\\\/www.salon-zenetbio.com\\\/angers\\\/informations-pratiques\\\/#primaryimage\"},\"image\":{\"@id\":\"https:\\\/\\\/www.salon-zenetbio.com\\\/angers\\\/informations-pratiques\\\/#primaryimage\"},\"thumbnailUrl\":\"https:\\\/\\\/www.salon-vivreautrement.com\\\/wp-content\\\/uploads\\\/2018\\\/03\\\/Service-visiteurs.jpg\",\"datePublished\":\"2017-02-27T13:23:25+00:00\",\"dateModified\":\"2026-03-12T13:32:28+00:00\",\"breadcrumb\":{\"@id\":\"https:\\\/\\\/www.salon-zenetbio.com\\\/angers\\\/informations-pratiques\\\/#breadcrumb\"},\"inLanguage\":\"fr-FR\",\"potentialAction\":[{\"@type\":\"ReadAction\",\"target\":[\"https:\\\/\\\/www.salon-zenetbio.com\\\/angers\\\/informations-pratiques\\\/\"]}]},{\"@type\":\"ImageObject\",\"inLanguage\":\"fr-FR\",\"@id\":\"https:\\\/\\\/www.salon-zenetbio.com\\\/angers\\\/informations-pratiques\\\/#primaryimage\",\"url\":\"https:\\\/\\\/www.salon-vivreautrement.com\\\/wp-content\\\/uploads\\\/2018\\\/03\\\/Service-visiteurs.jpg\",\"contentUrl\":\"https:\\\/\\\/www.salon-vivreautrement.com\\\/wp-content\\\/uploads\\\/2018\\\/03\\\/Service-visiteurs.jpg\"},{\"@type\":\"BreadcrumbList\",\"@id\":\"https:\\\/\\\/www.salon-zenetbio.com\\\/angers\\\/informations-pratiques\\\/#breadcrumb\",\"itemListElement\":[{\"@type\":\"ListItem\",\"position\":1,\"name\":\"Accueil\",\"item\":\"http:\\\/\\\/www.salon-zenetbio.com\\\/angers\\\/\"},{\"@type\":\"ListItem\",\"position\":2,\"name\":\"Informations pratiques\"}]},{\"@type\":\"WebSite\",\"@id\":\"https:\\\/\\\/www.salon-zenetbio.com\\\/angers\\\/#website\",\"url\":\"https:\\\/\\\/www.salon-zenetbio.com\\\/angers\\\/\",\"name\":\"Z&amp;B Angers\",\"description\":\"Zen&amp;Bio Angers : votre salon \u00e9colo, bio, bien-\u00eatre et habitat sain\",\"publisher\":{\"@id\":\"https:\\\/\\\/www.salon-zenetbio.com\\\/angers\\\/#organization\"},\"potentialAction\":[{\"@type\":\"SearchAction\",\"target\":{\"@type\":\"EntryPoint\",\"urlTemplate\":\"https:\\\/\\\/www.salon-zenetbio.com\\\/angers\\\/?s={search_term_string}\"},\"query-input\":{\"@type\":\"PropertyValueSpecification\",\"valueRequired\":true,\"valueName\":\"search_term_string\"}}],\"inLanguage\":\"fr-FR\"},{\"@type\":\"Organization\",\"@id\":\"https:\\\/\\\/www.salon-zenetbio.com\\\/angers\\\/#organization\",\"name\":\"Z&amp;B Angers\",\"url\":\"https:\\\/\\\/www.salon-zenetbio.com\\\/angers\\\/\",\"logo\":{\"@type\":\"ImageObject\",\"inLanguage\":\"fr-FR\",\"@id\":\"https:\\\/\\\/www.salon-zenetbio.com\\\/angers\\\/#\\\/schema\\\/logo\\\/image\\\/\",\"url\":\"https:\\\/\\\/www.salon-zenetbio.com\\\/angers\\\/wp-content\\\/uploads\\\/sites\\\/8\\\/2025\\\/11\\\/cropped-Logo-ZEN-et-BIO-angers-2026.png\",\"contentUrl\":\"https:\\\/\\\/www.salon-zenetbio.com\\\/angers\\\/wp-content\\\/uploads\\\/sites\\\/8\\\/2025\\\/11\\\/cropped-Logo-ZEN-et-BIO-angers-2026.png\",\"width\":921,\"height\":255,\"caption\":\"Z&amp;B Angers\"},\"image\":{\"@id\":\"https:\\\/\\\/www.salon-zenetbio.com\\\/angers\\\/#\\\/schema\\\/logo\\\/image\\\/\"}}]}<\/script>\n<!-- \/ Yoast SEO plugin. -->","yoast_head_json":{"title":"Informations pratiques - Z&amp;B Angers","robots":{"index":"index","follow":"follow","max-snippet":"max-snippet:-1","max-image-preview":"max-image-preview:large","max-video-preview":"max-video-preview:-1"},"canonical":"https:\/\/www.salon-zenetbio.com\/angers\/informations-pratiques\/","og_locale":"fr_FR","og_type":"article","og_title":"Informations pratiques - Z&amp;B Angers","og_description":"Toutes les informations pour pr\u00e9parer au mieux votre visite sur le salon : savoir quand et ou il se d\u00e9roule, comment s\u2019y rendre, quels sont les services qui vont sont propos\u00e9s etc. Comment venir En voiture, en train, \u00e0 v\u00e9lo, \u00e0 v\u00e9lo, \u00e0 pied ou encore en trottinette, tous les chemins vous m\u00e8nent au salon&hellip;","og_url":"https:\/\/www.salon-zenetbio.com\/angers\/informations-pratiques\/","og_site_name":"Z&amp;B Angers","article_modified_time":"2026-03-12T13:32:28+00:00","og_image":[{"url":"https:\/\/www.salon-vivreautrement.com\/wp-content\/uploads\/2018\/03\/Service-visiteurs.jpg","type":"","width":"","height":""}],"twitter_card":"summary_large_image","twitter_misc":{"Dur\u00e9e de lecture estim\u00e9e":"1 minute"},"schema":{"@context":"https:\/\/schema.org","@graph":[{"@type":"WebPage","@id":"https:\/\/www.salon-zenetbio.com\/angers\/informations-pratiques\/","url":"https:\/\/www.salon-zenetbio.com\/angers\/informations-pratiques\/","name":"Informations pratiques - Z&amp;B Angers","isPartOf":{"@id":"https:\/\/www.salon-zenetbio.com\/angers\/#website"},"primaryImageOfPage":{"@id":"https:\/\/www.salon-zenetbio.com\/angers\/informations-pratiques\/#primaryimage"},"image":{"@id":"https:\/\/www.salon-zenetbio.com\/angers\/informations-pratiques\/#primaryimage"},"thumbnailUrl":"https:\/\/www.salon-vivreautrement.com\/wp-content\/uploads\/2018\/03\/Service-visiteurs.jpg","datePublished":"2017-02-27T13:23:25+00:00","dateModified":"2026-03-12T13:32:28+00:00","breadcrumb":{"@id":"https:\/\/www.salon-zenetbio.com\/angers\/informations-pratiques\/#breadcrumb"},"inLanguage":"fr-FR","potentialAction":[{"@type":"ReadAction","target":["https:\/\/www.salon-zenetbio.com\/angers\/informations-pratiques\/"]}]},{"@type":"ImageObject","inLanguage":"fr-FR","@id":"https:\/\/www.salon-zenetbio.com\/angers\/informations-pratiques\/#primaryimage","url":"https:\/\/www.salon-vivreautrement.com\/wp-content\/uploads\/2018\/03\/Service-visiteurs.jpg","contentUrl":"https:\/\/www.salon-vivreautrement.com\/wp-content\/uploads\/2018\/03\/Service-visiteurs.jpg"},{"@type":"BreadcrumbList","@id":"https:\/\/www.salon-zenetbio.com\/angers\/informations-pratiques\/#breadcrumb","itemListElement":[{"@type":"ListItem","position":1,"name":"Accueil","item":"http:\/\/www.salon-zenetbio.com\/angers\/"},{"@type":"ListItem","position":2,"name":"Informations pratiques"}]},{"@type":"WebSite","@id":"https:\/\/www.salon-zenetbio.com\/angers\/#website","url":"https:\/\/www.salon-zenetbio.com\/angers\/","name":"Z&amp;B Angers","description":"Zen&amp;Bio Angers : votre salon \u00e9colo, bio, bien-\u00eatre et habitat sain","publisher":{"@id":"https:\/\/www.salon-zenetbio.com\/angers\/#organization"},"potentialAction":[{"@type":"SearchAction","target":{"@type":"EntryPoint","urlTemplate":"https:\/\/www.salon-zenetbio.com\/angers\/?s={search_term_string}"},"query-input":{"@type":"PropertyValueSpecification","valueRequired":true,"valueName":"search_term_string"}}],"inLanguage":"fr-FR"},{"@type":"Organization","@id":"https:\/\/www.salon-zenetbio.com\/angers\/#organization","name":"Z&amp;B Angers","url":"https:\/\/www.salon-zenetbio.com\/angers\/","logo":{"@type":"ImageObject","inLanguage":"fr-FR","@id":"https:\/\/www.salon-zenetbio.com\/angers\/#\/schema\/logo\/image\/","url":"https:\/\/www.salon-zenetbio.com\/angers\/wp-content\/uploads\/sites\/8\/2025\/11\/cropped-Logo-ZEN-et-BIO-angers-2026.png","contentUrl":"https:\/\/www.salon-zenetbio.com\/angers\/wp-content\/uploads\/sites\/8\/2025\/11\/cropped-Logo-ZEN-et-BIO-angers-2026.png","width":921,"height":255,"caption":"Z&amp;B Angers"},"image":{"@id":"https:\/\/www.salon-zenetbio.com\/angers\/#\/schema\/logo\/image\/"}}]}},"_links":{"self":[{"href":"https:\/\/www.salon-zenetbio.com\/angers\/wp-json\/wp\/v2\/pages\/3598","targetHints":{"allow":["GET"]}}],"collection":[{"href":"https:\/\/www.salon-zenetbio.com\/angers\/wp-json\/wp\/v2\/pages"}],"about":[{"href":"https:\/\/www.salon-zenetbio.com\/angers\/wp-json\/wp\/v2\/types\/page"}],"author":[{"embeddable":true,"href":"https:\/\/www.salon-zenetbio.com\/angers\/wp-json\/wp\/v2\/users\/1"}],"replies":[{"embeddable":true,"href":"https:\/\/www.salon-zenetbio.com\/angers\/wp-json\/wp\/v2\/comments?post=3598"}],"version-history":[{"count":5,"href":"https:\/\/www.salon-zenetbio.com\/angers\/wp-json\/wp\/v2\/pages\/3598\/revisions"}],"predecessor-version":[{"id":12951,"href":"https:\/\/www.salon-zenetbio.com\/angers\/wp-json\/wp\/v2\/pages\/3598\/revisions\/12951"}],"wp:attachment":[{"href":"https:\/\/www.salon-zenetbio.com\/angers\/wp-json\/wp\/v2\/media?parent=3598"}],"curies":[{"name":"wp","href":"https:\/\/api.w.org\/{rel}","templated":true}]}}