{"id":7806,"date":"2020-05-15T11:12:07","date_gmt":"2020-05-15T09:12:07","guid":{"rendered":"http:\/\/www.salon-zenetbio.com\/angers\/?page_id=7806"},"modified":"2025-01-28T15:02:42","modified_gmt":"2025-01-28T14:02:42","slug":"comment-venir","status":"publish","type":"page","link":"https:\/\/www.salon-zenetbio.com\/angers\/informations-pratiques\/comment-venir\/","title":{"rendered":"Comment venir ?"},"content":{"rendered":"<h2><strong>Acc\u00e8s au salon\u00a0<\/strong><\/h2>\n<p><iframe style=\"border: 0;\" src=\"https:\/\/www.google.com\/maps\/embed?pb=!1m18!1m12!1m3!1d2695.600759821335!2d-0.49696559739777285!3d47.497690434006614!2m3!1f0!2f0!3f0!3m2!1i1024!2i768!4f13.1!3m3!1m2!1s0x480879cb0a5d5149%3A0x3f6f76ca6ec93d76!2sParc%20des%20expositions%20-%20Destination%20Angers!5e0!3m2!1sfr!2sfr!4v1650985847406!5m2!1sfr!2sfr\" width=\"600\" height=\"450\" allowfullscreen=\"allowfullscreen\"><\/iframe><\/p>\n<p><strong>EN BUS<\/strong><\/p>\n<p>Prendre les lignes n\u00b011 et n\u00b04, direction Parc des Expositions.<br \/>\nDescendre \u00e0 l\u2019arr\u00eat Parc des Expositions d\u2019Angers.<br \/>\n<a href=\"http:\/\/bustram.irigo.fr\">www.bustram.irigo.fr<\/a><\/p>\n<p><strong>EN VOITURE<\/strong><\/p>\n<p>A11 (Paris-Angers-Nantes)<br \/>\nA85 (Tours-Saumur-Angers)<br \/>\nA87 (Cholet-Niort)<\/p>\n<p>Parking gratuit : 4 450 places aux abords imm\u00e9diats du Parc des Expositions<br \/>\n<em><a href=\"http:\/\/www.covoiturage49.fr\" target=\"_blank\" rel=\"noopener noreferrer\">Pensez \u00e0 privil\u00e9gier le covoiturage<\/a><\/em><\/p>\n<p><strong>ACC\u00c8S PMR<br \/>\n<\/strong>Stationnement : des places r\u00e9serv\u00e9es pour les personnes \u00e0 mobilit\u00e9 r\u00e9duite sont mises \u00e0 disposition sur les parkings visiteurs au niveau des entr\u00e9es des manifestations.<\/p>\n","protected":false},"excerpt":{"rendered":"<p>Acc\u00e8s au salon\u00a0 EN BUS Prendre les lignes n\u00b011 et n\u00b04, direction Parc des Expositions. Descendre \u00e0 l\u2019arr\u00eat Parc des Expositions d\u2019Angers. www.bustram.irigo.fr EN VOITURE A11 (Paris-Angers-Nantes) A85 (Tours-Saumur-Angers) A87 (Cholet-Niort) Parking gratuit : 4 450 places aux abords imm\u00e9diats du Parc des Expositions Pensez \u00e0 privil\u00e9gier le covoiturage ACC\u00c8S PMR Stationnement : des places&hellip; <\/p>\n","protected":false},"author":1,"featured_media":0,"parent":3598,"menu_order":1,"comment_status":"closed","ping_status":"closed","template":"","meta":{"_monsterinsights_skip_tracking":false,"_monsterinsights_sitenote_active":false,"_monsterinsights_sitenote_note":"","_monsterinsights_sitenote_category":0,"footnotes":""},"class_list":["post-7806","page","type-page","status-publish","hentry"],"yoast_head":"<!-- This site is optimized with the Yoast SEO plugin v27.3 - https:\/\/yoast.com\/product\/yoast-seo-wordpress\/ -->\n<title>Comment venir ? - Z&amp;B Angers<\/title>\n<meta name=\"robots\" content=\"index, follow, max-snippet:-1, max-image-preview:large, max-video-preview:-1\" \/>\n<link rel=\"canonical\" href=\"https:\/\/www.salon-zenetbio.com\/angers\/informations-pratiques\/comment-venir\/\" \/>\n<meta property=\"og:locale\" content=\"fr_FR\" \/>\n<meta property=\"og:type\" content=\"article\" \/>\n<meta property=\"og:title\" content=\"Comment venir ? - Z&amp;B Angers\" \/>\n<meta property=\"og:description\" content=\"Acc\u00e8s au salon\u00a0 EN BUS Prendre les lignes n\u00b011 et n\u00b04, direction Parc des Expositions. Descendre \u00e0 l\u2019arr\u00eat Parc des Expositions d\u2019Angers. www.bustram.irigo.fr EN VOITURE A11 (Paris-Angers-Nantes) A85 (Tours-Saumur-Angers) A87 (Cholet-Niort) Parking gratuit : 4 450 places aux abords imm\u00e9diats du Parc des Expositions Pensez \u00e0 privil\u00e9gier le covoiturage ACC\u00c8S PMR Stationnement : des places&hellip;\" \/>\n<meta property=\"og:url\" content=\"https:\/\/www.salon-zenetbio.com\/angers\/informations-pratiques\/comment-venir\/\" \/>\n<meta property=\"og:site_name\" content=\"Z&amp;B Angers\" \/>\n<meta property=\"article:modified_time\" content=\"2025-01-28T14:02:42+00:00\" \/>\n<meta name=\"twitter:card\" content=\"summary_large_image\" \/>\n<meta name=\"twitter:label1\" content=\"Dur\u00e9e de lecture estim\u00e9e\" \/>\n\t<meta name=\"twitter:data1\" content=\"1 minute\" \/>\n<script type=\"application\/ld+json\" class=\"yoast-schema-graph\">{\"@context\":\"https:\\\/\\\/schema.org\",\"@graph\":[{\"@type\":\"WebPage\",\"@id\":\"https:\\\/\\\/www.salon-zenetbio.com\\\/angers\\\/informations-pratiques\\\/comment-venir\\\/\",\"url\":\"https:\\\/\\\/www.salon-zenetbio.com\\\/angers\\\/informations-pratiques\\\/comment-venir\\\/\",\"name\":\"Comment venir ? - Z&amp;B Angers\",\"isPartOf\":{\"@id\":\"https:\\\/\\\/www.salon-zenetbio.com\\\/angers\\\/#website\"},\"datePublished\":\"2020-05-15T09:12:07+00:00\",\"dateModified\":\"2025-01-28T14:02:42+00:00\",\"breadcrumb\":{\"@id\":\"https:\\\/\\\/www.salon-zenetbio.com\\\/angers\\\/informations-pratiques\\\/comment-venir\\\/#breadcrumb\"},\"inLanguage\":\"fr-FR\",\"potentialAction\":[{\"@type\":\"ReadAction\",\"target\":[\"https:\\\/\\\/www.salon-zenetbio.com\\\/angers\\\/informations-pratiques\\\/comment-venir\\\/\"]}]},{\"@type\":\"BreadcrumbList\",\"@id\":\"https:\\\/\\\/www.salon-zenetbio.com\\\/angers\\\/informations-pratiques\\\/comment-venir\\\/#breadcrumb\",\"itemListElement\":[{\"@type\":\"ListItem\",\"position\":1,\"name\":\"Accueil\",\"item\":\"https:\\\/\\\/www.salon-zenetbio.com\\\/angers\\\/\"},{\"@type\":\"ListItem\",\"position\":2,\"name\":\"Informations pratiques\",\"item\":\"https:\\\/\\\/www.salon-zenetbio.com\\\/angers\\\/informations-pratiques\\\/\"},{\"@type\":\"ListItem\",\"position\":3,\"name\":\"Comment venir ?\"}]},{\"@type\":\"WebSite\",\"@id\":\"https:\\\/\\\/www.salon-zenetbio.com\\\/angers\\\/#website\",\"url\":\"https:\\\/\\\/www.salon-zenetbio.com\\\/angers\\\/\",\"name\":\"Z&amp;B Angers\",\"description\":\"Zen&amp;Bio Angers : votre salon \u00e9colo, bio, bien-\u00eatre et habitat sain\",\"publisher\":{\"@id\":\"https:\\\/\\\/www.salon-zenetbio.com\\\/angers\\\/#organization\"},\"potentialAction\":[{\"@type\":\"SearchAction\",\"target\":{\"@type\":\"EntryPoint\",\"urlTemplate\":\"https:\\\/\\\/www.salon-zenetbio.com\\\/angers\\\/?s={search_term_string}\"},\"query-input\":{\"@type\":\"PropertyValueSpecification\",\"valueRequired\":true,\"valueName\":\"search_term_string\"}}],\"inLanguage\":\"fr-FR\"},{\"@type\":\"Organization\",\"@id\":\"https:\\\/\\\/www.salon-zenetbio.com\\\/angers\\\/#organization\",\"name\":\"Z&amp;B Angers\",\"url\":\"https:\\\/\\\/www.salon-zenetbio.com\\\/angers\\\/\",\"logo\":{\"@type\":\"ImageObject\",\"inLanguage\":\"fr-FR\",\"@id\":\"https:\\\/\\\/www.salon-zenetbio.com\\\/angers\\\/#\\\/schema\\\/logo\\\/image\\\/\",\"url\":\"https:\\\/\\\/www.salon-zenetbio.com\\\/angers\\\/wp-content\\\/uploads\\\/sites\\\/8\\\/2025\\\/11\\\/cropped-Logo-ZEN-et-BIO-angers-2026.png\",\"contentUrl\":\"https:\\\/\\\/www.salon-zenetbio.com\\\/angers\\\/wp-content\\\/uploads\\\/sites\\\/8\\\/2025\\\/11\\\/cropped-Logo-ZEN-et-BIO-angers-2026.png\",\"width\":921,\"height\":255,\"caption\":\"Z&amp;B Angers\"},\"image\":{\"@id\":\"https:\\\/\\\/www.salon-zenetbio.com\\\/angers\\\/#\\\/schema\\\/logo\\\/image\\\/\"}}]}<\/script>\n<!-- \/ Yoast SEO plugin. -->","yoast_head_json":{"title":"Comment venir ? - Z&amp;B Angers","robots":{"index":"index","follow":"follow","max-snippet":"max-snippet:-1","max-image-preview":"max-image-preview:large","max-video-preview":"max-video-preview:-1"},"canonical":"https:\/\/www.salon-zenetbio.com\/angers\/informations-pratiques\/comment-venir\/","og_locale":"fr_FR","og_type":"article","og_title":"Comment venir ? - Z&amp;B Angers","og_description":"Acc\u00e8s au salon\u00a0 EN BUS Prendre les lignes n\u00b011 et n\u00b04, direction Parc des Expositions. Descendre \u00e0 l\u2019arr\u00eat Parc des Expositions d\u2019Angers. www.bustram.irigo.fr EN VOITURE A11 (Paris-Angers-Nantes) A85 (Tours-Saumur-Angers) A87 (Cholet-Niort) Parking gratuit : 4 450 places aux abords imm\u00e9diats du Parc des Expositions Pensez \u00e0 privil\u00e9gier le covoiturage ACC\u00c8S PMR Stationnement : des places&hellip;","og_url":"https:\/\/www.salon-zenetbio.com\/angers\/informations-pratiques\/comment-venir\/","og_site_name":"Z&amp;B Angers","article_modified_time":"2025-01-28T14:02:42+00:00","twitter_card":"summary_large_image","twitter_misc":{"Dur\u00e9e de lecture estim\u00e9e":"1 minute"},"schema":{"@context":"https:\/\/schema.org","@graph":[{"@type":"WebPage","@id":"https:\/\/www.salon-zenetbio.com\/angers\/informations-pratiques\/comment-venir\/","url":"https:\/\/www.salon-zenetbio.com\/angers\/informations-pratiques\/comment-venir\/","name":"Comment venir ? - Z&amp;B Angers","isPartOf":{"@id":"https:\/\/www.salon-zenetbio.com\/angers\/#website"},"datePublished":"2020-05-15T09:12:07+00:00","dateModified":"2025-01-28T14:02:42+00:00","breadcrumb":{"@id":"https:\/\/www.salon-zenetbio.com\/angers\/informations-pratiques\/comment-venir\/#breadcrumb"},"inLanguage":"fr-FR","potentialAction":[{"@type":"ReadAction","target":["https:\/\/www.salon-zenetbio.com\/angers\/informations-pratiques\/comment-venir\/"]}]},{"@type":"BreadcrumbList","@id":"https:\/\/www.salon-zenetbio.com\/angers\/informations-pratiques\/comment-venir\/#breadcrumb","itemListElement":[{"@type":"ListItem","position":1,"name":"Accueil","item":"https:\/\/www.salon-zenetbio.com\/angers\/"},{"@type":"ListItem","position":2,"name":"Informations pratiques","item":"https:\/\/www.salon-zenetbio.com\/angers\/informations-pratiques\/"},{"@type":"ListItem","position":3,"name":"Comment venir ?"}]},{"@type":"WebSite","@id":"https:\/\/www.salon-zenetbio.com\/angers\/#website","url":"https:\/\/www.salon-zenetbio.com\/angers\/","name":"Z&amp;B Angers","description":"Zen&amp;Bio Angers : votre salon \u00e9colo, bio, bien-\u00eatre et habitat sain","publisher":{"@id":"https:\/\/www.salon-zenetbio.com\/angers\/#organization"},"potentialAction":[{"@type":"SearchAction","target":{"@type":"EntryPoint","urlTemplate":"https:\/\/www.salon-zenetbio.com\/angers\/?s={search_term_string}"},"query-input":{"@type":"PropertyValueSpecification","valueRequired":true,"valueName":"search_term_string"}}],"inLanguage":"fr-FR"},{"@type":"Organization","@id":"https:\/\/www.salon-zenetbio.com\/angers\/#organization","name":"Z&amp;B Angers","url":"https:\/\/www.salon-zenetbio.com\/angers\/","logo":{"@type":"ImageObject","inLanguage":"fr-FR","@id":"https:\/\/www.salon-zenetbio.com\/angers\/#\/schema\/logo\/image\/","url":"https:\/\/www.salon-zenetbio.com\/angers\/wp-content\/uploads\/sites\/8\/2025\/11\/cropped-Logo-ZEN-et-BIO-angers-2026.png","contentUrl":"https:\/\/www.salon-zenetbio.com\/angers\/wp-content\/uploads\/sites\/8\/2025\/11\/cropped-Logo-ZEN-et-BIO-angers-2026.png","width":921,"height":255,"caption":"Z&amp;B Angers"},"image":{"@id":"https:\/\/www.salon-zenetbio.com\/angers\/#\/schema\/logo\/image\/"}}]}},"_links":{"self":[{"href":"https:\/\/www.salon-zenetbio.com\/angers\/wp-json\/wp\/v2\/pages\/7806","targetHints":{"allow":["GET"]}}],"collection":[{"href":"https:\/\/www.salon-zenetbio.com\/angers\/wp-json\/wp\/v2\/pages"}],"about":[{"href":"https:\/\/www.salon-zenetbio.com\/angers\/wp-json\/wp\/v2\/types\/page"}],"author":[{"embeddable":true,"href":"https:\/\/www.salon-zenetbio.com\/angers\/wp-json\/wp\/v2\/users\/1"}],"replies":[{"embeddable":true,"href":"https:\/\/www.salon-zenetbio.com\/angers\/wp-json\/wp\/v2\/comments?post=7806"}],"version-history":[{"count":0,"href":"https:\/\/www.salon-zenetbio.com\/angers\/wp-json\/wp\/v2\/pages\/7806\/revisions"}],"up":[{"embeddable":true,"href":"https:\/\/www.salon-zenetbio.com\/angers\/wp-json\/wp\/v2\/pages\/3598"}],"wp:attachment":[{"href":"https:\/\/www.salon-zenetbio.com\/angers\/wp-json\/wp\/v2\/media?parent=7806"}],"curies":[{"name":"wp","href":"https:\/\/api.w.org\/{rel}","templated":true}]}}