{"id":13031,"date":"2026-04-21T12:40:24","date_gmt":"2026-04-21T10:40:24","guid":{"rendered":"https:\/\/www.salon-zenetbio.com\/lyon\/?page_id=13031"},"modified":"2026-04-21T12:40:24","modified_gmt":"2026-04-21T10:40:24","slug":"top-maman","status":"publish","type":"page","link":"https:\/\/www.salon-zenetbio.com\/lyon\/top-maman\/","title":{"rendered":"Top Maman"},"content":{"rendered":"<article id=\"post-12387\" class=\"post-12387 post type-post status-publish format-standard hentry category-non-classe\">\n<div class=\"entry-content clearfix\">\n<p><span class=\"outlook-search-highlight\" data-markjs=\"true\"><img fetchpriority=\"high\" decoding=\"async\" class=\"size-medium wp-image-12369 aligncenter\" src=\"https:\/\/www.respirelavie.fr\/rennes\/wp-content\/uploads\/sites\/5\/2025\/11\/Capture-decran-2025-07-17-a-10.44.53-2-300x260.png\" sizes=\"(max-width: 300px) 100vw, 300px\" srcset=\"https:\/\/www.respirelavie.fr\/rennes\/wp-content\/uploads\/sites\/5\/2025\/11\/Capture-decran-2025-07-17-a-10.44.53-2-300x260.png 300w, https:\/\/www.respirelavie.fr\/rennes\/wp-content\/uploads\/sites\/5\/2025\/11\/Capture-decran-2025-07-17-a-10.44.53-2-768x666.png 768w, https:\/\/www.respirelavie.fr\/rennes\/wp-content\/uploads\/sites\/5\/2025\/11\/Capture-decran-2025-07-17-a-10.44.53-2-150x130.png 150w, https:\/\/www.respirelavie.fr\/rennes\/wp-content\/uploads\/sites\/5\/2025\/11\/Capture-decran-2025-07-17-a-10.44.53-2-500x433.png 500w, https:\/\/www.respirelavie.fr\/rennes\/wp-content\/uploads\/sites\/5\/2025\/11\/Capture-decran-2025-07-17-a-10.44.53-2.png 894w\" alt=\"\" width=\"300\" height=\"260\" \/>Top Maman, c\u2019est bien plus qu\u2019un simple magazine : c\u2019est un v\u00e9ritable compagnon du quotidien pour les femmes qui jonglent entre maternit\u00e9, vie personnelle et professionnelle. Chaque num\u00e9ro propose des contenus pens\u00e9s pour r\u00e9pondre aux besoins r\u00e9els des mamans, qu\u2019elles soient en attente de b\u00e9b\u00e9, jeunes parents ou d\u00e9j\u00e0 exp\u00e9riment\u00e9es.<\/span><\/p>\n<p>Visiter le\u00a0<a href=\"https:\/\/topmaman.fr\/\" target=\"_blank\" rel=\"noopener\">site internet<\/a><\/p>\n<\/div>\n<\/article>\n","protected":false},"excerpt":{"rendered":"<p>Top Maman, c\u2019est bien plus qu\u2019un simple magazine : c\u2019est un v\u00e9ritable compagnon du quotidien pour les femmes qui jonglent entre maternit\u00e9, vie personnelle et professionnelle. Chaque num\u00e9ro propose des contenus pens\u00e9s pour r\u00e9pondre aux besoins r\u00e9els des mamans, qu\u2019elles soient en attente de b\u00e9b\u00e9, jeunes parents ou d\u00e9j\u00e0 exp\u00e9riment\u00e9es. Visiter le\u00a0site internet<\/p>\n","protected":false},"author":6,"featured_media":0,"parent":0,"menu_order":0,"comment_status":"closed","ping_status":"closed","template":"","meta":{"_monsterinsights_skip_tracking":false,"_monsterinsights_sitenote_active":false,"_monsterinsights_sitenote_note":"","_monsterinsights_sitenote_category":0,"footnotes":""},"class_list":["post-13031","page","type-page","status-publish","hentry"],"yoast_head":"<!-- This site is optimized with the Yoast SEO plugin v27.3 - https:\/\/yoast.com\/product\/yoast-seo-wordpress\/ -->\n<title>Top Maman - Salon Zen&amp;Bio Lyon<\/title>\n<meta name=\"robots\" content=\"index, follow, max-snippet:-1, max-image-preview:large, max-video-preview:-1\" \/>\n<link rel=\"canonical\" href=\"https:\/\/www.salon-zenetbio.com\/lyon\/top-maman\/\" \/>\n<meta property=\"og:locale\" content=\"fr_FR\" \/>\n<meta property=\"og:type\" content=\"article\" \/>\n<meta property=\"og:title\" content=\"Top Maman - Salon Zen&amp;Bio Lyon\" \/>\n<meta property=\"og:description\" content=\"Top Maman, c\u2019est bien plus qu\u2019un simple magazine : c\u2019est un v\u00e9ritable compagnon du quotidien pour les femmes qui jonglent entre maternit\u00e9, vie personnelle et professionnelle. Chaque num\u00e9ro propose des contenus pens\u00e9s pour r\u00e9pondre aux besoins r\u00e9els des mamans, qu\u2019elles soient en attente de b\u00e9b\u00e9, jeunes parents ou d\u00e9j\u00e0 exp\u00e9riment\u00e9es. Visiter le\u00a0site internet\" \/>\n<meta property=\"og:url\" content=\"https:\/\/www.salon-zenetbio.com\/lyon\/top-maman\/\" \/>\n<meta property=\"og:site_name\" content=\"Salon Zen&amp;Bio Lyon\" \/>\n<meta property=\"og:image\" content=\"http:\/\/www.respirelavie.fr\/rennes\/wp-content\/uploads\/sites\/5\/2025\/11\/Capture-decran-2025-07-17-a-10.44.53-2-300x260.png\" \/>\n<meta name=\"twitter:card\" content=\"summary_large_image\" \/>\n<meta name=\"twitter:label1\" content=\"Dur\u00e9e de lecture estim\u00e9e\" \/>\n\t<meta name=\"twitter:data1\" content=\"1 minute\" \/>\n<script type=\"application\/ld+json\" class=\"yoast-schema-graph\">{\"@context\":\"https:\\\/\\\/schema.org\",\"@graph\":[{\"@type\":\"WebPage\",\"@id\":\"https:\\\/\\\/www.salon-zenetbio.com\\\/lyon\\\/top-maman\\\/\",\"url\":\"https:\\\/\\\/www.salon-zenetbio.com\\\/lyon\\\/top-maman\\\/\",\"name\":\"Top Maman - Salon Zen&amp;Bio Lyon\",\"isPartOf\":{\"@id\":\"http:\\\/\\\/www.salon-zenetbio.com\\\/lyon\\\/#website\"},\"primaryImageOfPage\":{\"@id\":\"https:\\\/\\\/www.salon-zenetbio.com\\\/lyon\\\/top-maman\\\/#primaryimage\"},\"image\":{\"@id\":\"https:\\\/\\\/www.salon-zenetbio.com\\\/lyon\\\/top-maman\\\/#primaryimage\"},\"thumbnailUrl\":\"http:\\\/\\\/www.respirelavie.fr\\\/rennes\\\/wp-content\\\/uploads\\\/sites\\\/5\\\/2025\\\/11\\\/Capture-decran-2025-07-17-a-10.44.53-2-300x260.png\",\"datePublished\":\"2026-04-21T10:40:24+00:00\",\"breadcrumb\":{\"@id\":\"https:\\\/\\\/www.salon-zenetbio.com\\\/lyon\\\/top-maman\\\/#breadcrumb\"},\"inLanguage\":\"fr-FR\",\"potentialAction\":[{\"@type\":\"ReadAction\",\"target\":[\"https:\\\/\\\/www.salon-zenetbio.com\\\/lyon\\\/top-maman\\\/\"]}]},{\"@type\":\"ImageObject\",\"inLanguage\":\"fr-FR\",\"@id\":\"https:\\\/\\\/www.salon-zenetbio.com\\\/lyon\\\/top-maman\\\/#primaryimage\",\"url\":\"http:\\\/\\\/www.respirelavie.fr\\\/rennes\\\/wp-content\\\/uploads\\\/sites\\\/5\\\/2025\\\/11\\\/Capture-decran-2025-07-17-a-10.44.53-2-300x260.png\",\"contentUrl\":\"http:\\\/\\\/www.respirelavie.fr\\\/rennes\\\/wp-content\\\/uploads\\\/sites\\\/5\\\/2025\\\/11\\\/Capture-decran-2025-07-17-a-10.44.53-2-300x260.png\"},{\"@type\":\"BreadcrumbList\",\"@id\":\"https:\\\/\\\/www.salon-zenetbio.com\\\/lyon\\\/top-maman\\\/#breadcrumb\",\"itemListElement\":[{\"@type\":\"ListItem\",\"position\":1,\"name\":\"Accueil\",\"item\":\"http:\\\/\\\/www.salon-zenetbio.com\\\/lyon\\\/\"},{\"@type\":\"ListItem\",\"position\":2,\"name\":\"Top Maman\"}]},{\"@type\":\"WebSite\",\"@id\":\"http:\\\/\\\/www.salon-zenetbio.com\\\/lyon\\\/#website\",\"url\":\"http:\\\/\\\/www.salon-zenetbio.com\\\/lyon\\\/\",\"name\":\"Salon Zen&amp;Bio Lyon\",\"description\":\"salon Zen&amp;Bio Lyon : votre salon \u00e9colo, bio, bien-\u00eatre et habitat sain\",\"publisher\":{\"@id\":\"http:\\\/\\\/www.salon-zenetbio.com\\\/lyon\\\/#organization\"},\"potentialAction\":[{\"@type\":\"SearchAction\",\"target\":{\"@type\":\"EntryPoint\",\"urlTemplate\":\"http:\\\/\\\/www.salon-zenetbio.com\\\/lyon\\\/?s={search_term_string}\"},\"query-input\":{\"@type\":\"PropertyValueSpecification\",\"valueRequired\":true,\"valueName\":\"search_term_string\"}}],\"inLanguage\":\"fr-FR\"},{\"@type\":\"Organization\",\"@id\":\"http:\\\/\\\/www.salon-zenetbio.com\\\/lyon\\\/#organization\",\"name\":\"Salon Zen&amp;Bio Lyon\",\"url\":\"http:\\\/\\\/www.salon-zenetbio.com\\\/lyon\\\/\",\"logo\":{\"@type\":\"ImageObject\",\"inLanguage\":\"fr-FR\",\"@id\":\"http:\\\/\\\/www.salon-zenetbio.com\\\/lyon\\\/#\\\/schema\\\/logo\\\/image\\\/\",\"url\":\"https:\\\/\\\/www.salon-zenetbio.com\\\/lyon\\\/wp-content\\\/uploads\\\/sites\\\/12\\\/2026\\\/03\\\/cropped-Logo-ZEN-et-BIO-lyon-2026-1.png\",\"contentUrl\":\"https:\\\/\\\/www.salon-zenetbio.com\\\/lyon\\\/wp-content\\\/uploads\\\/sites\\\/12\\\/2026\\\/03\\\/cropped-Logo-ZEN-et-BIO-lyon-2026-1.png\",\"width\":921,\"height\":255,\"caption\":\"Salon Zen&amp;Bio Lyon\"},\"image\":{\"@id\":\"http:\\\/\\\/www.salon-zenetbio.com\\\/lyon\\\/#\\\/schema\\\/logo\\\/image\\\/\"}}]}<\/script>\n<!-- \/ Yoast SEO plugin. -->","yoast_head_json":{"title":"Top Maman - Salon Zen&amp;Bio Lyon","robots":{"index":"index","follow":"follow","max-snippet":"max-snippet:-1","max-image-preview":"max-image-preview:large","max-video-preview":"max-video-preview:-1"},"canonical":"https:\/\/www.salon-zenetbio.com\/lyon\/top-maman\/","og_locale":"fr_FR","og_type":"article","og_title":"Top Maman - Salon Zen&amp;Bio Lyon","og_description":"Top Maman, c\u2019est bien plus qu\u2019un simple magazine : c\u2019est un v\u00e9ritable compagnon du quotidien pour les femmes qui jonglent entre maternit\u00e9, vie personnelle et professionnelle. Chaque num\u00e9ro propose des contenus pens\u00e9s pour r\u00e9pondre aux besoins r\u00e9els des mamans, qu\u2019elles soient en attente de b\u00e9b\u00e9, jeunes parents ou d\u00e9j\u00e0 exp\u00e9riment\u00e9es. Visiter le\u00a0site internet","og_url":"https:\/\/www.salon-zenetbio.com\/lyon\/top-maman\/","og_site_name":"Salon Zen&amp;Bio Lyon","og_image":[{"url":"http:\/\/www.respirelavie.fr\/rennes\/wp-content\/uploads\/sites\/5\/2025\/11\/Capture-decran-2025-07-17-a-10.44.53-2-300x260.png","type":"","width":"","height":""}],"twitter_card":"summary_large_image","twitter_misc":{"Dur\u00e9e de lecture estim\u00e9e":"1 minute"},"schema":{"@context":"https:\/\/schema.org","@graph":[{"@type":"WebPage","@id":"https:\/\/www.salon-zenetbio.com\/lyon\/top-maman\/","url":"https:\/\/www.salon-zenetbio.com\/lyon\/top-maman\/","name":"Top Maman - Salon Zen&amp;Bio Lyon","isPartOf":{"@id":"http:\/\/www.salon-zenetbio.com\/lyon\/#website"},"primaryImageOfPage":{"@id":"https:\/\/www.salon-zenetbio.com\/lyon\/top-maman\/#primaryimage"},"image":{"@id":"https:\/\/www.salon-zenetbio.com\/lyon\/top-maman\/#primaryimage"},"thumbnailUrl":"http:\/\/www.respirelavie.fr\/rennes\/wp-content\/uploads\/sites\/5\/2025\/11\/Capture-decran-2025-07-17-a-10.44.53-2-300x260.png","datePublished":"2026-04-21T10:40:24+00:00","breadcrumb":{"@id":"https:\/\/www.salon-zenetbio.com\/lyon\/top-maman\/#breadcrumb"},"inLanguage":"fr-FR","potentialAction":[{"@type":"ReadAction","target":["https:\/\/www.salon-zenetbio.com\/lyon\/top-maman\/"]}]},{"@type":"ImageObject","inLanguage":"fr-FR","@id":"https:\/\/www.salon-zenetbio.com\/lyon\/top-maman\/#primaryimage","url":"http:\/\/www.respirelavie.fr\/rennes\/wp-content\/uploads\/sites\/5\/2025\/11\/Capture-decran-2025-07-17-a-10.44.53-2-300x260.png","contentUrl":"http:\/\/www.respirelavie.fr\/rennes\/wp-content\/uploads\/sites\/5\/2025\/11\/Capture-decran-2025-07-17-a-10.44.53-2-300x260.png"},{"@type":"BreadcrumbList","@id":"https:\/\/www.salon-zenetbio.com\/lyon\/top-maman\/#breadcrumb","itemListElement":[{"@type":"ListItem","position":1,"name":"Accueil","item":"http:\/\/www.salon-zenetbio.com\/lyon\/"},{"@type":"ListItem","position":2,"name":"Top Maman"}]},{"@type":"WebSite","@id":"http:\/\/www.salon-zenetbio.com\/lyon\/#website","url":"http:\/\/www.salon-zenetbio.com\/lyon\/","name":"Salon Zen&amp;Bio Lyon","description":"salon Zen&amp;Bio Lyon : votre salon \u00e9colo, bio, bien-\u00eatre et habitat sain","publisher":{"@id":"http:\/\/www.salon-zenetbio.com\/lyon\/#organization"},"potentialAction":[{"@type":"SearchAction","target":{"@type":"EntryPoint","urlTemplate":"http:\/\/www.salon-zenetbio.com\/lyon\/?s={search_term_string}"},"query-input":{"@type":"PropertyValueSpecification","valueRequired":true,"valueName":"search_term_string"}}],"inLanguage":"fr-FR"},{"@type":"Organization","@id":"http:\/\/www.salon-zenetbio.com\/lyon\/#organization","name":"Salon Zen&amp;Bio Lyon","url":"http:\/\/www.salon-zenetbio.com\/lyon\/","logo":{"@type":"ImageObject","inLanguage":"fr-FR","@id":"http:\/\/www.salon-zenetbio.com\/lyon\/#\/schema\/logo\/image\/","url":"https:\/\/www.salon-zenetbio.com\/lyon\/wp-content\/uploads\/sites\/12\/2026\/03\/cropped-Logo-ZEN-et-BIO-lyon-2026-1.png","contentUrl":"https:\/\/www.salon-zenetbio.com\/lyon\/wp-content\/uploads\/sites\/12\/2026\/03\/cropped-Logo-ZEN-et-BIO-lyon-2026-1.png","width":921,"height":255,"caption":"Salon Zen&amp;Bio Lyon"},"image":{"@id":"http:\/\/www.salon-zenetbio.com\/lyon\/#\/schema\/logo\/image\/"}}]}},"_links":{"self":[{"href":"https:\/\/www.salon-zenetbio.com\/lyon\/wp-json\/wp\/v2\/pages\/13031","targetHints":{"allow":["GET"]}}],"collection":[{"href":"https:\/\/www.salon-zenetbio.com\/lyon\/wp-json\/wp\/v2\/pages"}],"about":[{"href":"https:\/\/www.salon-zenetbio.com\/lyon\/wp-json\/wp\/v2\/types\/page"}],"author":[{"embeddable":true,"href":"https:\/\/www.salon-zenetbio.com\/lyon\/wp-json\/wp\/v2\/users\/6"}],"replies":[{"embeddable":true,"href":"https:\/\/www.salon-zenetbio.com\/lyon\/wp-json\/wp\/v2\/comments?post=13031"}],"version-history":[{"count":1,"href":"https:\/\/www.salon-zenetbio.com\/lyon\/wp-json\/wp\/v2\/pages\/13031\/revisions"}],"predecessor-version":[{"id":13032,"href":"https:\/\/www.salon-zenetbio.com\/lyon\/wp-json\/wp\/v2\/pages\/13031\/revisions\/13032"}],"wp:attachment":[{"href":"https:\/\/www.salon-zenetbio.com\/lyon\/wp-json\/wp\/v2\/media?parent=13031"}],"curies":[{"name":"wp","href":"https:\/\/api.w.org\/{rel}","templated":true}]}}

<article id="post-12387" class="post-12387 post type-post status-publish format-standard hentry category-non-classe">
<div class="entry-content clearfix">
<p><span class="outlook-search-highlight" data-markjs="true"><img fetchpriority="high" decoding="async" class="size-medium wp-image-12369 aligncenter" src="https://www.respirelavie.fr/rennes/wp-content/uploads/sites/5/2025/11/Capture-decran-2025-07-17-a-10.44.53-2-300x260.png" sizes="(max-width: 300px) 100vw, 300px" srcset="https://www.respirelavie.fr/rennes/wp-content/uploads/sites/5/2025/11/Capture-decran-2025-07-17-a-10.44.53-2-300x260.png 300w, https://www.respirelavie.fr/rennes/wp-content/uploads/sites/5/2025/11/Capture-decran-2025-07-17-a-10.44.53-2-768x666.png 768w, https://www.respirelavie.fr/rennes/wp-content/uploads/sites/5/2025/11/Capture-decran-2025-07-17-a-10.44.53-2-150x130.png 150w, https://www.respirelavie.fr/rennes/wp-content/uploads/sites/5/2025/11/Capture-decran-2025-07-17-a-10.44.53-2-500x433.png 500w, https://www.respirelavie.fr/rennes/wp-content/uploads/sites/5/2025/11/Capture-decran-2025-07-17-a-10.44.53-2.png 894w" alt="" width="300" height="260" />Top Maman, c’est bien plus qu’un simple magazine : c’est un véritable compagnon du quotidien pour les femmes qui jonglent entre maternité, vie personnelle et professionnelle. Chaque numéro propose des contenus pensés pour répondre aux besoins réels des mamans, qu’elles soient en attente de bébé, jeunes parents ou déjà expérimentées.</span></p>
<p>Visiter le <a href="https://topmaman.fr/" target="_blank" rel="noopener">site internet</a></p>
</div>
</article>

<p>Top Maman, c’est bien plus qu’un simple magazine : c’est un véritable compagnon du quotidien pour les femmes qui jonglent entre maternité, vie personnelle et professionnelle. Chaque numéro propose des contenus pensés pour répondre aux besoins réels des mamans, qu’elles soient en attente de bébé, jeunes parents ou déjà expérimentées. Visiter le site internet</p>

<!-- This site is optimized with the Yoast SEO plugin v27.3 - https://yoast.com/product/yoast-seo-wordpress/ -->
<title>Top Maman - Salon Zen&amp;Bio Lyon</title>
<meta name="robots" content="index, follow, max-snippet:-1, max-image-preview:large, max-video-preview:-1" />
<link rel="canonical" href="https://www.salon-zenetbio.com/lyon/top-maman/" />
<meta property="og:locale" content="fr_FR" />
<meta property="og:type" content="article" />
<meta property="og:title" content="Top Maman - Salon Zen&amp;Bio Lyon" />
<meta property="og:description" content="Top Maman, c’est bien plus qu’un simple magazine : c’est un véritable compagnon du quotidien pour les femmes qui jonglent entre maternité, vie personnelle et professionnelle. Chaque numéro propose des contenus pensés pour répondre aux besoins réels des mamans, qu’elles soient en attente de bébé, jeunes parents ou déjà expérimentées. Visiter le site internet" />
<meta property="og:url" content="https://www.salon-zenetbio.com/lyon/top-maman/" />
<meta property="og:site_name" content="Salon Zen&amp;Bio Lyon" />
<meta property="og:image" content="http://www.respirelavie.fr/rennes/wp-content/uploads/sites/5/2025/11/Capture-decran-2025-07-17-a-10.44.53-2-300x260.png" />
<meta name="twitter:card" content="summary_large_image" />
<meta name="twitter:label1" content="Durée de lecture estimée" />
	<meta name="twitter:data1" content="1 minute" />
<script type="application/ld+json" class="yoast-schema-graph">{"@context":"https:\/\/schema.org","@graph":[{"@type":"WebPage","@id":"https:\/\/www.salon-zenetbio.com\/lyon\/top-maman\/","url":"https:\/\/www.salon-zenetbio.com\/lyon\/top-maman\/","name":"Top Maman - Salon Zen&amp;Bio Lyon","isPartOf":{"@id":"http:\/\/www.salon-zenetbio.com\/lyon\/#website"},"primaryImageOfPage":{"@id":"https:\/\/www.salon-zenetbio.com\/lyon\/top-maman\/#primaryimage"},"image":{"@id":"https:\/\/www.salon-zenetbio.com\/lyon\/top-maman\/#primaryimage"},"thumbnailUrl":"http:\/\/www.respirelavie.fr\/rennes\/wp-content\/uploads\/sites\/5\/2025\/11\/Capture-decran-2025-07-17-a-10.44.53-2-300x260.png","datePublished":"2026-04-21T10:40:24+00:00","breadcrumb":{"@id":"https:\/\/www.salon-zenetbio.com\/lyon\/top-maman\/#breadcrumb"},"inLanguage":"fr-FR","potentialAction":[{"@type":"ReadAction","target":["https:\/\/www.salon-zenetbio.com\/lyon\/top-maman\/"]}]},{"@type":"ImageObject","inLanguage":"fr-FR","@id":"https:\/\/www.salon-zenetbio.com\/lyon\/top-maman\/#primaryimage","url":"http:\/\/www.respirelavie.fr\/rennes\/wp-content\/uploads\/sites\/5\/2025\/11\/Capture-decran-2025-07-17-a-10.44.53-2-300x260.png","contentUrl":"http:\/\/www.respirelavie.fr\/rennes\/wp-content\/uploads\/sites\/5\/2025\/11\/Capture-decran-2025-07-17-a-10.44.53-2-300x260.png"},{"@type":"BreadcrumbList","@id":"https:\/\/www.salon-zenetbio.com\/lyon\/top-maman\/#breadcrumb","itemListElement":[{"@type":"ListItem","position":1,"name":"Accueil","item":"http:\/\/www.salon-zenetbio.com\/lyon\/"},{"@type":"ListItem","position":2,"name":"Top Maman"}]},{"@type":"WebSite","@id":"http:\/\/www.salon-zenetbio.com\/lyon\/#website","url":"http:\/\/www.salon-zenetbio.com\/lyon\/","name":"Salon Zen&amp;Bio Lyon","description":"salon Zen&amp;Bio Lyon : votre salon écolo, bio, bien-être et habitat sain","publisher":{"@id":"http:\/\/www.salon-zenetbio.com\/lyon\/#organization"},"potentialAction":[{"@type":"SearchAction","target":{"@type":"EntryPoint","urlTemplate":"http:\/\/www.salon-zenetbio.com\/lyon\/?s={search_term_string}"},"query-input":{"@type":"PropertyValueSpecification","valueRequired":true,"valueName":"search_term_string"}}],"inLanguage":"fr-FR"},{"@type":"Organization","@id":"http:\/\/www.salon-zenetbio.com\/lyon\/#organization","name":"Salon Zen&amp;Bio Lyon","url":"http:\/\/www.salon-zenetbio.com\/lyon\/","logo":{"@type":"ImageObject","inLanguage":"fr-FR","@id":"http:\/\/www.salon-zenetbio.com\/lyon\/#\/schema\/logo\/image\/","url":"https:\/\/www.salon-zenetbio.com\/lyon\/wp-content\/uploads\/sites\/12\/2026\/03\/cropped-Logo-ZEN-et-BIO-lyon-2026-1.png","contentUrl":"https:\/\/www.salon-zenetbio.com\/lyon\/wp-content\/uploads\/sites\/12\/2026\/03\/cropped-Logo-ZEN-et-BIO-lyon-2026-1.png","width":921,"height":255,"caption":"Salon Zen&amp;Bio Lyon"},"image":{"@id":"http:\/\/www.salon-zenetbio.com\/lyon\/#\/schema\/logo\/image\/"}}]}</script>
<!-- / Yoast SEO plugin. -->

Top Maman, c’est bien plus qu’un simple magazine : c’est un véritable compagnon du quotidien pour les femmes qui jonglent entre maternité, vie personnelle et professionnelle. Chaque numéro propose des contenus pensés pour répondre aux besoins réels des mamans, qu’elles soient en attente de bébé, jeunes parents ou déjà expérimentées. Visiter le site internet

salon Zen&amp;Bio Lyon : votre salon écolo, bio, bien-être et habitat sain
