{"id":13041,"date":"2026-04-22T14:35:53","date_gmt":"2026-04-22T12:35:53","guid":{"rendered":"https:\/\/www.salon-zenetbio.com\/lyon\/?page_id=13041"},"modified":"2026-04-22T14:35:53","modified_gmt":"2026-04-22T12:35:53","slug":"naturelles","status":"publish","type":"page","link":"https:\/\/www.salon-zenetbio.com\/lyon\/naturelles\/","title":{"rendered":"Naturelles"},"content":{"rendered":"<p><img decoding=\"async\" class=\"alignnone  wp-image-13886\" src=\"https:\/\/www.respirelavie.fr\/rennes\/wp-content\/uploads\/sites\/5\/2026\/04\/unnamed-2.png\" sizes=\"(max-width: 291px) 100vw, 291px\" srcset=\"https:\/\/www.respirelavie.fr\/rennes\/wp-content\/uploads\/sites\/5\/2026\/04\/unnamed-2.png 1030w, https:\/\/www.respirelavie.fr\/rennes\/wp-content\/uploads\/sites\/5\/2026\/04\/unnamed-2-300x138.png 300w, https:\/\/www.respirelavie.fr\/rennes\/wp-content\/uploads\/sites\/5\/2026\/04\/unnamed-2-1024x472.png 1024w, https:\/\/www.respirelavie.fr\/rennes\/wp-content\/uploads\/sites\/5\/2026\/04\/unnamed-2-768x354.png 768w, https:\/\/www.respirelavie.fr\/rennes\/wp-content\/uploads\/sites\/5\/2026\/04\/unnamed-2-150x69.png 150w, https:\/\/www.respirelavie.fr\/rennes\/wp-content\/uploads\/sites\/5\/2026\/04\/unnamed-2-500x231.png 500w\" alt=\"\" width=\"291\" height=\"134\" \/><\/p>\n<p class=\"03Dossierforum-Paragraphe\">Naturelles Magazine est un magazine trimestriel d\u00e9di\u00e9 \u00e0 la sant\u00e9 naturelle et au bien-\u00eatre. Il propose des conseils d\u2019experts, des dossiers pratiques et des solutions pour adopter un mode de vie plus sain au quotidien. Destin\u00e9 \u00e0 un public attentif \u00e0 sa sant\u00e9, il aborde des th\u00e8mes comme l\u2019alimentation, les m\u00e9decines douces et l\u2019\u00e9quilibre de vie. Le magazine publie 4 num\u00e9ros par an, compl\u00e9t\u00e9s par un hors-s\u00e9rie ax\u00e9 sur le bien-\u00eatre.<\/p>\n<p>Visiter le\u00a0<a href=\"https:\/\/naturelles-magazine.com\/\" target=\"_blank\" rel=\"noopener\">site internet<\/a><\/p>\n","protected":false},"excerpt":{"rendered":"<p>Naturelles Magazine est un magazine trimestriel d\u00e9di\u00e9 \u00e0 la sant\u00e9 naturelle et au bien-\u00eatre. Il propose des conseils d\u2019experts, des dossiers pratiques et des solutions pour adopter un mode de vie plus sain au quotidien. Destin\u00e9 \u00e0 un public attentif \u00e0 sa sant\u00e9, il aborde des th\u00e8mes comme l\u2019alimentation, les m\u00e9decines douces et l\u2019\u00e9quilibre de&hellip; <\/p>\n","protected":false},"author":6,"featured_media":0,"parent":0,"menu_order":0,"comment_status":"closed","ping_status":"closed","template":"","meta":{"_monsterinsights_skip_tracking":false,"_monsterinsights_sitenote_active":false,"_monsterinsights_sitenote_note":"","_monsterinsights_sitenote_category":0,"footnotes":""},"class_list":["post-13041","page","type-page","status-publish","hentry"],"yoast_head":"<!-- This site is optimized with the Yoast SEO plugin v27.3 - https:\/\/yoast.com\/product\/yoast-seo-wordpress\/ -->\n<title>Naturelles - Salon Zen&amp;Bio Lyon<\/title>\n<meta name=\"robots\" content=\"index, follow, max-snippet:-1, max-image-preview:large, max-video-preview:-1\" \/>\n<link rel=\"canonical\" href=\"https:\/\/www.salon-zenetbio.com\/lyon\/naturelles\/\" \/>\n<meta property=\"og:locale\" content=\"fr_FR\" \/>\n<meta property=\"og:type\" content=\"article\" \/>\n<meta property=\"og:title\" content=\"Naturelles - Salon Zen&amp;Bio Lyon\" \/>\n<meta property=\"og:description\" content=\"Naturelles Magazine est un magazine trimestriel d\u00e9di\u00e9 \u00e0 la sant\u00e9 naturelle et au bien-\u00eatre. Il propose des conseils d\u2019experts, des dossiers pratiques et des solutions pour adopter un mode de vie plus sain au quotidien. Destin\u00e9 \u00e0 un public attentif \u00e0 sa sant\u00e9, il aborde des th\u00e8mes comme l\u2019alimentation, les m\u00e9decines douces et l\u2019\u00e9quilibre de&hellip;\" \/>\n<meta property=\"og:url\" content=\"https:\/\/www.salon-zenetbio.com\/lyon\/naturelles\/\" \/>\n<meta property=\"og:site_name\" content=\"Salon Zen&amp;Bio Lyon\" \/>\n<meta property=\"og:image\" content=\"http:\/\/www.respirelavie.fr\/rennes\/wp-content\/uploads\/sites\/5\/2026\/04\/unnamed-2.png\" \/>\n<meta name=\"twitter:card\" content=\"summary_large_image\" \/>\n<script type=\"application\/ld+json\" class=\"yoast-schema-graph\">{\"@context\":\"https:\\\/\\\/schema.org\",\"@graph\":[{\"@type\":\"WebPage\",\"@id\":\"https:\\\/\\\/www.salon-zenetbio.com\\\/lyon\\\/naturelles\\\/\",\"url\":\"https:\\\/\\\/www.salon-zenetbio.com\\\/lyon\\\/naturelles\\\/\",\"name\":\"Naturelles - Salon Zen&amp;Bio Lyon\",\"isPartOf\":{\"@id\":\"http:\\\/\\\/www.salon-zenetbio.com\\\/lyon\\\/#website\"},\"primaryImageOfPage\":{\"@id\":\"https:\\\/\\\/www.salon-zenetbio.com\\\/lyon\\\/naturelles\\\/#primaryimage\"},\"image\":{\"@id\":\"https:\\\/\\\/www.salon-zenetbio.com\\\/lyon\\\/naturelles\\\/#primaryimage\"},\"thumbnailUrl\":\"http:\\\/\\\/www.respirelavie.fr\\\/rennes\\\/wp-content\\\/uploads\\\/sites\\\/5\\\/2026\\\/04\\\/unnamed-2.png\",\"datePublished\":\"2026-04-22T12:35:53+00:00\",\"breadcrumb\":{\"@id\":\"https:\\\/\\\/www.salon-zenetbio.com\\\/lyon\\\/naturelles\\\/#breadcrumb\"},\"inLanguage\":\"fr-FR\",\"potentialAction\":[{\"@type\":\"ReadAction\",\"target\":[\"https:\\\/\\\/www.salon-zenetbio.com\\\/lyon\\\/naturelles\\\/\"]}]},{\"@type\":\"ImageObject\",\"inLanguage\":\"fr-FR\",\"@id\":\"https:\\\/\\\/www.salon-zenetbio.com\\\/lyon\\\/naturelles\\\/#primaryimage\",\"url\":\"http:\\\/\\\/www.respirelavie.fr\\\/rennes\\\/wp-content\\\/uploads\\\/sites\\\/5\\\/2026\\\/04\\\/unnamed-2.png\",\"contentUrl\":\"http:\\\/\\\/www.respirelavie.fr\\\/rennes\\\/wp-content\\\/uploads\\\/sites\\\/5\\\/2026\\\/04\\\/unnamed-2.png\"},{\"@type\":\"BreadcrumbList\",\"@id\":\"https:\\\/\\\/www.salon-zenetbio.com\\\/lyon\\\/naturelles\\\/#breadcrumb\",\"itemListElement\":[{\"@type\":\"ListItem\",\"position\":1,\"name\":\"Accueil\",\"item\":\"http:\\\/\\\/www.salon-zenetbio.com\\\/lyon\\\/\"},{\"@type\":\"ListItem\",\"position\":2,\"name\":\"Naturelles\"}]},{\"@type\":\"WebSite\",\"@id\":\"http:\\\/\\\/www.salon-zenetbio.com\\\/lyon\\\/#website\",\"url\":\"http:\\\/\\\/www.salon-zenetbio.com\\\/lyon\\\/\",\"name\":\"Salon Zen&amp;Bio Lyon\",\"description\":\"salon Zen&amp;Bio Lyon : votre salon \u00e9colo, bio, bien-\u00eatre et habitat sain\",\"publisher\":{\"@id\":\"http:\\\/\\\/www.salon-zenetbio.com\\\/lyon\\\/#organization\"},\"potentialAction\":[{\"@type\":\"SearchAction\",\"target\":{\"@type\":\"EntryPoint\",\"urlTemplate\":\"http:\\\/\\\/www.salon-zenetbio.com\\\/lyon\\\/?s={search_term_string}\"},\"query-input\":{\"@type\":\"PropertyValueSpecification\",\"valueRequired\":true,\"valueName\":\"search_term_string\"}}],\"inLanguage\":\"fr-FR\"},{\"@type\":\"Organization\",\"@id\":\"http:\\\/\\\/www.salon-zenetbio.com\\\/lyon\\\/#organization\",\"name\":\"Salon Zen&amp;Bio Lyon\",\"url\":\"http:\\\/\\\/www.salon-zenetbio.com\\\/lyon\\\/\",\"logo\":{\"@type\":\"ImageObject\",\"inLanguage\":\"fr-FR\",\"@id\":\"http:\\\/\\\/www.salon-zenetbio.com\\\/lyon\\\/#\\\/schema\\\/logo\\\/image\\\/\",\"url\":\"https:\\\/\\\/www.salon-zenetbio.com\\\/lyon\\\/wp-content\\\/uploads\\\/sites\\\/12\\\/2026\\\/03\\\/cropped-Logo-ZEN-et-BIO-lyon-2026-1.png\",\"contentUrl\":\"https:\\\/\\\/www.salon-zenetbio.com\\\/lyon\\\/wp-content\\\/uploads\\\/sites\\\/12\\\/2026\\\/03\\\/cropped-Logo-ZEN-et-BIO-lyon-2026-1.png\",\"width\":921,\"height\":255,\"caption\":\"Salon Zen&amp;Bio Lyon\"},\"image\":{\"@id\":\"http:\\\/\\\/www.salon-zenetbio.com\\\/lyon\\\/#\\\/schema\\\/logo\\\/image\\\/\"}}]}<\/script>\n<!-- \/ Yoast SEO plugin. -->","yoast_head_json":{"title":"Naturelles - Salon Zen&amp;Bio Lyon","robots":{"index":"index","follow":"follow","max-snippet":"max-snippet:-1","max-image-preview":"max-image-preview:large","max-video-preview":"max-video-preview:-1"},"canonical":"https:\/\/www.salon-zenetbio.com\/lyon\/naturelles\/","og_locale":"fr_FR","og_type":"article","og_title":"Naturelles - Salon Zen&amp;Bio Lyon","og_description":"Naturelles Magazine est un magazine trimestriel d\u00e9di\u00e9 \u00e0 la sant\u00e9 naturelle et au bien-\u00eatre. Il propose des conseils d\u2019experts, des dossiers pratiques et des solutions pour adopter un mode de vie plus sain au quotidien. Destin\u00e9 \u00e0 un public attentif \u00e0 sa sant\u00e9, il aborde des th\u00e8mes comme l\u2019alimentation, les m\u00e9decines douces et l\u2019\u00e9quilibre de&hellip;","og_url":"https:\/\/www.salon-zenetbio.com\/lyon\/naturelles\/","og_site_name":"Salon Zen&amp;Bio Lyon","og_image":[{"url":"http:\/\/www.respirelavie.fr\/rennes\/wp-content\/uploads\/sites\/5\/2026\/04\/unnamed-2.png","type":"","width":"","height":""}],"twitter_card":"summary_large_image","schema":{"@context":"https:\/\/schema.org","@graph":[{"@type":"WebPage","@id":"https:\/\/www.salon-zenetbio.com\/lyon\/naturelles\/","url":"https:\/\/www.salon-zenetbio.com\/lyon\/naturelles\/","name":"Naturelles - Salon Zen&amp;Bio Lyon","isPartOf":{"@id":"http:\/\/www.salon-zenetbio.com\/lyon\/#website"},"primaryImageOfPage":{"@id":"https:\/\/www.salon-zenetbio.com\/lyon\/naturelles\/#primaryimage"},"image":{"@id":"https:\/\/www.salon-zenetbio.com\/lyon\/naturelles\/#primaryimage"},"thumbnailUrl":"http:\/\/www.respirelavie.fr\/rennes\/wp-content\/uploads\/sites\/5\/2026\/04\/unnamed-2.png","datePublished":"2026-04-22T12:35:53+00:00","breadcrumb":{"@id":"https:\/\/www.salon-zenetbio.com\/lyon\/naturelles\/#breadcrumb"},"inLanguage":"fr-FR","potentialAction":[{"@type":"ReadAction","target":["https:\/\/www.salon-zenetbio.com\/lyon\/naturelles\/"]}]},{"@type":"ImageObject","inLanguage":"fr-FR","@id":"https:\/\/www.salon-zenetbio.com\/lyon\/naturelles\/#primaryimage","url":"http:\/\/www.respirelavie.fr\/rennes\/wp-content\/uploads\/sites\/5\/2026\/04\/unnamed-2.png","contentUrl":"http:\/\/www.respirelavie.fr\/rennes\/wp-content\/uploads\/sites\/5\/2026\/04\/unnamed-2.png"},{"@type":"BreadcrumbList","@id":"https:\/\/www.salon-zenetbio.com\/lyon\/naturelles\/#breadcrumb","itemListElement":[{"@type":"ListItem","position":1,"name":"Accueil","item":"http:\/\/www.salon-zenetbio.com\/lyon\/"},{"@type":"ListItem","position":2,"name":"Naturelles"}]},{"@type":"WebSite","@id":"http:\/\/www.salon-zenetbio.com\/lyon\/#website","url":"http:\/\/www.salon-zenetbio.com\/lyon\/","name":"Salon Zen&amp;Bio Lyon","description":"salon Zen&amp;Bio Lyon : votre salon \u00e9colo, bio, bien-\u00eatre et habitat sain","publisher":{"@id":"http:\/\/www.salon-zenetbio.com\/lyon\/#organization"},"potentialAction":[{"@type":"SearchAction","target":{"@type":"EntryPoint","urlTemplate":"http:\/\/www.salon-zenetbio.com\/lyon\/?s={search_term_string}"},"query-input":{"@type":"PropertyValueSpecification","valueRequired":true,"valueName":"search_term_string"}}],"inLanguage":"fr-FR"},{"@type":"Organization","@id":"http:\/\/www.salon-zenetbio.com\/lyon\/#organization","name":"Salon Zen&amp;Bio Lyon","url":"http:\/\/www.salon-zenetbio.com\/lyon\/","logo":{"@type":"ImageObject","inLanguage":"fr-FR","@id":"http:\/\/www.salon-zenetbio.com\/lyon\/#\/schema\/logo\/image\/","url":"https:\/\/www.salon-zenetbio.com\/lyon\/wp-content\/uploads\/sites\/12\/2026\/03\/cropped-Logo-ZEN-et-BIO-lyon-2026-1.png","contentUrl":"https:\/\/www.salon-zenetbio.com\/lyon\/wp-content\/uploads\/sites\/12\/2026\/03\/cropped-Logo-ZEN-et-BIO-lyon-2026-1.png","width":921,"height":255,"caption":"Salon Zen&amp;Bio Lyon"},"image":{"@id":"http:\/\/www.salon-zenetbio.com\/lyon\/#\/schema\/logo\/image\/"}}]}},"_links":{"self":[{"href":"https:\/\/www.salon-zenetbio.com\/lyon\/wp-json\/wp\/v2\/pages\/13041","targetHints":{"allow":["GET"]}}],"collection":[{"href":"https:\/\/www.salon-zenetbio.com\/lyon\/wp-json\/wp\/v2\/pages"}],"about":[{"href":"https:\/\/www.salon-zenetbio.com\/lyon\/wp-json\/wp\/v2\/types\/page"}],"author":[{"embeddable":true,"href":"https:\/\/www.salon-zenetbio.com\/lyon\/wp-json\/wp\/v2\/users\/6"}],"replies":[{"embeddable":true,"href":"https:\/\/www.salon-zenetbio.com\/lyon\/wp-json\/wp\/v2\/comments?post=13041"}],"version-history":[{"count":1,"href":"https:\/\/www.salon-zenetbio.com\/lyon\/wp-json\/wp\/v2\/pages\/13041\/revisions"}],"predecessor-version":[{"id":13042,"href":"https:\/\/www.salon-zenetbio.com\/lyon\/wp-json\/wp\/v2\/pages\/13041\/revisions\/13042"}],"wp:attachment":[{"href":"https:\/\/www.salon-zenetbio.com\/lyon\/wp-json\/wp\/v2\/media?parent=13041"}],"curies":[{"name":"wp","href":"https:\/\/api.w.org\/{rel}","templated":true}]}}

<p><img decoding="async" class="alignnone  wp-image-13886" src="https://www.respirelavie.fr/rennes/wp-content/uploads/sites/5/2026/04/unnamed-2.png" sizes="(max-width: 291px) 100vw, 291px" srcset="https://www.respirelavie.fr/rennes/wp-content/uploads/sites/5/2026/04/unnamed-2.png 1030w, https://www.respirelavie.fr/rennes/wp-content/uploads/sites/5/2026/04/unnamed-2-300x138.png 300w, https://www.respirelavie.fr/rennes/wp-content/uploads/sites/5/2026/04/unnamed-2-1024x472.png 1024w, https://www.respirelavie.fr/rennes/wp-content/uploads/sites/5/2026/04/unnamed-2-768x354.png 768w, https://www.respirelavie.fr/rennes/wp-content/uploads/sites/5/2026/04/unnamed-2-150x69.png 150w, https://www.respirelavie.fr/rennes/wp-content/uploads/sites/5/2026/04/unnamed-2-500x231.png 500w" alt="" width="291" height="134" /></p>
<p class="03Dossierforum-Paragraphe">Naturelles Magazine est un magazine trimestriel dédié à la santé naturelle et au bien-être. Il propose des conseils d’experts, des dossiers pratiques et des solutions pour adopter un mode de vie plus sain au quotidien. Destiné à un public attentif à sa santé, il aborde des thèmes comme l’alimentation, les médecines douces et l’équilibre de vie. Le magazine publie 4 numéros par an, complétés par un hors-série axé sur le bien-être.</p>
<p>Visiter le <a href="https://naturelles-magazine.com/" target="_blank" rel="noopener">site internet</a></p>

<p>Naturelles Magazine est un magazine trimestriel dédié à la santé naturelle et au bien-être. Il propose des conseils d’experts, des dossiers pratiques et des solutions pour adopter un mode de vie plus sain au quotidien. Destiné à un public attentif à sa santé, il aborde des thèmes comme l’alimentation, les médecines douces et l’équilibre de&hellip; </p>

<!-- This site is optimized with the Yoast SEO plugin v27.3 - https://yoast.com/product/yoast-seo-wordpress/ -->
<title>Naturelles - Salon Zen&amp;Bio Lyon</title>
<meta name="robots" content="index, follow, max-snippet:-1, max-image-preview:large, max-video-preview:-1" />
<link rel="canonical" href="https://www.salon-zenetbio.com/lyon/naturelles/" />
<meta property="og:locale" content="fr_FR" />
<meta property="og:type" content="article" />
<meta property="og:title" content="Naturelles - Salon Zen&amp;Bio Lyon" />
<meta property="og:description" content="Naturelles Magazine est un magazine trimestriel dédié à la santé naturelle et au bien-être. Il propose des conseils d’experts, des dossiers pratiques et des solutions pour adopter un mode de vie plus sain au quotidien. Destiné à un public attentif à sa santé, il aborde des thèmes comme l’alimentation, les médecines douces et l’équilibre de&hellip;" />
<meta property="og:url" content="https://www.salon-zenetbio.com/lyon/naturelles/" />
<meta property="og:site_name" content="Salon Zen&amp;Bio Lyon" />
<meta property="og:image" content="http://www.respirelavie.fr/rennes/wp-content/uploads/sites/5/2026/04/unnamed-2.png" />
<meta name="twitter:card" content="summary_large_image" />
<script type="application/ld+json" class="yoast-schema-graph">{"@context":"https:\/\/schema.org","@graph":[{"@type":"WebPage","@id":"https:\/\/www.salon-zenetbio.com\/lyon\/naturelles\/","url":"https:\/\/www.salon-zenetbio.com\/lyon\/naturelles\/","name":"Naturelles - Salon Zen&amp;Bio Lyon","isPartOf":{"@id":"http:\/\/www.salon-zenetbio.com\/lyon\/#website"},"primaryImageOfPage":{"@id":"https:\/\/www.salon-zenetbio.com\/lyon\/naturelles\/#primaryimage"},"image":{"@id":"https:\/\/www.salon-zenetbio.com\/lyon\/naturelles\/#primaryimage"},"thumbnailUrl":"http:\/\/www.respirelavie.fr\/rennes\/wp-content\/uploads\/sites\/5\/2026\/04\/unnamed-2.png","datePublished":"2026-04-22T12:35:53+00:00","breadcrumb":{"@id":"https:\/\/www.salon-zenetbio.com\/lyon\/naturelles\/#breadcrumb"},"inLanguage":"fr-FR","potentialAction":[{"@type":"ReadAction","target":["https:\/\/www.salon-zenetbio.com\/lyon\/naturelles\/"]}]},{"@type":"ImageObject","inLanguage":"fr-FR","@id":"https:\/\/www.salon-zenetbio.com\/lyon\/naturelles\/#primaryimage","url":"http:\/\/www.respirelavie.fr\/rennes\/wp-content\/uploads\/sites\/5\/2026\/04\/unnamed-2.png","contentUrl":"http:\/\/www.respirelavie.fr\/rennes\/wp-content\/uploads\/sites\/5\/2026\/04\/unnamed-2.png"},{"@type":"BreadcrumbList","@id":"https:\/\/www.salon-zenetbio.com\/lyon\/naturelles\/#breadcrumb","itemListElement":[{"@type":"ListItem","position":1,"name":"Accueil","item":"http:\/\/www.salon-zenetbio.com\/lyon\/"},{"@type":"ListItem","position":2,"name":"Naturelles"}]},{"@type":"WebSite","@id":"http:\/\/www.salon-zenetbio.com\/lyon\/#website","url":"http:\/\/www.salon-zenetbio.com\/lyon\/","name":"Salon Zen&amp;Bio Lyon","description":"salon Zen&amp;Bio Lyon : votre salon écolo, bio, bien-être et habitat sain","publisher":{"@id":"http:\/\/www.salon-zenetbio.com\/lyon\/#organization"},"potentialAction":[{"@type":"SearchAction","target":{"@type":"EntryPoint","urlTemplate":"http:\/\/www.salon-zenetbio.com\/lyon\/?s={search_term_string}"},"query-input":{"@type":"PropertyValueSpecification","valueRequired":true,"valueName":"search_term_string"}}],"inLanguage":"fr-FR"},{"@type":"Organization","@id":"http:\/\/www.salon-zenetbio.com\/lyon\/#organization","name":"Salon Zen&amp;Bio Lyon","url":"http:\/\/www.salon-zenetbio.com\/lyon\/","logo":{"@type":"ImageObject","inLanguage":"fr-FR","@id":"http:\/\/www.salon-zenetbio.com\/lyon\/#\/schema\/logo\/image\/","url":"https:\/\/www.salon-zenetbio.com\/lyon\/wp-content\/uploads\/sites\/12\/2026\/03\/cropped-Logo-ZEN-et-BIO-lyon-2026-1.png","contentUrl":"https:\/\/www.salon-zenetbio.com\/lyon\/wp-content\/uploads\/sites\/12\/2026\/03\/cropped-Logo-ZEN-et-BIO-lyon-2026-1.png","width":921,"height":255,"caption":"Salon Zen&amp;Bio Lyon"},"image":{"@id":"http:\/\/www.salon-zenetbio.com\/lyon\/#\/schema\/logo\/image\/"}}]}</script>
<!-- / Yoast SEO plugin. -->

Naturelles Magazine est un magazine trimestriel dédié à la santé naturelle et au bien-être. Il propose des conseils d’experts, des dossiers pratiques et des solutions pour adopter un mode de vie plus sain au quotidien. Destiné à un public attentif à sa santé, il aborde des thèmes comme l’alimentation, les médecines douces et l’équilibre de&hellip;

salon Zen&amp;Bio Lyon : votre salon écolo, bio, bien-être et habitat sain
