{"id":4182,"date":"2018-02-14T11:40:05","date_gmt":"2018-02-14T10:40:05","guid":{"rendered":"https:\/\/www.vivez-nature.com\/lyon\/?page_id=4182"},"modified":"2025-07-09T12:54:57","modified_gmt":"2025-07-09T10:54:57","slug":"ateliers-conferences","status":"publish","type":"page","link":"https:\/\/www.salon-zenetbio.com\/lyon\/ateliers-conferences\/","title":{"rendered":"Conf\u00e9rences"},"content":{"rendered":"<p>Retrouvez bient\u00f4t le programme des conf\u00e9rences !<\/p>\n<hr \/>\n<p><span style=\"font-size: 10pt;\"><a href=\"https:\/\/www.salon-zenetbio.com\/lyon\/conferences-2024\/\" target=\"_blank\" rel=\"noopener\"><em>Consultez le programme des conf\u00e9rences 2024<\/em><\/a><\/span><br \/>\n<span style=\"font-size: 10pt;\"><a href=\"https:\/\/www.salon-zenetbio.com\/lyon\/conferences-2023\/\" target=\"_blank\" rel=\"noopener\"><em>Consultez le programme des conf\u00e9rences 2023<\/em><\/a><br \/>\n<a href=\"https:\/\/www.salon-zenetbio.com\/lyon\/conferences-2022\/\" target=\"_blank\" rel=\"noopener\"><em>Consultez le programme des conf\u00e9rences 2022<\/em><\/a><br \/>\n<a href=\"https:\/\/www.salon-zenetbio.com\/lyon\/conferences-2021\/\" target=\"_blank\" rel=\"noopener\"><em>Consultez le programme des conf\u00e9rences 2021<\/em><\/a><br \/>\n<a href=\"http:\/\/www.salon-zenetbio.com\/lyon\/conferences-2020\/\"><em>Consultez le programme des conf\u00e9rences 2020<\/em><\/a><br \/>\n<\/span><span style=\"font-size: 10pt;\"><a href=\"http:\/\/www.salon-zenetbio.com\/lyon\/conferences-2019\/\" target=\"_blank\" rel=\"noopener noreferrer\"><em>Consultez le programme des conf\u00e9rences 2019<br \/>\n<\/em><\/a><em><a href=\"https:\/\/www.salon-zenetbio.com\/lyon\/conferences-2018\/\" target=\"_blank\" rel=\"noopener\">Consultez le programme des conf\u00e9rences 2018<\/a><\/em><\/span><br \/>\n<span style=\"font-size: 10pt;\"><em><a href=\"https:\/\/www.vivez-nature.com\/lyon\/programmes-vivez-nature\/\" target=\"_blank\" rel=\"noopener noreferrer\">Consultez le programme des \u00e9ditions pr\u00e9c\u00e9dentes<\/a><\/em><\/span><\/p>\n","protected":false},"excerpt":{"rendered":"<p>Retrouvez bient\u00f4t le programme des conf\u00e9rences ! Consultez le programme des conf\u00e9rences 2024 Consultez le programme des conf\u00e9rences 2023 Consultez le programme des conf\u00e9rences 2022 Consultez le programme des conf\u00e9rences 2021 Consultez le programme des conf\u00e9rences 2020 Consultez le programme des conf\u00e9rences 2019 Consultez le programme des conf\u00e9rences 2018 Consultez le programme des \u00e9ditions pr\u00e9c\u00e9dentes<\/p>\n","protected":false},"author":1,"featured_media":0,"parent":0,"menu_order":5,"comment_status":"closed","ping_status":"closed","template":"","meta":{"_monsterinsights_skip_tracking":false,"_monsterinsights_sitenote_active":false,"_monsterinsights_sitenote_note":"","_monsterinsights_sitenote_category":0,"footnotes":""},"class_list":["post-4182","page","type-page","status-publish","hentry"],"yoast_head":"<!-- This site is optimized with the Yoast SEO plugin v27.3 - https:\/\/yoast.com\/product\/yoast-seo-wordpress\/ -->\n<title>Conf\u00e9rences - Salon Zen&amp;Bio Lyon<\/title>\n<meta name=\"robots\" content=\"index, follow, max-snippet:-1, max-image-preview:large, max-video-preview:-1\" \/>\n<link rel=\"canonical\" href=\"https:\/\/www.salon-zenetbio.com\/lyon\/ateliers-conferences\/\" \/>\n<meta property=\"og:locale\" content=\"fr_FR\" \/>\n<meta property=\"og:type\" content=\"article\" \/>\n<meta property=\"og:title\" content=\"Conf\u00e9rences - Salon Zen&amp;Bio Lyon\" \/>\n<meta property=\"og:description\" content=\"Retrouvez bient\u00f4t le programme des conf\u00e9rences ! Consultez le programme des conf\u00e9rences 2024 Consultez le programme des conf\u00e9rences 2023 Consultez le programme des conf\u00e9rences 2022 Consultez le programme des conf\u00e9rences 2021 Consultez le programme des conf\u00e9rences 2020 Consultez le programme des conf\u00e9rences 2019 Consultez le programme des conf\u00e9rences 2018 Consultez le programme des \u00e9ditions pr\u00e9c\u00e9dentes\" \/>\n<meta property=\"og:url\" content=\"https:\/\/www.salon-zenetbio.com\/lyon\/ateliers-conferences\/\" \/>\n<meta property=\"og:site_name\" content=\"Salon Zen&amp;Bio Lyon\" \/>\n<meta property=\"article:modified_time\" content=\"2025-07-09T10:54:57+00:00\" \/>\n<meta name=\"twitter:card\" content=\"summary_large_image\" \/>\n<meta name=\"twitter:label1\" content=\"Dur\u00e9e de lecture estim\u00e9e\" \/>\n\t<meta name=\"twitter:data1\" content=\"1 minute\" \/>\n<script type=\"application\/ld+json\" class=\"yoast-schema-graph\">{\"@context\":\"https:\\\/\\\/schema.org\",\"@graph\":[{\"@type\":\"WebPage\",\"@id\":\"https:\\\/\\\/www.salon-zenetbio.com\\\/lyon\\\/ateliers-conferences\\\/\",\"url\":\"https:\\\/\\\/www.salon-zenetbio.com\\\/lyon\\\/ateliers-conferences\\\/\",\"name\":\"Conf\u00e9rences - Salon Zen&amp;Bio Lyon\",\"isPartOf\":{\"@id\":\"https:\\\/\\\/www.salon-zenetbio.com\\\/lyon\\\/#website\"},\"datePublished\":\"2018-02-14T10:40:05+00:00\",\"dateModified\":\"2025-07-09T10:54:57+00:00\",\"breadcrumb\":{\"@id\":\"https:\\\/\\\/www.salon-zenetbio.com\\\/lyon\\\/ateliers-conferences\\\/#breadcrumb\"},\"inLanguage\":\"fr-FR\",\"potentialAction\":[{\"@type\":\"ReadAction\",\"target\":[\"https:\\\/\\\/www.salon-zenetbio.com\\\/lyon\\\/ateliers-conferences\\\/\"]}]},{\"@type\":\"BreadcrumbList\",\"@id\":\"https:\\\/\\\/www.salon-zenetbio.com\\\/lyon\\\/ateliers-conferences\\\/#breadcrumb\",\"itemListElement\":[{\"@type\":\"ListItem\",\"position\":1,\"name\":\"Accueil\",\"item\":\"https:\\\/\\\/www.salon-zenetbio.com\\\/lyon\\\/\"},{\"@type\":\"ListItem\",\"position\":2,\"name\":\"Conf\u00e9rences\"}]},{\"@type\":\"WebSite\",\"@id\":\"https:\\\/\\\/www.salon-zenetbio.com\\\/lyon\\\/#website\",\"url\":\"https:\\\/\\\/www.salon-zenetbio.com\\\/lyon\\\/\",\"name\":\"Salon Zen&amp;Bio Lyon\",\"description\":\"salon Zen&amp;Bio Lyon : votre salon \u00e9colo, bio, bien-\u00eatre et habitat sain\",\"publisher\":{\"@id\":\"https:\\\/\\\/www.salon-zenetbio.com\\\/lyon\\\/#organization\"},\"potentialAction\":[{\"@type\":\"SearchAction\",\"target\":{\"@type\":\"EntryPoint\",\"urlTemplate\":\"https:\\\/\\\/www.salon-zenetbio.com\\\/lyon\\\/?s={search_term_string}\"},\"query-input\":{\"@type\":\"PropertyValueSpecification\",\"valueRequired\":true,\"valueName\":\"search_term_string\"}}],\"inLanguage\":\"fr-FR\"},{\"@type\":\"Organization\",\"@id\":\"https:\\\/\\\/www.salon-zenetbio.com\\\/lyon\\\/#organization\",\"name\":\"Salon Zen&amp;Bio Lyon\",\"url\":\"https:\\\/\\\/www.salon-zenetbio.com\\\/lyon\\\/\",\"logo\":{\"@type\":\"ImageObject\",\"inLanguage\":\"fr-FR\",\"@id\":\"https:\\\/\\\/www.salon-zenetbio.com\\\/lyon\\\/#\\\/schema\\\/logo\\\/image\\\/\",\"url\":\"https:\\\/\\\/www.salon-zenetbio.com\\\/lyon\\\/wp-content\\\/uploads\\\/sites\\\/12\\\/2026\\\/03\\\/cropped-Logo-ZEN-et-BIO-lyon-2026-1.png\",\"contentUrl\":\"https:\\\/\\\/www.salon-zenetbio.com\\\/lyon\\\/wp-content\\\/uploads\\\/sites\\\/12\\\/2026\\\/03\\\/cropped-Logo-ZEN-et-BIO-lyon-2026-1.png\",\"width\":921,\"height\":255,\"caption\":\"Salon Zen&amp;Bio Lyon\"},\"image\":{\"@id\":\"https:\\\/\\\/www.salon-zenetbio.com\\\/lyon\\\/#\\\/schema\\\/logo\\\/image\\\/\"}}]}<\/script>\n<!-- \/ Yoast SEO plugin. -->","yoast_head_json":{"title":"Conf\u00e9rences - Salon Zen&amp;Bio Lyon","robots":{"index":"index","follow":"follow","max-snippet":"max-snippet:-1","max-image-preview":"max-image-preview:large","max-video-preview":"max-video-preview:-1"},"canonical":"https:\/\/www.salon-zenetbio.com\/lyon\/ateliers-conferences\/","og_locale":"fr_FR","og_type":"article","og_title":"Conf\u00e9rences - Salon Zen&amp;Bio Lyon","og_description":"Retrouvez bient\u00f4t le programme des conf\u00e9rences ! Consultez le programme des conf\u00e9rences 2024 Consultez le programme des conf\u00e9rences 2023 Consultez le programme des conf\u00e9rences 2022 Consultez le programme des conf\u00e9rences 2021 Consultez le programme des conf\u00e9rences 2020 Consultez le programme des conf\u00e9rences 2019 Consultez le programme des conf\u00e9rences 2018 Consultez le programme des \u00e9ditions pr\u00e9c\u00e9dentes","og_url":"https:\/\/www.salon-zenetbio.com\/lyon\/ateliers-conferences\/","og_site_name":"Salon Zen&amp;Bio Lyon","article_modified_time":"2025-07-09T10:54:57+00:00","twitter_card":"summary_large_image","twitter_misc":{"Dur\u00e9e de lecture estim\u00e9e":"1 minute"},"schema":{"@context":"https:\/\/schema.org","@graph":[{"@type":"WebPage","@id":"https:\/\/www.salon-zenetbio.com\/lyon\/ateliers-conferences\/","url":"https:\/\/www.salon-zenetbio.com\/lyon\/ateliers-conferences\/","name":"Conf\u00e9rences - Salon Zen&amp;Bio Lyon","isPartOf":{"@id":"https:\/\/www.salon-zenetbio.com\/lyon\/#website"},"datePublished":"2018-02-14T10:40:05+00:00","dateModified":"2025-07-09T10:54:57+00:00","breadcrumb":{"@id":"https:\/\/www.salon-zenetbio.com\/lyon\/ateliers-conferences\/#breadcrumb"},"inLanguage":"fr-FR","potentialAction":[{"@type":"ReadAction","target":["https:\/\/www.salon-zenetbio.com\/lyon\/ateliers-conferences\/"]}]},{"@type":"BreadcrumbList","@id":"https:\/\/www.salon-zenetbio.com\/lyon\/ateliers-conferences\/#breadcrumb","itemListElement":[{"@type":"ListItem","position":1,"name":"Accueil","item":"https:\/\/www.salon-zenetbio.com\/lyon\/"},{"@type":"ListItem","position":2,"name":"Conf\u00e9rences"}]},{"@type":"WebSite","@id":"https:\/\/www.salon-zenetbio.com\/lyon\/#website","url":"https:\/\/www.salon-zenetbio.com\/lyon\/","name":"Salon Zen&amp;Bio Lyon","description":"salon Zen&amp;Bio Lyon : votre salon \u00e9colo, bio, bien-\u00eatre et habitat sain","publisher":{"@id":"https:\/\/www.salon-zenetbio.com\/lyon\/#organization"},"potentialAction":[{"@type":"SearchAction","target":{"@type":"EntryPoint","urlTemplate":"https:\/\/www.salon-zenetbio.com\/lyon\/?s={search_term_string}"},"query-input":{"@type":"PropertyValueSpecification","valueRequired":true,"valueName":"search_term_string"}}],"inLanguage":"fr-FR"},{"@type":"Organization","@id":"https:\/\/www.salon-zenetbio.com\/lyon\/#organization","name":"Salon Zen&amp;Bio Lyon","url":"https:\/\/www.salon-zenetbio.com\/lyon\/","logo":{"@type":"ImageObject","inLanguage":"fr-FR","@id":"https:\/\/www.salon-zenetbio.com\/lyon\/#\/schema\/logo\/image\/","url":"https:\/\/www.salon-zenetbio.com\/lyon\/wp-content\/uploads\/sites\/12\/2026\/03\/cropped-Logo-ZEN-et-BIO-lyon-2026-1.png","contentUrl":"https:\/\/www.salon-zenetbio.com\/lyon\/wp-content\/uploads\/sites\/12\/2026\/03\/cropped-Logo-ZEN-et-BIO-lyon-2026-1.png","width":921,"height":255,"caption":"Salon Zen&amp;Bio Lyon"},"image":{"@id":"https:\/\/www.salon-zenetbio.com\/lyon\/#\/schema\/logo\/image\/"}}]}},"_links":{"self":[{"href":"https:\/\/www.salon-zenetbio.com\/lyon\/wp-json\/wp\/v2\/pages\/4182","targetHints":{"allow":["GET"]}}],"collection":[{"href":"https:\/\/www.salon-zenetbio.com\/lyon\/wp-json\/wp\/v2\/pages"}],"about":[{"href":"https:\/\/www.salon-zenetbio.com\/lyon\/wp-json\/wp\/v2\/types\/page"}],"author":[{"embeddable":true,"href":"https:\/\/www.salon-zenetbio.com\/lyon\/wp-json\/wp\/v2\/users\/1"}],"replies":[{"embeddable":true,"href":"https:\/\/www.salon-zenetbio.com\/lyon\/wp-json\/wp\/v2\/comments?post=4182"}],"version-history":[{"count":35,"href":"https:\/\/www.salon-zenetbio.com\/lyon\/wp-json\/wp\/v2\/pages\/4182\/revisions"}],"predecessor-version":[{"id":11939,"href":"https:\/\/www.salon-zenetbio.com\/lyon\/wp-json\/wp\/v2\/pages\/4182\/revisions\/11939"}],"wp:attachment":[{"href":"https:\/\/www.salon-zenetbio.com\/lyon\/wp-json\/wp\/v2\/media?parent=4182"}],"curies":[{"name":"wp","href":"https:\/\/api.w.org\/{rel}","templated":true}]}}

Conférences

<p>Retrouvez bientôt le programme des conférences !</p>
<hr />
<p><span style="font-size: 10pt;"><a href="https://www.salon-zenetbio.com/lyon/conferences-2024/" target="_blank" rel="noopener"><em>Consultez le programme des conférences 2024</em></a></span><br />
<span style="font-size: 10pt;"><a href="https://www.salon-zenetbio.com/lyon/conferences-2023/" target="_blank" rel="noopener"><em>Consultez le programme des conférences 2023</em></a><br />
<a href="https://www.salon-zenetbio.com/lyon/conferences-2022/" target="_blank" rel="noopener"><em>Consultez le programme des conférences 2022</em></a><br />
<a href="https://www.salon-zenetbio.com/lyon/conferences-2021/" target="_blank" rel="noopener"><em>Consultez le programme des conférences 2021</em></a><br />
<a href="http://www.salon-zenetbio.com/lyon/conferences-2020/"><em>Consultez le programme des conférences 2020</em></a><br />
</span><span style="font-size: 10pt;"><a href="http://www.salon-zenetbio.com/lyon/conferences-2019/" target="_blank" rel="noopener noreferrer"><em>Consultez le programme des conférences 2019<br />
</em></a><em><a href="https://www.salon-zenetbio.com/lyon/conferences-2018/" target="_blank" rel="noopener">Consultez le programme des conférences 2018</a></em></span><br />
<span style="font-size: 10pt;"><em><a href="https://www.vivez-nature.com/lyon/programmes-vivez-nature/" target="_blank" rel="noopener noreferrer">Consultez le programme des éditions précédentes</a></em></span></p>

<p>Retrouvez bientôt le programme des conférences ! Consultez le programme des conférences 2024 Consultez le programme des conférences 2023 Consultez le programme des conférences 2022 Consultez le programme des conférences 2021 Consultez le programme des conférences 2020 Consultez le programme des conférences 2019 Consultez le programme des conférences 2018 Consultez le programme des éditions précédentes</p>

<!-- This site is optimized with the Yoast SEO plugin v27.3 - https://yoast.com/product/yoast-seo-wordpress/ -->
<title>Conférences - Salon Zen&amp;Bio Lyon</title>
<meta name="robots" content="index, follow, max-snippet:-1, max-image-preview:large, max-video-preview:-1" />
<link rel="canonical" href="https://www.salon-zenetbio.com/lyon/ateliers-conferences/" />
<meta property="og:locale" content="fr_FR" />
<meta property="og:type" content="article" />
<meta property="og:title" content="Conférences - Salon Zen&amp;Bio Lyon" />
<meta property="og:description" content="Retrouvez bientôt le programme des conférences ! Consultez le programme des conférences 2024 Consultez le programme des conférences 2023 Consultez le programme des conférences 2022 Consultez le programme des conférences 2021 Consultez le programme des conférences 2020 Consultez le programme des conférences 2019 Consultez le programme des conférences 2018 Consultez le programme des éditions précédentes" />
<meta property="og:url" content="https://www.salon-zenetbio.com/lyon/ateliers-conferences/" />
<meta property="og:site_name" content="Salon Zen&amp;Bio Lyon" />
<meta property="article:modified_time" content="2025-07-09T10:54:57+00:00" />
<meta name="twitter:card" content="summary_large_image" />
<meta name="twitter:label1" content="Durée de lecture estimée" />
	<meta name="twitter:data1" content="1 minute" />
<script type="application/ld+json" class="yoast-schema-graph">{"@context":"https:\/\/schema.org","@graph":[{"@type":"WebPage","@id":"https:\/\/www.salon-zenetbio.com\/lyon\/ateliers-conferences\/","url":"https:\/\/www.salon-zenetbio.com\/lyon\/ateliers-conferences\/","name":"Conférences - Salon Zen&amp;Bio Lyon","isPartOf":{"@id":"https:\/\/www.salon-zenetbio.com\/lyon\/#website"},"datePublished":"2018-02-14T10:40:05+00:00","dateModified":"2025-07-09T10:54:57+00:00","breadcrumb":{"@id":"https:\/\/www.salon-zenetbio.com\/lyon\/ateliers-conferences\/#breadcrumb"},"inLanguage":"fr-FR","potentialAction":[{"@type":"ReadAction","target":["https:\/\/www.salon-zenetbio.com\/lyon\/ateliers-conferences\/"]}]},{"@type":"BreadcrumbList","@id":"https:\/\/www.salon-zenetbio.com\/lyon\/ateliers-conferences\/#breadcrumb","itemListElement":[{"@type":"ListItem","position":1,"name":"Accueil","item":"https:\/\/www.salon-zenetbio.com\/lyon\/"},{"@type":"ListItem","position":2,"name":"Conférences"}]},{"@type":"WebSite","@id":"https:\/\/www.salon-zenetbio.com\/lyon\/#website","url":"https:\/\/www.salon-zenetbio.com\/lyon\/","name":"Salon Zen&amp;Bio Lyon","description":"salon Zen&amp;Bio Lyon : votre salon écolo, bio, bien-être et habitat sain","publisher":{"@id":"https:\/\/www.salon-zenetbio.com\/lyon\/#organization"},"potentialAction":[{"@type":"SearchAction","target":{"@type":"EntryPoint","urlTemplate":"https:\/\/www.salon-zenetbio.com\/lyon\/?s={search_term_string}"},"query-input":{"@type":"PropertyValueSpecification","valueRequired":true,"valueName":"search_term_string"}}],"inLanguage":"fr-FR"},{"@type":"Organization","@id":"https:\/\/www.salon-zenetbio.com\/lyon\/#organization","name":"Salon Zen&amp;Bio Lyon","url":"https:\/\/www.salon-zenetbio.com\/lyon\/","logo":{"@type":"ImageObject","inLanguage":"fr-FR","@id":"https:\/\/www.salon-zenetbio.com\/lyon\/#\/schema\/logo\/image\/","url":"https:\/\/www.salon-zenetbio.com\/lyon\/wp-content\/uploads\/sites\/12\/2026\/03\/cropped-Logo-ZEN-et-BIO-lyon-2026-1.png","contentUrl":"https:\/\/www.salon-zenetbio.com\/lyon\/wp-content\/uploads\/sites\/12\/2026\/03\/cropped-Logo-ZEN-et-BIO-lyon-2026-1.png","width":921,"height":255,"caption":"Salon Zen&amp;Bio Lyon"},"image":{"@id":"https:\/\/www.salon-zenetbio.com\/lyon\/#\/schema\/logo\/image\/"}}]}</script>
<!-- / Yoast SEO plugin. -->

Conférences - Salon Zen&amp;Bio Lyon

Retrouvez bientôt le programme des conférences ! Consultez le programme des conférences 2024 Consultez le programme des conférences 2023 Consultez le programme des conférences 2022 Consultez le programme des conférences 2021 Consultez le programme des conférences 2020 Consultez le programme des conférences 2019 Consultez le programme des conférences 2018 Consultez le programme des éditions précédentes

salon Zen&amp;Bio Lyon : votre salon écolo, bio, bien-être et habitat sain
