{"id":12291,"date":"2022-05-16T12:17:42","date_gmt":"2022-05-16T10:17:42","guid":{"rendered":"https:\/\/www.salon-zenetbio.com\/nantes\/?page_id=12291"},"modified":"2022-05-16T12:17:42","modified_gmt":"2022-05-16T10:17:42","slug":"ateliers-bien-etre-2021","status":"publish","type":"page","link":"https:\/\/www.salon-zenetbio.com\/nantes\/ateliers-bien-etre-2021\/","title":{"rendered":"Ateliers bien-\u00eatre 2021"},"content":{"rendered":"<p class=\"p1\"><span style=\"color: #d82f89;\"><em><strong>Salle TRENTEMOULT<br \/>\n<\/strong><\/em><\/span><em>Inscriptions devant la salle 45 minutes avant les ateliers<\/em><\/p>\n<h2 class=\"p2\"><strong>Vendredi 8 octobre 2021<\/strong><\/h2>\n<p class=\"p3\"><span style=\"color: #d82f89;\"><strong><span class=\"s1\">11:00 <\/span><\/strong><\/span><del>Atelier coeur de femmes : retrouver la confiance en soi &#8211; <\/del><em><strong><del>Nathalie Rouch\u00e9<\/del> &#8211; Annul\u00e9 et remplac\u00e9 par : Venez d\u00e9couvrir la magie du Feng Shui &#8211; <b>Laure du Bel Vanni<\/b><\/strong><\/em><br \/>\n<span style=\"color: #d82f89;\"><strong><span class=\"s1\">12:00 <\/span><\/strong><\/span>Les gongs &#8211; <em><strong>Alain M\u00e9traux<\/strong><\/em><br \/>\n<span style=\"color: #d82f89;\"><strong><span class=\"s1\">13:00 <\/span><\/strong><\/span>Mincir avec l\u2019Hypnose, la Psychologie du poids, et la r\u00e9gulation des neurom\u00e9diateurs. Les 4 piliers de la minceur &#8211; <em><strong>Julie Girardin<\/strong><\/em><br \/>\n<span style=\"color: #d82f89;\"><strong><span class=\"s1\">14:00 <\/span><\/strong><\/span>De l\u2019intuition \u00e0 l\u2019action &#8211; <em><strong>Gilles Guyon<\/strong><\/em><br \/>\n<span class=\"s1\" style=\"color: #d82f89;\"><strong>15:00<\/strong> <\/span>Le bilan de comp\u00e9tence, r\u00e9v\u00e9lateur de vos atouts et de vos talents &#8211; <em><strong>Corinne Gest<\/strong><\/em><br \/>\n<span style=\"color: #d82f89;\"><strong><span class=\"s1\">16:00 <\/span><\/strong><\/span>SOS papiers rang\u00e9s &#8211; Esprits serein &#8211; <strong><em>Laurence Pigeon<\/em><\/strong><br \/>\n<span style=\"color: #d82f89;\"><strong><span class=\"s1\">17:00 <\/span><\/strong><\/span>Comment reconna\u00eetre un nutriment sain pour se r\u00e9concilier avec son ventre &#8211; <strong><em>Jean-Claude Berton<\/em><\/strong><br \/>\n<span style=\"color: #d82f89;\"><strong><span class=\"s1\">18:00 <\/span><\/strong><\/span>A la rencontre de Soi dans la Pr\u00e9sence et le Bien-\u00eatre &#8211; <strong><em>Astrid Tacher et Anne-Marie L&rsquo;Affeter<\/em><\/strong><\/p>\n<h2 class=\"p2\"><strong>Samedi 9 octobre 2021<\/strong><\/h2>\n<p class=\"p3\"><span style=\"color: #d82f89;\"><strong><span class=\"s1\">11:00 <\/span><\/strong><\/span>S&rsquo;\u00e9veiller \u00e0 son essence f\u00e9minine avec le Tao de la Femme Lune &#8211; <strong><em>Anne Danibert<\/em><\/strong><br \/>\n<span style=\"color: #d82f89;\"><strong><span class=\"s1\">12:00 <\/span><\/strong><\/span>M\u00e9ditations guid\u00e9es et voyages chamaniques &#8211; <strong><em>Karine Laillier<\/em><\/strong><br \/>\n<strong><span class=\"s1\"><span style=\"color: #d82f89;\">13:00<\/span> <\/span><\/strong>A la rencontre de Soi dans la Pr\u00e9sence et le Bien-\u00eatre &#8211; <strong><em>Astrid Tacher et Anne-Marie L&rsquo;Affeter<\/em><\/strong><br \/>\n<span style=\"color: #d82f89;\"><strong><span class=\"s1\">14:00 <\/span><\/strong><\/span>Donner du sens aux situations ! <strong><em>Gilles Guyon<\/em><\/strong><br \/>\n<span style=\"color: #d82f89;\"><strong><span class=\"s1\">15:00 <\/span><\/strong><\/span>Un dressing minimaliste \u00e0 mon image &#8211; <strong><em>Laurence Pigeon<\/em><\/strong><br \/>\n<span style=\"color: #d82f89;\"><strong><span class=\"s1\">16:00 <\/span><\/strong><\/span>Initiation au shiatsu (2h) &#8211; <strong><em>Xavier Porter-Ladousse<\/em><\/strong><br \/>\n<span style=\"color: #d82f89;\"><strong><span class=\"s1\">18:00 <\/span><\/strong><\/span>Les 6 phases d\u2019acc\u00e8s au l\u00e2cher prise. Vivre pleinement sa vie au Pr\u00e9sent &#8211; <strong><em>H\u00e9l\u00e8ne Girardin<\/em><\/strong><\/p>\n<p class=\"p3\"><strong>Samedi \u00e0 16h00 : Concert chamanique, organis\u00e9 par Oowake (cour ext\u00e9rieure)<\/strong><br \/>\n<em>Exp\u00e9rience interactive. Suivant la m\u00e9t\u00e9o, l\u2019horaire est susceptible d\u2019\u00eatre modifi\u00e9<\/em><\/p>\n<h2 class=\"p2\"><strong>Dimanche 10 octobre 2021<\/strong><\/h2>\n<p class=\"p3\"><span style=\"color: #d82f89;\"><strong><span class=\"s1\">11:00 <\/span><\/strong><\/span>S&rsquo;\u00e9veiller \u00e0 son essence f\u00e9minine avec le Tao de la Femme Lune &#8211; <strong><em>Anne Danibert<\/em><\/strong><br \/>\n<span style=\"color: #d82f89;\"><strong><span class=\"s1\">12:00 <\/span><\/strong><\/span>Concert Th\u00e9rapeutique &#8211; <strong><em>El\u00e9onore de Lardemelle<\/em><\/strong><br \/>\n<span class=\"s1\" style=\"color: #d82f89;\"><strong>13:00<\/strong> <\/span>Mincir avec l\u2019Hypnose, la Psychologie du poids, et la r\u00e9gulation des neurom\u00e9diateurs. Les 4 piliers de la minceur &#8211; <strong><em>Julie Girardin<\/em><\/strong><br \/>\n<span style=\"color: #d82f89;\"><strong><span class=\"s1\">14:00 <\/span><\/strong><\/span>R\u00e9ussir ses projets avec la Num\u00e9rologie Cr\u00e9ative &#8211; <strong><em>Laurence Thievin<\/em><\/strong><br \/>\n<span style=\"color: #d82f89;\"><strong><span class=\"s1\">15:00 <\/span><\/strong><\/span>L\u2019Exp\u00e9rience du coaching intuitif &#8211; <strong><em>Gilles Guyon<\/em><\/strong><br \/>\n<span style=\"color: #d82f89;\"><strong><span class=\"s1\">16:00 <\/span><\/strong><\/span>Atelier parent-enfant sur la gestion du stress par la naturopathie et la r\u00e9flexologie &#8211; <strong><em>Agn\u00e8s Jouannet<\/em><\/strong><br \/>\n<span style=\"color: #d82f89;\"><strong><span class=\"s1\">17:00 <\/span><\/strong><\/span><span class=\"s1\">G\u00e9rer ses \u00e9motions &#8211; <strong><em>Anne Hamel<\/em><\/strong><\/span><span style=\"color: #d82f89;\"><strong><span class=\"s1\"><br \/>\n18:00 <\/span><\/strong><\/span>Les 6 phases d\u2019acc\u00e8s au l\u00e2cher prise. Vivre pleinement sa vie au Pr\u00e9sent &#8211; <strong><em>H\u00e9l\u00e8ne Girardin<\/em><\/strong><\/p>\n","protected":false},"excerpt":{"rendered":"<p>Salle TRENTEMOULT Inscriptions devant la salle 45 minutes avant les ateliers Vendredi 8 octobre 2021 11:00 Atelier coeur de femmes : retrouver la confiance en soi &#8211; Nathalie Rouch\u00e9 &#8211; Annul\u00e9 et remplac\u00e9 par : Venez d\u00e9couvrir la magie du Feng Shui &#8211; Laure du Bel Vanni 12:00 Les gongs &#8211; Alain M\u00e9traux 13:00 Mincir&hellip; <\/p>\n","protected":false},"author":7,"featured_media":0,"parent":0,"menu_order":0,"comment_status":"closed","ping_status":"closed","template":"","meta":{"_monsterinsights_skip_tracking":false,"_monsterinsights_sitenote_active":false,"_monsterinsights_sitenote_note":"","_monsterinsights_sitenote_category":0,"footnotes":""},"class_list":["post-12291","page","type-page","status-publish","hentry"],"yoast_head":"<!-- This site is optimized with the Yoast SEO plugin v27.5 - https:\/\/yoast.com\/product\/yoast-seo-wordpress\/ -->\n<title>Ateliers bien-\u00eatre 2021 - Salon ZEN &amp; BIO Nantes<\/title>\n<meta name=\"robots\" content=\"index, follow, max-snippet:-1, max-image-preview:large, max-video-preview:-1\" \/>\n<link rel=\"canonical\" href=\"https:\/\/www.salon-zenetbio.com\/nantes\/ateliers-bien-etre-2021\/\" \/>\n<meta property=\"og:locale\" content=\"fr_FR\" \/>\n<meta property=\"og:type\" content=\"article\" \/>\n<meta property=\"og:title\" content=\"Ateliers bien-\u00eatre 2021 - Salon ZEN &amp; BIO Nantes\" \/>\n<meta property=\"og:description\" content=\"Salle TRENTEMOULT Inscriptions devant la salle 45 minutes avant les ateliers Vendredi 8 octobre 2021 11:00 Atelier coeur de femmes : retrouver la confiance en soi &#8211; Nathalie Rouch\u00e9 &#8211; Annul\u00e9 et remplac\u00e9 par : Venez d\u00e9couvrir la magie du Feng Shui &#8211; Laure du Bel Vanni 12:00 Les gongs &#8211; Alain M\u00e9traux 13:00 Mincir&hellip;\" \/>\n<meta property=\"og:url\" content=\"https:\/\/www.salon-zenetbio.com\/nantes\/ateliers-bien-etre-2021\/\" \/>\n<meta property=\"og:site_name\" content=\"Salon ZEN &amp; BIO Nantes\" \/>\n<meta name=\"twitter:card\" content=\"summary_large_image\" \/>\n<meta name=\"twitter:label1\" content=\"Dur\u00e9e de lecture estim\u00e9e\" \/>\n\t<meta name=\"twitter:data1\" content=\"2 minutes\" \/>\n<script type=\"application\/ld+json\" class=\"yoast-schema-graph\">{\"@context\":\"https:\\\/\\\/schema.org\",\"@graph\":[{\"@type\":\"WebPage\",\"@id\":\"https:\\\/\\\/www.salon-zenetbio.com\\\/nantes\\\/ateliers-bien-etre-2021\\\/\",\"url\":\"https:\\\/\\\/www.salon-zenetbio.com\\\/nantes\\\/ateliers-bien-etre-2021\\\/\",\"name\":\"Ateliers bien-\u00eatre 2021 - Salon ZEN &amp; BIO Nantes\",\"isPartOf\":{\"@id\":\"https:\\\/\\\/www.salon-zenetbio.com\\\/nantes\\\/#website\"},\"datePublished\":\"2022-05-16T10:17:42+00:00\",\"breadcrumb\":{\"@id\":\"https:\\\/\\\/www.salon-zenetbio.com\\\/nantes\\\/ateliers-bien-etre-2021\\\/#breadcrumb\"},\"inLanguage\":\"fr-FR\",\"potentialAction\":[{\"@type\":\"ReadAction\",\"target\":[\"https:\\\/\\\/www.salon-zenetbio.com\\\/nantes\\\/ateliers-bien-etre-2021\\\/\"]}]},{\"@type\":\"BreadcrumbList\",\"@id\":\"https:\\\/\\\/www.salon-zenetbio.com\\\/nantes\\\/ateliers-bien-etre-2021\\\/#breadcrumb\",\"itemListElement\":[{\"@type\":\"ListItem\",\"position\":1,\"name\":\"Accueil\",\"item\":\"https:\\\/\\\/www.salon-zenetbio.com\\\/nantes\\\/\"},{\"@type\":\"ListItem\",\"position\":2,\"name\":\"Ateliers bien-\u00eatre 2021\"}]},{\"@type\":\"WebSite\",\"@id\":\"https:\\\/\\\/www.salon-zenetbio.com\\\/nantes\\\/#website\",\"url\":\"https:\\\/\\\/www.salon-zenetbio.com\\\/nantes\\\/\",\"name\":\"Salon ZEN &amp; BIO Nantes\",\"description\":\"salon ZEN &amp; BIO Nantes : votre salon bio, bien-\u00eatre et habitat sain\",\"publisher\":{\"@id\":\"https:\\\/\\\/www.salon-zenetbio.com\\\/nantes\\\/#organization\"},\"potentialAction\":[{\"@type\":\"SearchAction\",\"target\":{\"@type\":\"EntryPoint\",\"urlTemplate\":\"https:\\\/\\\/www.salon-zenetbio.com\\\/nantes\\\/?s={search_term_string}\"},\"query-input\":{\"@type\":\"PropertyValueSpecification\",\"valueRequired\":true,\"valueName\":\"search_term_string\"}}],\"inLanguage\":\"fr-FR\"},{\"@type\":\"Organization\",\"@id\":\"https:\\\/\\\/www.salon-zenetbio.com\\\/nantes\\\/#organization\",\"name\":\"Salon ZEN &amp; BIO Nantes\",\"url\":\"https:\\\/\\\/www.salon-zenetbio.com\\\/nantes\\\/\",\"logo\":{\"@type\":\"ImageObject\",\"inLanguage\":\"fr-FR\",\"@id\":\"https:\\\/\\\/www.salon-zenetbio.com\\\/nantes\\\/#\\\/schema\\\/logo\\\/image\\\/\",\"url\":\"https:\\\/\\\/www.salon-zenetbio.com\\\/nantes\\\/wp-content\\\/uploads\\\/sites\\\/7\\\/2026\\\/03\\\/cropped-Logo-ZEN-et-BIO-nantes-2026.png\",\"contentUrl\":\"https:\\\/\\\/www.salon-zenetbio.com\\\/nantes\\\/wp-content\\\/uploads\\\/sites\\\/7\\\/2026\\\/03\\\/cropped-Logo-ZEN-et-BIO-nantes-2026.png\",\"width\":921,\"height\":255,\"caption\":\"Salon ZEN &amp; BIO Nantes\"},\"image\":{\"@id\":\"https:\\\/\\\/www.salon-zenetbio.com\\\/nantes\\\/#\\\/schema\\\/logo\\\/image\\\/\"}}]}<\/script>\n<!-- \/ Yoast SEO plugin. -->","yoast_head_json":{"title":"Ateliers bien-\u00eatre 2021 - Salon ZEN &amp; BIO Nantes","robots":{"index":"index","follow":"follow","max-snippet":"max-snippet:-1","max-image-preview":"max-image-preview:large","max-video-preview":"max-video-preview:-1"},"canonical":"https:\/\/www.salon-zenetbio.com\/nantes\/ateliers-bien-etre-2021\/","og_locale":"fr_FR","og_type":"article","og_title":"Ateliers bien-\u00eatre 2021 - Salon ZEN &amp; BIO Nantes","og_description":"Salle TRENTEMOULT Inscriptions devant la salle 45 minutes avant les ateliers Vendredi 8 octobre 2021 11:00 Atelier coeur de femmes : retrouver la confiance en soi &#8211; Nathalie Rouch\u00e9 &#8211; Annul\u00e9 et remplac\u00e9 par : Venez d\u00e9couvrir la magie du Feng Shui &#8211; Laure du Bel Vanni 12:00 Les gongs &#8211; Alain M\u00e9traux 13:00 Mincir&hellip;","og_url":"https:\/\/www.salon-zenetbio.com\/nantes\/ateliers-bien-etre-2021\/","og_site_name":"Salon ZEN &amp; BIO Nantes","twitter_card":"summary_large_image","twitter_misc":{"Dur\u00e9e de lecture estim\u00e9e":"2 minutes"},"schema":{"@context":"https:\/\/schema.org","@graph":[{"@type":"WebPage","@id":"https:\/\/www.salon-zenetbio.com\/nantes\/ateliers-bien-etre-2021\/","url":"https:\/\/www.salon-zenetbio.com\/nantes\/ateliers-bien-etre-2021\/","name":"Ateliers bien-\u00eatre 2021 - Salon ZEN &amp; BIO Nantes","isPartOf":{"@id":"https:\/\/www.salon-zenetbio.com\/nantes\/#website"},"datePublished":"2022-05-16T10:17:42+00:00","breadcrumb":{"@id":"https:\/\/www.salon-zenetbio.com\/nantes\/ateliers-bien-etre-2021\/#breadcrumb"},"inLanguage":"fr-FR","potentialAction":[{"@type":"ReadAction","target":["https:\/\/www.salon-zenetbio.com\/nantes\/ateliers-bien-etre-2021\/"]}]},{"@type":"BreadcrumbList","@id":"https:\/\/www.salon-zenetbio.com\/nantes\/ateliers-bien-etre-2021\/#breadcrumb","itemListElement":[{"@type":"ListItem","position":1,"name":"Accueil","item":"https:\/\/www.salon-zenetbio.com\/nantes\/"},{"@type":"ListItem","position":2,"name":"Ateliers bien-\u00eatre 2021"}]},{"@type":"WebSite","@id":"https:\/\/www.salon-zenetbio.com\/nantes\/#website","url":"https:\/\/www.salon-zenetbio.com\/nantes\/","name":"Salon ZEN &amp; BIO Nantes","description":"salon ZEN &amp; BIO Nantes : votre salon bio, bien-\u00eatre et habitat sain","publisher":{"@id":"https:\/\/www.salon-zenetbio.com\/nantes\/#organization"},"potentialAction":[{"@type":"SearchAction","target":{"@type":"EntryPoint","urlTemplate":"https:\/\/www.salon-zenetbio.com\/nantes\/?s={search_term_string}"},"query-input":{"@type":"PropertyValueSpecification","valueRequired":true,"valueName":"search_term_string"}}],"inLanguage":"fr-FR"},{"@type":"Organization","@id":"https:\/\/www.salon-zenetbio.com\/nantes\/#organization","name":"Salon ZEN &amp; BIO Nantes","url":"https:\/\/www.salon-zenetbio.com\/nantes\/","logo":{"@type":"ImageObject","inLanguage":"fr-FR","@id":"https:\/\/www.salon-zenetbio.com\/nantes\/#\/schema\/logo\/image\/","url":"https:\/\/www.salon-zenetbio.com\/nantes\/wp-content\/uploads\/sites\/7\/2026\/03\/cropped-Logo-ZEN-et-BIO-nantes-2026.png","contentUrl":"https:\/\/www.salon-zenetbio.com\/nantes\/wp-content\/uploads\/sites\/7\/2026\/03\/cropped-Logo-ZEN-et-BIO-nantes-2026.png","width":921,"height":255,"caption":"Salon ZEN &amp; BIO Nantes"},"image":{"@id":"https:\/\/www.salon-zenetbio.com\/nantes\/#\/schema\/logo\/image\/"}}]}},"_links":{"self":[{"href":"https:\/\/www.salon-zenetbio.com\/nantes\/wp-json\/wp\/v2\/pages\/12291","targetHints":{"allow":["GET"]}}],"collection":[{"href":"https:\/\/www.salon-zenetbio.com\/nantes\/wp-json\/wp\/v2\/pages"}],"about":[{"href":"https:\/\/www.salon-zenetbio.com\/nantes\/wp-json\/wp\/v2\/types\/page"}],"author":[{"embeddable":true,"href":"https:\/\/www.salon-zenetbio.com\/nantes\/wp-json\/wp\/v2\/users\/7"}],"replies":[{"embeddable":true,"href":"https:\/\/www.salon-zenetbio.com\/nantes\/wp-json\/wp\/v2\/comments?post=12291"}],"version-history":[{"count":1,"href":"https:\/\/www.salon-zenetbio.com\/nantes\/wp-json\/wp\/v2\/pages\/12291\/revisions"}],"predecessor-version":[{"id":12292,"href":"https:\/\/www.salon-zenetbio.com\/nantes\/wp-json\/wp\/v2\/pages\/12291\/revisions\/12292"}],"wp:attachment":[{"href":"https:\/\/www.salon-zenetbio.com\/nantes\/wp-json\/wp\/v2\/media?parent=12291"}],"curies":[{"name":"wp","href":"https:\/\/api.w.org\/{rel}","templated":true}]}}