{"id":15170,"date":"2024-03-18T15:53:59","date_gmt":"2024-03-18T14:53:59","guid":{"rendered":"https:\/\/www.salon-zenetbio.com\/nantes\/?page_id=15170"},"modified":"2024-03-18T15:53:59","modified_gmt":"2024-03-18T14:53:59","slug":"espace-art-et-creation-2023","status":"publish","type":"page","link":"https:\/\/www.salon-zenetbio.com\/nantes\/espace-art-et-creation-2023\/","title":{"rendered":"Espace art et cr\u00e9ation 2023"},"content":{"rendered":"<h2><span style=\"color: #0070c0;\">ATELIER O PIGMENTEE<\/span><\/h2>\n<h3>Vendredi 13 octobre<\/h3>\n<p><span style=\"color: #0070c0;\"><strong>11:00<\/strong><\/span> Journal intime cr\u00e9atif (adultes) <em><strong>&#8211; Christine Jolly<\/strong><\/em><br \/>\n<span style=\"color: #0070c0;\"><strong>15:00<\/strong><\/span> Communication sonore (enfants parents) <em><strong>&#8211; Laure Boisard Trichet<\/strong><\/em><\/p>\n<h3>Samedi 14 octobre<\/h3>\n<p><span style=\"color: #0070c0;\"><strong>11:00 <\/strong><\/span>Atelier \u00e9motions, corps et couleurs (enfants\/ enfants parents)\u00a0<em><strong>&#8211; Mehregan Kazemi &amp; Emma Cooper<\/strong><\/em><span style=\"color: #0070c0;\"><strong><br \/>\n14:30<\/strong><\/span> Atelier expression artistique et cr\u00e9ative\u00a0 <em><strong>&#8211; Mehregan Kazemi<\/strong><\/em><br \/>\n<span style=\"color: #0070c0;\"><strong>16:30<\/strong><\/span> Mandala cr\u00e9atif (enfants\/ enfants parents)<em><strong>&#8211; Mehregan Kazemi &amp; Emma Cooper<\/strong><\/em><\/p>\n<h3>Dimanche 15 octobre<\/h3>\n<p><span style=\"color: #0070c0;\"><strong>11:00<\/strong><\/span> Journal intime cr\u00e9atif\u00a0<em><strong>&#8211; Christine Jolly<\/strong><\/em><br \/>\n<span style=\"color: #0070c0;\"><strong>15:00<\/strong><\/span> \u00c9motions, corps et couleurs <em><strong>&#8211; Mehregan Kazemi &amp; Emma Cooper<\/strong><\/em><\/p>\n<p>L\u2019Atelier O Pigment\u00e9e organise des ateliers artistiques hebdomadaires, anim\u00e9s par des artistes\/intervenants comp\u00e9tents au cours de l&rsquo;ann\u00e9e scolaire et des stages pour tous les \u00e2ges pendant les week-ends et les vacances scolaires. Le moteur d\u2019O Pigment\u00e9e est le d\u00e9sir de partager des exp\u00e9riences artistiques et la mise en place d\u2019ateliers transdisciplinaires ludiques.<\/p>\n<p>Durant les ateliers, chacun peut d\u00e9velopper son imaginaire et son identit\u00e9, et d\u00e9couvrir ainsi sa part de cr\u00e9ativit\u00e9. Mat\u00e9rialiser son propre monde invent\u00e9 et fictif en lui donnant \u00e9motion, forme et couleurs permet aux participants de lib\u00e9rer la fertilit\u00e9 de leur imagination et de s\u2019exprimer autrement que par la parole.<\/p>\n<p>O Pigment\u00e9e propose \u00e9galement des s\u00e9ances d\u2019art-th\u00e9rapie et m\u00e9diation artistique r\u00e9alis\u00e9es par des art th\u00e9rapeutes dipl\u00f4m\u00e9s de l\u2019\u00c9tat. Ces s\u00e9ances permettent de travailler sur l&rsquo;expression \u00e0 travers le langage du corps et des arts visuels. Comment s&rsquo;exprimer sans utiliser des mots ? Avec cette m\u00e9thode, on se concentre donc sur l&rsquo;exp\u00e9rience cr\u00e9atrice comme un moyen d&rsquo;expression et ouvre des chemins de communication qui ne sont pas limit\u00e9s \u00e0 la parole.<\/p>\n<hr \/>\n<h2><span style=\"color: #0070c0;\">ART TH\u00c9RAPIE 44<\/span><\/h2>\n<h3>Vendredi 13 octobre<\/h3>\n<p><span style=\"color: #0070c0;\"><strong>10:30<\/strong><\/span> Quand l&rsquo;esprit laisse la cr\u00e9ativit\u00e9 inconsciente au service du changement <em><strong>&#8211; Emilie Dorbane<\/strong><\/em><br \/>\n<span style=\"color: #0070c0;\"><strong>14:30<\/strong><\/span> Stress et anxi\u00e9t\u00e9 &#8211; \u00ab\u00a0vers plus de s\u00e9r\u00e9nit\u00e9\u00a0\u00bb <em><strong>&#8211; Pascale Labouere<\/strong><\/em><br \/>\n<span style=\"color: #0070c0;\"><strong>16:30<\/strong> <\/span>Mon dessin me raconte\u2026 <em><strong>&#8211; Gwenaelle Dumoulin<\/strong><\/em><\/p>\n<h3>Samedi 14 octobre<\/h3>\n<p><span style=\"color: #0070c0;\"><strong>10:15<\/strong><\/span> D\u00e9couvrez l&rsquo;art-th\u00e9rapie <em><strong>&#8211; Sonia Provost<\/strong><\/em><br \/>\n<span style=\"color: #0070c0;\"><strong>11:30<\/strong><\/span> D\u00e9pose tes valises, voyage l\u00e9ger <em><strong>&#8211; Nathalie Delautre<\/strong><\/em><br \/>\n<span style=\"color: #0070c0;\"><strong>14:30<\/strong><\/span> Mon dessin me raconte\u2026 <em><strong>&#8211; Gwenaelle Dumoulin<\/strong><\/em><br \/>\n<span style=\"color: #0070c0;\"><strong>16:30<\/strong><\/span> Quand mon esprit laisse la cr\u00e9ativit\u00e9 inconsciente au service du changement<em> <strong>&#8211; Emilie Dorbane<\/strong><\/em><\/p>\n<h3>Dimanche 15 octobre<\/h3>\n<p><span style=\"color: #0070c0;\"><strong>10:15<\/strong><\/span> D\u00e9couvrez l&rsquo;art-th\u00e9rapie <em><strong>&#8211; Murielle Gravouille<\/strong><\/em><br \/>\n<span style=\"color: #0070c0;\"><strong>11:30<\/strong><\/span> D\u00e9pose tes valises, voyage l\u00e9ger <em><strong>&#8211; Nathalie Delautre<\/strong><\/em><br \/>\n<span style=\"color: #0070c0;\"><strong>14:30<\/strong><\/span> \u00cates-vous pr\u00eats \u00e0 d\u00e9couvrir ce que l&rsquo;inconscient a \u00e0 vous dire ? <em><strong>&#8211; Sonia Provost<\/strong><\/em><br \/>\n<span style=\"color: #0070c0;\"><strong>16:30<\/strong><\/span> \u00c9couter son collage <em><strong>&#8211; Pascale Labouere<\/strong><\/em><\/p>\n<p>L&rsquo;art-th\u00e9rapie est un accompagnement par la m\u00e9ditation artistique qui permet de d\u00e9poser les \u00e9tats internes et de les faire \u00e9voluer. Ainsi, la personne peut observer, avec de la distance, les \u00e9motions, les angoisses, les souvenirs, les croyances qui se d\u00e9voilent. Des prises de conscience s&rsquo;op\u00e8rent. Les productions peuvent servir de support de narration, \u00eatre transform\u00e9es, soign\u00e9es et permettre d&rsquo;aller \u00e0 la rencontre de ressources, de qualit\u00e9.<\/p>\n<p>Il n&rsquo;y a nul besoin de savoir dessiner pour \u00eatre accompagn\u00e9 en art-th\u00e9rapie. Nous sommes tous par essence des \u00eatres cr\u00e9atifs (et cr\u00e9ateurs) !!<\/p>\n<p><strong>Anim\u00e9 par Sonia Provost, Marianne Lusson, Murielle Gravouil, \u00c9milie Dorbane, Pascale Labou\u00e8re, Gwenaelle Dumoulin et Nathalie Delautre<\/strong><\/p>\n","protected":false},"excerpt":{"rendered":"<p>ATELIER O PIGMENTEE Vendredi 13 octobre 11:00 Journal intime cr\u00e9atif (adultes) &#8211; Christine Jolly 15:00 Communication sonore (enfants parents) &#8211; Laure Boisard Trichet Samedi 14 octobre 11:00 Atelier \u00e9motions, corps et couleurs (enfants\/ enfants parents)\u00a0&#8211; Mehregan Kazemi &amp; Emma Cooper 14:30 Atelier expression artistique et cr\u00e9ative\u00a0 &#8211; Mehregan Kazemi 16:30 Mandala cr\u00e9atif (enfants\/ enfants parents)&#8211;&hellip; <\/p>\n","protected":false},"author":6,"featured_media":0,"parent":0,"menu_order":0,"comment_status":"closed","ping_status":"closed","template":"","meta":{"_monsterinsights_skip_tracking":false,"_monsterinsights_sitenote_active":false,"_monsterinsights_sitenote_note":"","_monsterinsights_sitenote_category":0,"footnotes":""},"class_list":["post-15170","page","type-page","status-publish","hentry"],"yoast_head":"<!-- This site is optimized with the Yoast SEO plugin v27.3 - https:\/\/yoast.com\/product\/yoast-seo-wordpress\/ -->\n<title>Espace art et cr\u00e9ation 2023 - Salon ZEN &amp; BIO Nantes<\/title>\n<meta name=\"robots\" content=\"index, follow, max-snippet:-1, max-image-preview:large, max-video-preview:-1\" \/>\n<link rel=\"canonical\" href=\"https:\/\/www.salon-zenetbio.com\/nantes\/espace-art-et-creation-2023\/\" \/>\n<meta property=\"og:locale\" content=\"fr_FR\" \/>\n<meta property=\"og:type\" content=\"article\" \/>\n<meta property=\"og:title\" content=\"Espace art et cr\u00e9ation 2023 - Salon ZEN &amp; BIO Nantes\" \/>\n<meta property=\"og:description\" content=\"ATELIER O PIGMENTEE Vendredi 13 octobre 11:00 Journal intime cr\u00e9atif (adultes) &#8211; Christine Jolly 15:00 Communication sonore (enfants parents) &#8211; Laure Boisard Trichet Samedi 14 octobre 11:00 Atelier \u00e9motions, corps et couleurs (enfants\/ enfants parents)\u00a0&#8211; Mehregan Kazemi &amp; Emma Cooper 14:30 Atelier expression artistique et cr\u00e9ative\u00a0 &#8211; Mehregan Kazemi 16:30 Mandala cr\u00e9atif (enfants\/ enfants parents)&#8211;&hellip;\" \/>\n<meta property=\"og:url\" content=\"https:\/\/www.salon-zenetbio.com\/nantes\/espace-art-et-creation-2023\/\" \/>\n<meta property=\"og:site_name\" content=\"Salon ZEN &amp; BIO Nantes\" \/>\n<meta name=\"twitter:card\" content=\"summary_large_image\" \/>\n<meta name=\"twitter:label1\" content=\"Dur\u00e9e de lecture estim\u00e9e\" \/>\n\t<meta name=\"twitter:data1\" content=\"3 minutes\" \/>\n<script type=\"application\/ld+json\" class=\"yoast-schema-graph\">{\"@context\":\"https:\\\/\\\/schema.org\",\"@graph\":[{\"@type\":\"WebPage\",\"@id\":\"https:\\\/\\\/www.salon-zenetbio.com\\\/nantes\\\/espace-art-et-creation-2023\\\/\",\"url\":\"https:\\\/\\\/www.salon-zenetbio.com\\\/nantes\\\/espace-art-et-creation-2023\\\/\",\"name\":\"Espace art et cr\u00e9ation 2023 - Salon ZEN &amp; BIO Nantes\",\"isPartOf\":{\"@id\":\"https:\\\/\\\/www.salon-zenetbio.com\\\/nantes\\\/#website\"},\"datePublished\":\"2024-03-18T14:53:59+00:00\",\"breadcrumb\":{\"@id\":\"https:\\\/\\\/www.salon-zenetbio.com\\\/nantes\\\/espace-art-et-creation-2023\\\/#breadcrumb\"},\"inLanguage\":\"fr-FR\",\"potentialAction\":[{\"@type\":\"ReadAction\",\"target\":[\"https:\\\/\\\/www.salon-zenetbio.com\\\/nantes\\\/espace-art-et-creation-2023\\\/\"]}]},{\"@type\":\"BreadcrumbList\",\"@id\":\"https:\\\/\\\/www.salon-zenetbio.com\\\/nantes\\\/espace-art-et-creation-2023\\\/#breadcrumb\",\"itemListElement\":[{\"@type\":\"ListItem\",\"position\":1,\"name\":\"Accueil\",\"item\":\"https:\\\/\\\/www.salon-zenetbio.com\\\/nantes\\\/\"},{\"@type\":\"ListItem\",\"position\":2,\"name\":\"Espace art et cr\u00e9ation 2023\"}]},{\"@type\":\"WebSite\",\"@id\":\"https:\\\/\\\/www.salon-zenetbio.com\\\/nantes\\\/#website\",\"url\":\"https:\\\/\\\/www.salon-zenetbio.com\\\/nantes\\\/\",\"name\":\"Salon ZEN &amp; BIO Nantes\",\"description\":\"salon ZEN &amp; BIO Nantes : votre salon bio, bien-\u00eatre et habitat sain\",\"publisher\":{\"@id\":\"https:\\\/\\\/www.salon-zenetbio.com\\\/nantes\\\/#organization\"},\"potentialAction\":[{\"@type\":\"SearchAction\",\"target\":{\"@type\":\"EntryPoint\",\"urlTemplate\":\"https:\\\/\\\/www.salon-zenetbio.com\\\/nantes\\\/?s={search_term_string}\"},\"query-input\":{\"@type\":\"PropertyValueSpecification\",\"valueRequired\":true,\"valueName\":\"search_term_string\"}}],\"inLanguage\":\"fr-FR\"},{\"@type\":\"Organization\",\"@id\":\"https:\\\/\\\/www.salon-zenetbio.com\\\/nantes\\\/#organization\",\"name\":\"Salon ZEN &amp; BIO Nantes\",\"url\":\"https:\\\/\\\/www.salon-zenetbio.com\\\/nantes\\\/\",\"logo\":{\"@type\":\"ImageObject\",\"inLanguage\":\"fr-FR\",\"@id\":\"https:\\\/\\\/www.salon-zenetbio.com\\\/nantes\\\/#\\\/schema\\\/logo\\\/image\\\/\",\"url\":\"https:\\\/\\\/www.salon-zenetbio.com\\\/nantes\\\/wp-content\\\/uploads\\\/sites\\\/7\\\/2026\\\/03\\\/cropped-Logo-ZEN-et-BIO-nantes-2026.png\",\"contentUrl\":\"https:\\\/\\\/www.salon-zenetbio.com\\\/nantes\\\/wp-content\\\/uploads\\\/sites\\\/7\\\/2026\\\/03\\\/cropped-Logo-ZEN-et-BIO-nantes-2026.png\",\"width\":921,\"height\":255,\"caption\":\"Salon ZEN &amp; BIO Nantes\"},\"image\":{\"@id\":\"https:\\\/\\\/www.salon-zenetbio.com\\\/nantes\\\/#\\\/schema\\\/logo\\\/image\\\/\"}}]}<\/script>\n<!-- \/ Yoast SEO plugin. -->","yoast_head_json":{"title":"Espace art et cr\u00e9ation 2023 - Salon ZEN &amp; BIO Nantes","robots":{"index":"index","follow":"follow","max-snippet":"max-snippet:-1","max-image-preview":"max-image-preview:large","max-video-preview":"max-video-preview:-1"},"canonical":"https:\/\/www.salon-zenetbio.com\/nantes\/espace-art-et-creation-2023\/","og_locale":"fr_FR","og_type":"article","og_title":"Espace art et cr\u00e9ation 2023 - Salon ZEN &amp; BIO Nantes","og_description":"ATELIER O PIGMENTEE Vendredi 13 octobre 11:00 Journal intime cr\u00e9atif (adultes) &#8211; Christine Jolly 15:00 Communication sonore (enfants parents) &#8211; Laure Boisard Trichet Samedi 14 octobre 11:00 Atelier \u00e9motions, corps et couleurs (enfants\/ enfants parents)\u00a0&#8211; Mehregan Kazemi &amp; Emma Cooper 14:30 Atelier expression artistique et cr\u00e9ative\u00a0 &#8211; Mehregan Kazemi 16:30 Mandala cr\u00e9atif (enfants\/ enfants parents)&#8211;&hellip;","og_url":"https:\/\/www.salon-zenetbio.com\/nantes\/espace-art-et-creation-2023\/","og_site_name":"Salon ZEN &amp; BIO Nantes","twitter_card":"summary_large_image","twitter_misc":{"Dur\u00e9e de lecture estim\u00e9e":"3 minutes"},"schema":{"@context":"https:\/\/schema.org","@graph":[{"@type":"WebPage","@id":"https:\/\/www.salon-zenetbio.com\/nantes\/espace-art-et-creation-2023\/","url":"https:\/\/www.salon-zenetbio.com\/nantes\/espace-art-et-creation-2023\/","name":"Espace art et cr\u00e9ation 2023 - Salon ZEN &amp; BIO Nantes","isPartOf":{"@id":"https:\/\/www.salon-zenetbio.com\/nantes\/#website"},"datePublished":"2024-03-18T14:53:59+00:00","breadcrumb":{"@id":"https:\/\/www.salon-zenetbio.com\/nantes\/espace-art-et-creation-2023\/#breadcrumb"},"inLanguage":"fr-FR","potentialAction":[{"@type":"ReadAction","target":["https:\/\/www.salon-zenetbio.com\/nantes\/espace-art-et-creation-2023\/"]}]},{"@type":"BreadcrumbList","@id":"https:\/\/www.salon-zenetbio.com\/nantes\/espace-art-et-creation-2023\/#breadcrumb","itemListElement":[{"@type":"ListItem","position":1,"name":"Accueil","item":"https:\/\/www.salon-zenetbio.com\/nantes\/"},{"@type":"ListItem","position":2,"name":"Espace art et cr\u00e9ation 2023"}]},{"@type":"WebSite","@id":"https:\/\/www.salon-zenetbio.com\/nantes\/#website","url":"https:\/\/www.salon-zenetbio.com\/nantes\/","name":"Salon ZEN &amp; BIO Nantes","description":"salon ZEN &amp; BIO Nantes : votre salon bio, bien-\u00eatre et habitat sain","publisher":{"@id":"https:\/\/www.salon-zenetbio.com\/nantes\/#organization"},"potentialAction":[{"@type":"SearchAction","target":{"@type":"EntryPoint","urlTemplate":"https:\/\/www.salon-zenetbio.com\/nantes\/?s={search_term_string}"},"query-input":{"@type":"PropertyValueSpecification","valueRequired":true,"valueName":"search_term_string"}}],"inLanguage":"fr-FR"},{"@type":"Organization","@id":"https:\/\/www.salon-zenetbio.com\/nantes\/#organization","name":"Salon ZEN &amp; BIO Nantes","url":"https:\/\/www.salon-zenetbio.com\/nantes\/","logo":{"@type":"ImageObject","inLanguage":"fr-FR","@id":"https:\/\/www.salon-zenetbio.com\/nantes\/#\/schema\/logo\/image\/","url":"https:\/\/www.salon-zenetbio.com\/nantes\/wp-content\/uploads\/sites\/7\/2026\/03\/cropped-Logo-ZEN-et-BIO-nantes-2026.png","contentUrl":"https:\/\/www.salon-zenetbio.com\/nantes\/wp-content\/uploads\/sites\/7\/2026\/03\/cropped-Logo-ZEN-et-BIO-nantes-2026.png","width":921,"height":255,"caption":"Salon ZEN &amp; BIO Nantes"},"image":{"@id":"https:\/\/www.salon-zenetbio.com\/nantes\/#\/schema\/logo\/image\/"}}]}},"_links":{"self":[{"href":"https:\/\/www.salon-zenetbio.com\/nantes\/wp-json\/wp\/v2\/pages\/15170","targetHints":{"allow":["GET"]}}],"collection":[{"href":"https:\/\/www.salon-zenetbio.com\/nantes\/wp-json\/wp\/v2\/pages"}],"about":[{"href":"https:\/\/www.salon-zenetbio.com\/nantes\/wp-json\/wp\/v2\/types\/page"}],"author":[{"embeddable":true,"href":"https:\/\/www.salon-zenetbio.com\/nantes\/wp-json\/wp\/v2\/users\/6"}],"replies":[{"embeddable":true,"href":"https:\/\/www.salon-zenetbio.com\/nantes\/wp-json\/wp\/v2\/comments?post=15170"}],"version-history":[{"count":1,"href":"https:\/\/www.salon-zenetbio.com\/nantes\/wp-json\/wp\/v2\/pages\/15170\/revisions"}],"predecessor-version":[{"id":15171,"href":"https:\/\/www.salon-zenetbio.com\/nantes\/wp-json\/wp\/v2\/pages\/15170\/revisions\/15171"}],"wp:attachment":[{"href":"https:\/\/www.salon-zenetbio.com\/nantes\/wp-json\/wp\/v2\/media?parent=15170"}],"curies":[{"name":"wp","href":"https:\/\/api.w.org\/{rel}","templated":true}]}}