{"id":17103,"date":"2025-04-29T11:12:36","date_gmt":"2025-04-29T09:12:36","guid":{"rendered":"https:\/\/www.salon-zenetbio.com\/nantes\/?page_id=17103"},"modified":"2025-04-29T11:12:36","modified_gmt":"2025-04-29T09:12:36","slug":"ateliers-bien-etre-2024","status":"publish","type":"page","link":"https:\/\/www.salon-zenetbio.com\/nantes\/ateliers-bien-etre-2024\/","title":{"rendered":"Ateliers bien-\u00eatre 2024"},"content":{"rendered":"<p><img fetchpriority=\"high\" decoding=\"async\" class=\"alignnone wp-image-8419 size-full\" src=\"https:\/\/www.salon-zenetbio.com\/nantes\/wp-content\/uploads\/sites\/7\/2019\/09\/form-w0YIvob3LlI-unsplash-e1568725982368.jpg\" alt=\"\" width=\"696\" height=\"311\" srcset=\"https:\/\/www.salon-zenetbio.com\/nantes\/wp-content\/uploads\/sites\/7\/2019\/09\/form-w0YIvob3LlI-unsplash-e1568725982368.jpg 696w, https:\/\/www.salon-zenetbio.com\/nantes\/wp-content\/uploads\/sites\/7\/2019\/09\/form-w0YIvob3LlI-unsplash-e1568725982368-300x134.jpg 300w, https:\/\/www.salon-zenetbio.com\/nantes\/wp-content\/uploads\/sites\/7\/2019\/09\/form-w0YIvob3LlI-unsplash-e1568725982368-150x67.jpg 150w, https:\/\/www.salon-zenetbio.com\/nantes\/wp-content\/uploads\/sites\/7\/2019\/09\/form-w0YIvob3LlI-unsplash-e1568725982368-500x223.jpg 500w\" sizes=\"(max-width: 696px) 100vw, 696px\" \/><\/p>\n<p>Pour exp\u00e9rimenter des nouvelles pratiques de d\u00e9veloppement personnel, dialoguer avec des praticiens, apprendre \u00e0 se recentrer\u2026<\/p>\n<p><strong><span style=\"color: #009193;\">Espace \u00c9VEIL<\/span><\/strong><\/p>\n<h2>Vendredi 11 octobre<\/h2>\n<p><span style=\"color: #009193;\"><strong>14:00<\/strong><\/span> Restons chelous, le spectacle soin \u00e9nerg\u00e9tique <em><strong>&#8211; \u00c9l\u00e9onore De Lardemelle<\/strong><\/em><br \/>\n<span style=\"color: #009193;\"><strong>15:00<\/strong><\/span> D\u00e9couverte et manipulation de l&rsquo;antenne Lecher <em><strong>&#8211; Martine Barreau<\/strong><\/em><br \/>\n<span style=\"color: #009193;\"><strong>16:00<\/strong><\/span> Soin collectif et m\u00e9ditation dans le cercle de perfection <em><strong>&#8211; Christelle Tafanel<\/strong><\/em><br \/>\n<span style=\"color: #009193;\"><strong>17:00<\/strong><\/span> Alimentation sant\u00e9 \u00ab\u00a0r\u00e9ussir ma transition alimentaire\u00a0\u00bb <em><strong>&#8211; Marie P\u00e9rin<\/strong><\/em><\/p>\n<h2>Samedi 12 octobre<\/h2>\n<p><span style=\"color: #009193;\"><strong>11:00<\/strong><\/span> D\u00e9couverte et manipulation de l&rsquo;antenne Lecher <em><strong>&#8211; Martine Barreau<\/strong><\/em><br \/>\n<span style=\"color: #009193;\"><strong>12:00<\/strong><\/span> Concert Sardine <em><strong>&#8211; \u00c9l\u00e9onore De Lardemelle<\/strong><\/em><br \/>\n<span style=\"color: #009193;\"><strong>13:00<\/strong><\/span> M\u00e9thode QET : conscientiser les maux par les mots<em> <strong>&#8211; Maryvonne Pomm\u00e9<\/strong><\/em><br \/>\n<span style=\"color: #009193;\"><strong>14:00<\/strong><\/span> Bols tib\u00e9tains : histoire, tradition et utilisation en th\u00e9rapie <em><strong>&#8211; Alain Metraux<\/strong><\/em><br \/>\n<span style=\"color: #009193;\"><strong>15:00<\/strong><\/span> Apprendre \u00e0 g\u00e9rer son stress ! <em><strong>&#8211; S\u00e9verine Roussel<\/strong><\/em><br \/>\n<span style=\"color: #009193;\"><strong>16:00<\/strong><\/span> Pr\u00e9senter la pratique d\u2019un appareil des points d\u2019acupuncture TeraForce pour am\u00e9liorer la sant\u00e9 au quotidien <em><strong>&#8211; Hwang &#8211; TeraForce<\/strong><\/em><br \/>\n<span style=\"color: #009193;\"><strong>17:00<\/strong><\/span> Initiation au Shiatsu (2h) <strong>&#8211;<em> Xavier Porter &#8211; Ladousse<\/em><\/strong><\/p>\n<h2>Dimanche 13 octobre<\/h2>\n<p><span style=\"color: #009193;\"><strong>11:00<\/strong><\/span> D\u00e9couverte et manipulation de l&rsquo;antenne Lecher<em><strong> &#8211; Martine Barreau<\/strong><\/em><br \/>\n<span style=\"color: #009193;\"><strong>12:00<\/strong><\/span> Voyages chamaniques<em> <strong>&#8211; Oowake<\/strong><\/em><br \/>\n<span style=\"color: #009193;\"><strong>14:00<\/strong><\/span> Les bols de cristal : utilisation pour les th\u00e9rapeutes. Quelle note choisir pour travailler avec ?<em><strong> &#8211; Alain Metraux<\/strong><\/em><br \/>\n<span style=\"color: #009193;\"><strong>15:00<\/strong><\/span> Soulagez votre corps en parlant \u00e0 vos cellules <em><strong>&#8211; Jean-Pierre Chamodot<\/strong><\/em><br \/>\n<span style=\"color: #009193;\"><strong>16:00<\/strong><\/span> Cercle chamanique <em><strong>&#8211; \u00c9l\u00e9onore De Lardemelle<\/strong><\/em><\/p>\n","protected":false},"excerpt":{"rendered":"<p>Pour exp\u00e9rimenter des nouvelles pratiques de d\u00e9veloppement personnel, dialoguer avec des praticiens, apprendre \u00e0 se recentrer\u2026 Espace \u00c9VEIL Vendredi 11 octobre 14:00 Restons chelous, le spectacle soin \u00e9nerg\u00e9tique &#8211; \u00c9l\u00e9onore De Lardemelle 15:00 D\u00e9couverte et manipulation de l&rsquo;antenne Lecher &#8211; Martine Barreau 16:00 Soin collectif et m\u00e9ditation dans le cercle de perfection &#8211; Christelle Tafanel&hellip; <\/p>\n","protected":false},"author":6,"featured_media":0,"parent":0,"menu_order":0,"comment_status":"closed","ping_status":"closed","template":"","meta":{"_monsterinsights_skip_tracking":false,"_monsterinsights_sitenote_active":false,"_monsterinsights_sitenote_note":"","_monsterinsights_sitenote_category":0,"footnotes":""},"class_list":["post-17103","page","type-page","status-publish","hentry"],"yoast_head":"<!-- This site is optimized with the Yoast SEO plugin v27.3 - https:\/\/yoast.com\/product\/yoast-seo-wordpress\/ -->\n<title>Ateliers bien-\u00eatre 2024 - Salon ZEN &amp; BIO Nantes<\/title>\n<meta name=\"robots\" content=\"index, follow, max-snippet:-1, max-image-preview:large, max-video-preview:-1\" \/>\n<link rel=\"canonical\" href=\"https:\/\/www.salon-zenetbio.com\/nantes\/ateliers-bien-etre-2024\/\" \/>\n<meta property=\"og:locale\" content=\"fr_FR\" \/>\n<meta property=\"og:type\" content=\"article\" \/>\n<meta property=\"og:title\" content=\"Ateliers bien-\u00eatre 2024 - Salon ZEN &amp; BIO Nantes\" \/>\n<meta property=\"og:description\" content=\"Pour exp\u00e9rimenter des nouvelles pratiques de d\u00e9veloppement personnel, dialoguer avec des praticiens, apprendre \u00e0 se recentrer\u2026 Espace \u00c9VEIL Vendredi 11 octobre 14:00 Restons chelous, le spectacle soin \u00e9nerg\u00e9tique &#8211; \u00c9l\u00e9onore De Lardemelle 15:00 D\u00e9couverte et manipulation de l&rsquo;antenne Lecher &#8211; Martine Barreau 16:00 Soin collectif et m\u00e9ditation dans le cercle de perfection &#8211; Christelle Tafanel&hellip;\" \/>\n<meta property=\"og:url\" content=\"https:\/\/www.salon-zenetbio.com\/nantes\/ateliers-bien-etre-2024\/\" \/>\n<meta property=\"og:site_name\" content=\"Salon ZEN &amp; BIO Nantes\" \/>\n<meta property=\"og:image\" content=\"https:\/\/www.salon-zenetbio.com\/nantes\/wp-content\/uploads\/sites\/7\/2019\/09\/form-w0YIvob3LlI-unsplash-e1568725982368.jpg\" \/>\n<meta name=\"twitter:card\" content=\"summary_large_image\" \/>\n<meta name=\"twitter:label1\" content=\"Dur\u00e9e de lecture estim\u00e9e\" \/>\n\t<meta name=\"twitter:data1\" content=\"2 minutes\" \/>\n<script type=\"application\/ld+json\" class=\"yoast-schema-graph\">{\"@context\":\"https:\\\/\\\/schema.org\",\"@graph\":[{\"@type\":\"WebPage\",\"@id\":\"https:\\\/\\\/www.salon-zenetbio.com\\\/nantes\\\/ateliers-bien-etre-2024\\\/\",\"url\":\"https:\\\/\\\/www.salon-zenetbio.com\\\/nantes\\\/ateliers-bien-etre-2024\\\/\",\"name\":\"Ateliers bien-\u00eatre 2024 - Salon ZEN &amp; BIO Nantes\",\"isPartOf\":{\"@id\":\"https:\\\/\\\/www.salon-zenetbio.com\\\/nantes\\\/#website\"},\"primaryImageOfPage\":{\"@id\":\"https:\\\/\\\/www.salon-zenetbio.com\\\/nantes\\\/ateliers-bien-etre-2024\\\/#primaryimage\"},\"image\":{\"@id\":\"https:\\\/\\\/www.salon-zenetbio.com\\\/nantes\\\/ateliers-bien-etre-2024\\\/#primaryimage\"},\"thumbnailUrl\":\"https:\\\/\\\/www.salon-zenetbio.com\\\/nantes\\\/wp-content\\\/uploads\\\/sites\\\/7\\\/2019\\\/09\\\/form-w0YIvob3LlI-unsplash-e1568725982368.jpg\",\"datePublished\":\"2025-04-29T09:12:36+00:00\",\"breadcrumb\":{\"@id\":\"https:\\\/\\\/www.salon-zenetbio.com\\\/nantes\\\/ateliers-bien-etre-2024\\\/#breadcrumb\"},\"inLanguage\":\"fr-FR\",\"potentialAction\":[{\"@type\":\"ReadAction\",\"target\":[\"https:\\\/\\\/www.salon-zenetbio.com\\\/nantes\\\/ateliers-bien-etre-2024\\\/\"]}]},{\"@type\":\"ImageObject\",\"inLanguage\":\"fr-FR\",\"@id\":\"https:\\\/\\\/www.salon-zenetbio.com\\\/nantes\\\/ateliers-bien-etre-2024\\\/#primaryimage\",\"url\":\"https:\\\/\\\/www.salon-zenetbio.com\\\/nantes\\\/wp-content\\\/uploads\\\/sites\\\/7\\\/2019\\\/09\\\/form-w0YIvob3LlI-unsplash-e1568725982368.jpg\",\"contentUrl\":\"https:\\\/\\\/www.salon-zenetbio.com\\\/nantes\\\/wp-content\\\/uploads\\\/sites\\\/7\\\/2019\\\/09\\\/form-w0YIvob3LlI-unsplash-e1568725982368.jpg\",\"width\":696,\"height\":311},{\"@type\":\"BreadcrumbList\",\"@id\":\"https:\\\/\\\/www.salon-zenetbio.com\\\/nantes\\\/ateliers-bien-etre-2024\\\/#breadcrumb\",\"itemListElement\":[{\"@type\":\"ListItem\",\"position\":1,\"name\":\"Accueil\",\"item\":\"https:\\\/\\\/www.salon-zenetbio.com\\\/nantes\\\/\"},{\"@type\":\"ListItem\",\"position\":2,\"name\":\"Ateliers bien-\u00eatre 2024\"}]},{\"@type\":\"WebSite\",\"@id\":\"https:\\\/\\\/www.salon-zenetbio.com\\\/nantes\\\/#website\",\"url\":\"https:\\\/\\\/www.salon-zenetbio.com\\\/nantes\\\/\",\"name\":\"Salon ZEN &amp; BIO Nantes\",\"description\":\"salon ZEN &amp; BIO Nantes : votre salon bio, bien-\u00eatre et habitat sain\",\"publisher\":{\"@id\":\"https:\\\/\\\/www.salon-zenetbio.com\\\/nantes\\\/#organization\"},\"potentialAction\":[{\"@type\":\"SearchAction\",\"target\":{\"@type\":\"EntryPoint\",\"urlTemplate\":\"https:\\\/\\\/www.salon-zenetbio.com\\\/nantes\\\/?s={search_term_string}\"},\"query-input\":{\"@type\":\"PropertyValueSpecification\",\"valueRequired\":true,\"valueName\":\"search_term_string\"}}],\"inLanguage\":\"fr-FR\"},{\"@type\":\"Organization\",\"@id\":\"https:\\\/\\\/www.salon-zenetbio.com\\\/nantes\\\/#organization\",\"name\":\"Salon ZEN &amp; BIO Nantes\",\"url\":\"https:\\\/\\\/www.salon-zenetbio.com\\\/nantes\\\/\",\"logo\":{\"@type\":\"ImageObject\",\"inLanguage\":\"fr-FR\",\"@id\":\"https:\\\/\\\/www.salon-zenetbio.com\\\/nantes\\\/#\\\/schema\\\/logo\\\/image\\\/\",\"url\":\"https:\\\/\\\/www.salon-zenetbio.com\\\/nantes\\\/wp-content\\\/uploads\\\/sites\\\/7\\\/2026\\\/03\\\/cropped-Logo-ZEN-et-BIO-nantes-2026.png\",\"contentUrl\":\"https:\\\/\\\/www.salon-zenetbio.com\\\/nantes\\\/wp-content\\\/uploads\\\/sites\\\/7\\\/2026\\\/03\\\/cropped-Logo-ZEN-et-BIO-nantes-2026.png\",\"width\":921,\"height\":255,\"caption\":\"Salon ZEN &amp; BIO Nantes\"},\"image\":{\"@id\":\"https:\\\/\\\/www.salon-zenetbio.com\\\/nantes\\\/#\\\/schema\\\/logo\\\/image\\\/\"}}]}<\/script>\n<!-- \/ Yoast SEO plugin. -->","yoast_head_json":{"title":"Ateliers bien-\u00eatre 2024 - Salon ZEN &amp; BIO Nantes","robots":{"index":"index","follow":"follow","max-snippet":"max-snippet:-1","max-image-preview":"max-image-preview:large","max-video-preview":"max-video-preview:-1"},"canonical":"https:\/\/www.salon-zenetbio.com\/nantes\/ateliers-bien-etre-2024\/","og_locale":"fr_FR","og_type":"article","og_title":"Ateliers bien-\u00eatre 2024 - Salon ZEN &amp; BIO Nantes","og_description":"Pour exp\u00e9rimenter des nouvelles pratiques de d\u00e9veloppement personnel, dialoguer avec des praticiens, apprendre \u00e0 se recentrer\u2026 Espace \u00c9VEIL Vendredi 11 octobre 14:00 Restons chelous, le spectacle soin \u00e9nerg\u00e9tique &#8211; \u00c9l\u00e9onore De Lardemelle 15:00 D\u00e9couverte et manipulation de l&rsquo;antenne Lecher &#8211; Martine Barreau 16:00 Soin collectif et m\u00e9ditation dans le cercle de perfection &#8211; Christelle Tafanel&hellip;","og_url":"https:\/\/www.salon-zenetbio.com\/nantes\/ateliers-bien-etre-2024\/","og_site_name":"Salon ZEN &amp; BIO Nantes","og_image":[{"url":"https:\/\/www.salon-zenetbio.com\/nantes\/wp-content\/uploads\/sites\/7\/2019\/09\/form-w0YIvob3LlI-unsplash-e1568725982368.jpg","type":"","width":"","height":""}],"twitter_card":"summary_large_image","twitter_misc":{"Dur\u00e9e de lecture estim\u00e9e":"2 minutes"},"schema":{"@context":"https:\/\/schema.org","@graph":[{"@type":"WebPage","@id":"https:\/\/www.salon-zenetbio.com\/nantes\/ateliers-bien-etre-2024\/","url":"https:\/\/www.salon-zenetbio.com\/nantes\/ateliers-bien-etre-2024\/","name":"Ateliers bien-\u00eatre 2024 - Salon ZEN &amp; BIO Nantes","isPartOf":{"@id":"https:\/\/www.salon-zenetbio.com\/nantes\/#website"},"primaryImageOfPage":{"@id":"https:\/\/www.salon-zenetbio.com\/nantes\/ateliers-bien-etre-2024\/#primaryimage"},"image":{"@id":"https:\/\/www.salon-zenetbio.com\/nantes\/ateliers-bien-etre-2024\/#primaryimage"},"thumbnailUrl":"https:\/\/www.salon-zenetbio.com\/nantes\/wp-content\/uploads\/sites\/7\/2019\/09\/form-w0YIvob3LlI-unsplash-e1568725982368.jpg","datePublished":"2025-04-29T09:12:36+00:00","breadcrumb":{"@id":"https:\/\/www.salon-zenetbio.com\/nantes\/ateliers-bien-etre-2024\/#breadcrumb"},"inLanguage":"fr-FR","potentialAction":[{"@type":"ReadAction","target":["https:\/\/www.salon-zenetbio.com\/nantes\/ateliers-bien-etre-2024\/"]}]},{"@type":"ImageObject","inLanguage":"fr-FR","@id":"https:\/\/www.salon-zenetbio.com\/nantes\/ateliers-bien-etre-2024\/#primaryimage","url":"https:\/\/www.salon-zenetbio.com\/nantes\/wp-content\/uploads\/sites\/7\/2019\/09\/form-w0YIvob3LlI-unsplash-e1568725982368.jpg","contentUrl":"https:\/\/www.salon-zenetbio.com\/nantes\/wp-content\/uploads\/sites\/7\/2019\/09\/form-w0YIvob3LlI-unsplash-e1568725982368.jpg","width":696,"height":311},{"@type":"BreadcrumbList","@id":"https:\/\/www.salon-zenetbio.com\/nantes\/ateliers-bien-etre-2024\/#breadcrumb","itemListElement":[{"@type":"ListItem","position":1,"name":"Accueil","item":"https:\/\/www.salon-zenetbio.com\/nantes\/"},{"@type":"ListItem","position":2,"name":"Ateliers bien-\u00eatre 2024"}]},{"@type":"WebSite","@id":"https:\/\/www.salon-zenetbio.com\/nantes\/#website","url":"https:\/\/www.salon-zenetbio.com\/nantes\/","name":"Salon ZEN &amp; BIO Nantes","description":"salon ZEN &amp; BIO Nantes : votre salon bio, bien-\u00eatre et habitat sain","publisher":{"@id":"https:\/\/www.salon-zenetbio.com\/nantes\/#organization"},"potentialAction":[{"@type":"SearchAction","target":{"@type":"EntryPoint","urlTemplate":"https:\/\/www.salon-zenetbio.com\/nantes\/?s={search_term_string}"},"query-input":{"@type":"PropertyValueSpecification","valueRequired":true,"valueName":"search_term_string"}}],"inLanguage":"fr-FR"},{"@type":"Organization","@id":"https:\/\/www.salon-zenetbio.com\/nantes\/#organization","name":"Salon ZEN &amp; BIO Nantes","url":"https:\/\/www.salon-zenetbio.com\/nantes\/","logo":{"@type":"ImageObject","inLanguage":"fr-FR","@id":"https:\/\/www.salon-zenetbio.com\/nantes\/#\/schema\/logo\/image\/","url":"https:\/\/www.salon-zenetbio.com\/nantes\/wp-content\/uploads\/sites\/7\/2026\/03\/cropped-Logo-ZEN-et-BIO-nantes-2026.png","contentUrl":"https:\/\/www.salon-zenetbio.com\/nantes\/wp-content\/uploads\/sites\/7\/2026\/03\/cropped-Logo-ZEN-et-BIO-nantes-2026.png","width":921,"height":255,"caption":"Salon ZEN &amp; BIO Nantes"},"image":{"@id":"https:\/\/www.salon-zenetbio.com\/nantes\/#\/schema\/logo\/image\/"}}]}},"_links":{"self":[{"href":"https:\/\/www.salon-zenetbio.com\/nantes\/wp-json\/wp\/v2\/pages\/17103","targetHints":{"allow":["GET"]}}],"collection":[{"href":"https:\/\/www.salon-zenetbio.com\/nantes\/wp-json\/wp\/v2\/pages"}],"about":[{"href":"https:\/\/www.salon-zenetbio.com\/nantes\/wp-json\/wp\/v2\/types\/page"}],"author":[{"embeddable":true,"href":"https:\/\/www.salon-zenetbio.com\/nantes\/wp-json\/wp\/v2\/users\/6"}],"replies":[{"embeddable":true,"href":"https:\/\/www.salon-zenetbio.com\/nantes\/wp-json\/wp\/v2\/comments?post=17103"}],"version-history":[{"count":1,"href":"https:\/\/www.salon-zenetbio.com\/nantes\/wp-json\/wp\/v2\/pages\/17103\/revisions"}],"predecessor-version":[{"id":17104,"href":"https:\/\/www.salon-zenetbio.com\/nantes\/wp-json\/wp\/v2\/pages\/17103\/revisions\/17104"}],"wp:attachment":[{"href":"https:\/\/www.salon-zenetbio.com\/nantes\/wp-json\/wp\/v2\/media?parent=17103"}],"curies":[{"name":"wp","href":"https:\/\/api.w.org\/{rel}","templated":true}]}}